40.77.167.2 - - [13/Sep/2026:01:33:41 +0300] "GET /wp-content/uploads/2016/12/IMG_7661.jpg HTTP/2" 200 466047 "-" "Mozilla/5.0 AppleWebKit/537.36 (KHTML, like Gecko; compatible; bingbot/2.0; +http://www.bing.com/bingbot.htm) Chrome/116.0.1938.76 Safari/537.36"
66.249.70.163 - - [13/Sep/2026:01:33:47 +0300] "GET /wp-content/uploads/2016/12/IMG_3555.jpg HTTP/1.1" 200 513481 "-" "Googlebot-Image/1.0"
66.249.70.165 - - [13/Sep/2026:01:34:14 +0300] "GET /wp-content/uploads/2016/11/IMG_0548.jpg HTTP/1.1" 200 208573 "-" "Googlebot-Image/1.0"
52.167.144.21 - - [13/Sep/2026:01:34:38 +0300] "GET /wp-content/uploads/2023/02/Seydi-Serif-Turbesi5.jpg HTTP/2" 200 69422 "-" "Mozilla/5.0 AppleWebKit/537.36 (KHTML, like Gecko; compatible; bingbot/2.0; +http://www.bing.com/bingbot.htm) Chrome/116.0.1938.76 Safari/537.36"
114.119.155.235 - - [13/Sep/2026:01:34:59 +0300] "GET /alaeddin-bey-turbesi/img_3367/ HTTP/1.1" 404 796 "https://www.evliyalar.net/alaeddin-bey-turbesi/img_3367/" "Mozilla/5.0 (Linux; Android 7.0;) AppleWebKit/537.36 (HTML, like Gecko) Mobile Safari/537.36 (compatible; PetalBot;+https://webmaster.petalsearch.com/site/petalbot)"
176.219.221.75 - - [13/Sep/2026:01:35:26 +0300] "GET /wp-content/uploads/2016/10/DSC02952.jpg HTTP/3" 200 427534 "https://www.google.com/" "Mozilla/5.0 (Linux; Android 10; K) AppleWebKit/537.36 (KHTML, like Gecko) Chrome/152.0.0.0 Mobile Safari/537.36"
52.167.144.25 - - [13/Sep/2026:01:35:38 +0300] "GET /wp-content/uploads/2015/11/1350063431.jpg HTTP/2" 200 67804 "-" "Mozilla/5.0 AppleWebKit/537.36 (KHTML, like Gecko; compatible; bingbot/2.0; +http://www.bing.com/bingbot.htm) Chrome/116.0.1938.76 Safari/537.36"
129.225.125.127 - - [13/Sep/2026:01:35:39 +0300] "POST /wp-login.php HTTP/1.1" 200 3321 "https://evliyalar.net/wp-login.php" "Mozilla/5.0 (Windows NT 10.0; Win64; x64) AppleWebKit/605.1.15 (KHTML, like Gecko) Version/14.1.2 Safari/605.1.15"
129.225.125.127 - - [13/Sep/2026:01:35:45 +0300] "GET /wp-admin/index.php HTTP/1.1" 403 787 "https://evliyalar.net/wp-login.php" "Mozilla/5.0 (Windows NT 10.0; Win64; x64) AppleWebKit/605.1.15 (KHTML, like Gecko) Version/14.1.1 Safari/605.1.15"
129.225.125.127 - - [13/Sep/2026:01:35:45 +0300] "GET /wp-admin/index.php HTTP/1.1" 403 787 "https://evliyalar.net/wp-login.php" "Mozilla/5.0 (Windows NT 10.0; Win64; x64) AppleWebKit/605.1.15 (KHTML, like Gecko) Version/14.1.1 Safari/605.1.15"
129.225.125.127 - - [13/Sep/2026:01:35:45 +0300] "POST /wp-login.php HTTP/1.1" 200 3321 "https://evliyalar.net/wp-login.php" "Mozilla/5.0 (Windows NT 10.0; Win64; x64) AppleWebKit/537.36 (KHTML, like Gecko) Chrome/93.0.4577.63 Safari/537.36"
129.225.125.127 - - [13/Sep/2026:01:35:50 +0300] "GET /wp-admin/index.php HTTP/1.1" 403 787 "https://evliyalar.net/wp-login.php" "Mozilla/5.0 (Windows NT 6.1; Win64; x64) AppleWebKit/537.36 (KHTML, like Gecko) Chrome/91.0.4472.124 Safari/537.36"
129.225.125.127 - - [13/Sep/2026:01:35:50 +0300] "GET /wp-admin/index.php HTTP/1.1" 403 787 "https://evliyalar.net/wp-login.php" "Mozilla/5.0 (Windows NT 6.1; Win64; x64) AppleWebKit/537.36 (KHTML, like Gecko) Chrome/91.0.4472.124 Safari/537.36"
198.244.242.174 - - [13/Sep/2026:01:35:55 +0300] "GET /etiket/celaleddin-topcu/ HTTP/2" 404 796 "-" "Mozilla/5.0 (compatible; AhrefsBot/7.0; +http://ahrefs.com/robot/)"
129.225.125.127 - - [13/Sep/2026:01:35:50 +0300] "POST /wp-login.php HTTP/1.1" 200 3321 "https://evliyalar.net/wp-login.php" "Mozilla/5.0 (X11; Linux x86_64) AppleWebKit/537.36 (KHTML, like Gecko) Chrome/92.0.4515.131 Safari/537.36"
129.225.125.127 - - [13/Sep/2026:01:35:56 +0300] "GET /wp-admin/index.php HTTP/1.1" 403 787 "https://evliyalar.net/wp-login.php" "Mozilla/5.0 (Macintosh; Intel Mac OS X 10_15_7) AppleWebKit/537.36 (KHTML, like Gecko) Chrome/94.0.4606.71 Safari/537.36"
129.225.125.127 - - [13/Sep/2026:01:35:56 +0300] "GET /wp-admin/index.php HTTP/1.1" 403 787 "https://evliyalar.net/wp-login.php" "Mozilla/5.0 (Macintosh; Intel Mac OS X 10_15_7) AppleWebKit/537.36 (KHTML, like Gecko) Chrome/94.0.4606.71 Safari/537.36"
129.225.125.127 - - [13/Sep/2026:01:35:56 +0300] "POST /wp-login.php HTTP/1.1" 200 3321 "https://evliyalar.net/wp-login.php" "Mozilla/5.0 (X11; Linux x86_64) AppleWebKit/537.36 (KHTML, like Gecko) Chrome/94.0.4606.71 Safari/537.36"
129.225.125.127 - - [13/Sep/2026:01:36:02 +0300] "GET /wp-admin/index.php HTTP/1.1" 403 787 "https://evliyalar.net/wp-login.php" "Mozilla/5.0 (Windows NT 10.0; Win64; x64) AppleWebKit/605.1.15 (KHTML, like Gecko) Version/14.1 Safari/605.1.15"
129.225.125.127 - - [13/Sep/2026:01:36:02 +0300] "GET /wp-admin/index.php HTTP/1.1" 403 787 "https://evliyalar.net/wp-login.php" "Mozilla/5.0 (Windows NT 10.0; Win64; x64) AppleWebKit/605.1.15 (KHTML, like Gecko) Version/14.1 Safari/605.1.15"
136.115.29.49 - - [13/Sep/2026:01:36:03 +0300] "GET /etiket/veysel-karani/ HTTP/2" 404 796 "-" "Mozilla/5.0 AppleWebKit/537.36 (KHTML, like Gecko; compatible; Reflectionbot/1.0; +https://reflection.ai/bot) Chrome/151.0.0.0 Safari/537.36"
40.77.167.2 - - [13/Sep/2026:01:36:03 +0300] "GET /wp-content/uploads/2022/12/Kirmizi-Ebe2.jpg HTTP/2" 200 154196 "-" "Mozilla/5.0 AppleWebKit/537.36 (KHTML, like Gecko; compatible; bingbot/2.0; +http://www.bing.com/bingbot.htm) Chrome/116.0.1938.76 Safari/537.36"
66.249.70.165 - - [13/Sep/2026:01:36:07 +0300] "GET /wp-content/uploads/2016/01/1452451394.jpg HTTP/1.1" 200 130953 "-" "Googlebot-Image/1.0"
129.225.125.127 - - [13/Sep/2026:01:36:02 +0300] "POST /wp-login.php HTTP/1.1" 200 3321 "https://evliyalar.net/wp-login.php" "Mozilla/5.0 (Windows NT 6.1; Win64; x64) AppleWebKit/537.36 (KHTML, like Gecko) Chrome/91.0.4472.124 Safari/537.36"
129.225.125.127 - - [13/Sep/2026:01:36:08 +0300] "GET /wp-admin/index.php HTTP/1.1" 403 787 "https://evliyalar.net/wp-login.php" "Mozilla/5.0 (Windows NT 6.1; Win64; x64) AppleWebKit/537.36 (KHTML, like Gecko) Chrome/93.0.4577.63 Safari/537.36"
129.225.125.127 - - [13/Sep/2026:01:36:08 +0300] "GET /wp-admin/index.php HTTP/1.1" 403 787 "https://evliyalar.net/wp-login.php" "Mozilla/5.0 (Windows NT 6.1; Win64; x64) AppleWebKit/537.36 (KHTML, like Gecko) Chrome/93.0.4577.63 Safari/537.36"
66.249.70.163 - - [13/Sep/2026:01:36:13 +0300] "GET /page/7/?09wEe_d40221651128aJTUQG9f2 HTTP/1.1" 404 796 "-" "Mozilla/5.0 (Linux; Android 6.0.1; Nexus 5X Build/MMB29P) AppleWebKit/537.36 (KHTML, like Gecko) Chrome/152.0.7977.82 Mobile Safari/537.36 (compatible; Googlebot/2.1; +http://www.google.com/bot.html)"
129.225.125.127 - - [13/Sep/2026:01:36:08 +0300] "POST /wp-login.php HTTP/1.1" 200 3315 "https://evliyalar.net/wp-login.php" "Mozilla/5.0 (Macintosh; Intel Mac OS X 10_15_7) AppleWebKit/605.1.15 (KHTML, like Gecko) Version/14.1.1 Safari/605.1.15"
129.225.125.127 - - [13/Sep/2026:01:36:17 +0300] "GET /wp-admin/index.php HTTP/1.1" 403 787 "https://evliyalar.net/wp-login.php" "Mozilla/5.0 (X11; Linux x86_64) AppleWebKit/537.36 (KHTML, like Gecko) Chrome/93.0.4577.63 Safari/537.36"
129.225.125.127 - - [13/Sep/2026:01:36:17 +0300] "GET /wp-admin/index.php HTTP/1.1" 403 787 "https://evliyalar.net/wp-login.php" "Mozilla/5.0 (X11; Linux x86_64) AppleWebKit/537.36 (KHTML, like Gecko) Chrome/93.0.4577.63 Safari/537.36"
129.225.125.127 - - [13/Sep/2026:01:36:18 +0300] "POST /wp-login.php HTTP/1.1" 200 3327 "https://evliyalar.net/wp-login.php" "Mozilla/5.0 (Macintosh; Intel Mac OS X 10_15_7) AppleWebKit/537.36 (KHTML, like Gecko) Chrome/93.0.4577.63 Safari/537.36"
129.225.125.127 - - [13/Sep/2026:01:36:24 +0300] "GET /wp-admin/index.php HTTP/1.1" 403 787 "https://evliyalar.net/wp-login.php" "Mozilla/5.0 (Windows NT 10.0; Win64; x64) AppleWebKit/537.36 (KHTML, like Gecko) Chrome/92.0.4515.131 Safari/537.36"
129.225.125.127 - - [13/Sep/2026:01:36:24 +0300] "GET /wp-admin/index.php HTTP/1.1" 403 787 "https://evliyalar.net/wp-login.php" "Mozilla/5.0 (Windows NT 10.0; Win64; x64) AppleWebKit/537.36 (KHTML, like Gecko) Chrome/92.0.4515.131 Safari/537.36"
66.249.70.163 - - [13/Sep/2026:01:36:30 +0300] "GET /?p=35512 HTTP/1.1" 200 2044 "-" "Mozilla/5.0 (Linux; Android 6.0.1; Nexus 5X Build/MMB29P) AppleWebKit/537.36 (KHTML, like Gecko) Chrome/152.0.7977.82 Mobile Safari/537.36 (compatible; Googlebot/2.1; +http://www.google.com/bot.html)"
129.225.125.127 - - [13/Sep/2026:01:36:24 +0300] "POST /wp-login.php HTTP/1.1" 200 3321 "https://evliyalar.net/wp-login.php" "Mozilla/5.0 (Macintosh; Intel Mac OS X 10_15_7) AppleWebKit/605.1.15 (KHTML, like Gecko) Version/14.1.1 Safari/605.1.15"
129.225.125.127 - - [13/Sep/2026:01:36:32 +0300] "GET /wp-admin/index.php HTTP/1.1" 403 787 "https://evliyalar.net/wp-login.php" "Mozilla/5.0 (Macintosh; Intel Mac OS X 10_15_7) AppleWebKit/537.36 (KHTML, like Gecko) Chrome/92.0.4515.131 Safari/537.36"
129.225.125.127 - - [13/Sep/2026:01:36:32 +0300] "GET /wp-admin/index.php HTTP/1.1" 403 787 "https://evliyalar.net/wp-login.php" "Mozilla/5.0 (Macintosh; Intel Mac OS X 10_15_7) AppleWebKit/537.36 (KHTML, like Gecko) Chrome/92.0.4515.131 Safari/537.36"
66.249.70.163 - - [13/Sep/2026:01:36:33 +0300] "GET /hikmeti-mehmed-efendi-k-s/ HTTP/1.1" 404 796 "-" "Mozilla/5.0 (Linux; Android 6.0.1; Nexus 5X Build/MMB29P) AppleWebKit/537.36 (KHTML, like Gecko) Chrome/152.0.7977.82 Mobile Safari/537.36 (compatible; Googlebot/2.1; +http://www.google.com/bot.html)"
66.249.70.163 - - [13/Sep/2026:01:36:34 +0300] "GET /?p=15253 HTTP/1.1" 200 2051 "-" "Mozilla/5.0 (Linux; Android 6.0.1; Nexus 5X Build/MMB29P) AppleWebKit/537.36 (KHTML, like Gecko) Chrome/152.0.7977.82 Mobile Safari/537.36 (compatible; Googlebot/2.1; +http://www.google.com/bot.html)"
66.249.70.163 - - [13/Sep/2026:01:36:37 +0300] "GET /?p=35815 HTTP/1.1" 200 2051 "-" "Mozilla/5.0 (Linux; Android 6.0.1; Nexus 5X Build/MMB29P) AppleWebKit/537.36 (KHTML, like Gecko) Chrome/152.0.7977.82 Mobile Safari/537.36 (compatible; Googlebot/2.1; +http://www.google.com/bot.html)"
88.236.105.3 - - [13/Sep/2026:01:36:37 +0300] "GET /hz-malik-bin-ejder-r-a/ HTTP/2" 404 796 "https://www.google.com/" "Mozilla/5.0 (Linux; Android 10; K) AppleWebKit/537.36 (KHTML, like Gecko) Chrome/153.0.0.0 Mobile Safari/537.36"
129.225.125.127 - - [13/Sep/2026:01:36:32 +0300] "POST /wp-login.php HTTP/1.1" 200 3327 "https://evliyalar.net/wp-login.php" "Mozilla/5.0 (Windows NT 10.0; Win64; x64; rv:90.0) Gecko/20100101 Firefox/90.0.1"
88.236.105.3 - - [13/Sep/2026:01:36:38 +0300] "GET /favicon.ico HTTP/2" 404 796 "https://www.evliyalar.net/hz-malik-bin-ejder-r-a/" "Mozilla/5.0 (Linux; Android 10; K) AppleWebKit/537.36 (KHTML, like Gecko) Chrome/153.0.0.0 Mobile Safari/537.36"
129.225.125.127 - - [13/Sep/2026:01:36:38 +0300] "GET /wp-admin/index.php HTTP/1.1" 403 787 "https://evliyalar.net/wp-login.php" "Mozilla/5.0 (Windows NT 10.0; Win64; x64) AppleWebKit/605.1.15 (KHTML, like Gecko) Version/14.0.3 Safari/605.1.15"
129.225.125.127 - - [13/Sep/2026:01:36:38 +0300] "GET /wp-admin/index.php HTTP/1.1" 403 787 "https://evliyalar.net/wp-login.php" "Mozilla/5.0 (Windows NT 10.0; Win64; x64) AppleWebKit/605.1.15 (KHTML, like Gecko) Version/14.0.3 Safari/605.1.15"
52.167.144.25 - - [13/Sep/2026:01:36:43 +0300] "GET /?p=64980 HTTP/2" 200 2049 "-" "Mozilla/5.0 AppleWebKit/537.36 (KHTML, like Gecko; compatible; bingbot/2.0; +http://www.bing.com/bingbot.htm) Chrome/116.0.1938.76 Safari/537.36"
88.236.105.3 - - [13/Sep/2026:01:36:43 +0300] "GET /hz-malik-bin-ejder-r-a/ HTTP/3" 404 796 "https://www.google.com/" "Mozilla/5.0 (Linux; Android 10; K) AppleWebKit/537.36 (KHTML, like Gecko) Chrome/153.0.0.0 Mobile Safari/537.36"
129.225.125.127 - - [13/Sep/2026:01:36:38 +0300] "POST /wp-login.php HTTP/1.1" 200 3321 "https://evliyalar.net/wp-login.php" "Mozilla/5.0 (Windows NT 10.0; Win64; x64) AppleWebKit/537.36 (KHTML, like Gecko) Chrome/90.0.4430.212 Safari/537.36"
129.225.125.127 - - [13/Sep/2026:01:36:47 +0300] "GET /wp-admin/index.php HTTP/1.1" 403 787 "https://evliyalar.net/wp-login.php" "Mozilla/5.0 (Windows NT 10.0; Win64; x64) AppleWebKit/605.1.15 (KHTML, like Gecko) Version/14.1.2 Safari/605.1.15"
129.225.125.127 - - [13/Sep/2026:01:36:47 +0300] "GET /wp-admin/index.php HTTP/1.1" 403 787 "https://evliyalar.net/wp-login.php" "Mozilla/5.0 (Windows NT 10.0; Win64; x64) AppleWebKit/605.1.15 (KHTML, like Gecko) Version/14.1.2 Safari/605.1.15"
129.225.125.127 - - [13/Sep/2026:01:36:47 +0300] "POST /wp-login.php HTTP/1.1" 200 3327 "https://evliyalar.net/wp-login.php" "Mozilla/5.0 (Macintosh; Intel Mac OS X 10_15_7) AppleWebKit/537.36 (KHTML, like Gecko) Chrome/94.0.4606.71 Safari/537.36"
129.225.125.127 - - [13/Sep/2026:01:36:52 +0300] "GET /wp-admin/index.php HTTP/1.1" 403 787 "https://evliyalar.net/wp-login.php" "Mozilla/5.0 (Windows NT 10.0; Win64; x64; rv:93.0) Gecko/20100101 Firefox/93.0"
129.225.125.127 - - [13/Sep/2026:01:36:53 +0300] "GET /wp-admin/index.php HTTP/1.1" 403 787 "https://evliyalar.net/wp-login.php" "Mozilla/5.0 (Windows NT 10.0; Win64; x64; rv:93.0) Gecko/20100101 Firefox/93.0"
129.225.125.127 - - [13/Sep/2026:01:36:53 +0300] "POST /wp-login.php HTTP/1.1" 200 3321 "https://evliyalar.net/wp-login.php" "Mozilla/5.0 (Windows NT 6.1; Win64; x64) AppleWebKit/537.36 (KHTML, like Gecko) Chrome/92.0.4515.131 Safari/537.36"
129.225.125.127 - - [13/Sep/2026:01:37:01 +0300] "GET /wp-admin/index.php HTTP/1.1" 403 787 "https://evliyalar.net/wp-login.php" "Mozilla/5.0 (Windows NT 6.1; Win64; x64) AppleWebKit/537.36 (KHTML, like Gecko) Chrome/92.0.4515.131 Safari/537.36"
129.225.125.127 - - [13/Sep/2026:01:37:02 +0300] "GET /wp-admin/index.php HTTP/1.1" 403 787 "https://evliyalar.net/wp-login.php" "Mozilla/5.0 (Windows NT 6.1; Win64; x64) AppleWebKit/537.36 (KHTML, like Gecko) Chrome/92.0.4515.131 Safari/537.36"
129.225.125.127 - - [13/Sep/2026:01:37:02 +0300] "POST /wp-login.php HTTP/1.1" 200 3321 "https://evliyalar.net/wp-login.php" "Mozilla/5.0 (Windows NT 10.0; Win64; x64) AppleWebKit/537.36 (KHTML, like Gecko) Chrome/92.0.4515.131 Safari/537.36"
129.225.125.127 - - [13/Sep/2026:01:37:08 +0300] "GET /wp-admin/index.php HTTP/1.1" 403 787 "https://evliyalar.net/wp-login.php" "Mozilla/5.0 (Macintosh; Intel Mac OS X 10_15_7) AppleWebKit/537.36 (KHTML, like Gecko) Chrome/94.0.4606.71 Safari/537.36"
129.225.125.127 - - [13/Sep/2026:01:37:08 +0300] "GET /wp-admin/index.php HTTP/1.1" 403 787 "https://evliyalar.net/wp-login.php" "Mozilla/5.0 (Macintosh; Intel Mac OS X 10_15_7) AppleWebKit/537.36 (KHTML, like Gecko) Chrome/94.0.4606.71 Safari/537.36"
129.225.125.127 - - [13/Sep/2026:01:37:08 +0300] "POST /wp-login.php HTTP/1.1" 200 3321 "https://evliyalar.net/wp-login.php" "Mozilla/5.0 (Windows NT 10.0; Win64; x64) AppleWebKit/605.1.15 (KHTML, like Gecko) Version/14.0.3 Safari/605.1.15"
129.225.125.127 - - [13/Sep/2026:01:35:23 +0300] "GET /wp-admin/index.php HTTP/1.1" 403 787 "https://evliyalar.net/wp-login.php" "Mozilla/5.0 (X11; Linux x86_64; rv:92.0) Gecko/20100101 Firefox/92.0"
129.225.125.127 - - [13/Sep/2026:01:35:23 +0300] "GET /wp-admin/index.php HTTP/1.1" 403 787 "https://evliyalar.net/wp-login.php" "Mozilla/5.0 (X11; Linux x86_64; rv:92.0) Gecko/20100101 Firefox/92.0"
129.225.125.127 - - [13/Sep/2026:01:35:23 +0300] "POST /wp-login.php HTTP/1.1" 200 0 "https://evliyalar.net/wp-login.php" "Mozilla/5.0 (Macintosh; Intel Mac OS X 10_15_7) AppleWebKit/605.1.15 (KHTML, like Gecko) Version/14.0.3 Safari/605.1.15"
40.77.167.2 - - [13/Sep/2026:01:35:42 +0300] "GET /wp-content/uploads/2015/07/resized006-3-1068x712.jpg HTTP/2" 200 0 "-" "Mozilla/5.0 AppleWebKit/537.36 (KHTML, like Gecko; compatible; bingbot/2.0; +http://www.bing.com/bingbot.htm) Chrome/116.0.1938.76 Safari/537.36"
52.167.144.25 - - [13/Sep/2026:01:36:18 +0300] "GET /wp-content/uploads/2023/01/Toprak-Dede2.jpg HTTP/2" 200 174415 "-" "Mozilla/5.0 AppleWebKit/537.36 (KHTML, like Gecko; compatible; bingbot/2.0; +http://www.bing.com/bingbot.htm) Chrome/116.0.1938.76 Safari/537.36"
52.167.144.25 - - [13/Sep/2026:01:36:20 +0300] "GET /?p=2632 HTTP/2" 200 2045 "-" "Mozilla/5.0 AppleWebKit/537.36 (KHTML, like Gecko; compatible; bingbot/2.0; +http://www.bing.com/bingbot.htm) Chrome/116.0.1938.76 Safari/537.36"
52.167.144.25 - - [13/Sep/2026:01:36:20 +0300] "GET /?p=18193 HTTP/2" 200 2045 "-" "Mozilla/5.0 AppleWebKit/537.36 (KHTML, like Gecko; compatible; bingbot/2.0; +http://www.bing.com/bingbot.htm) Chrome/116.0.1938.76 Safari/537.36"
52.167.144.21 - - [13/Sep/2026:01:36:34 +0300] "GET /?p=41511 HTTP/2" 200 2027 "-" "Mozilla/5.0 AppleWebKit/537.36 (KHTML, like Gecko; compatible; bingbot/2.0; +http://www.bing.com/bingbot.htm) Chrome/116.0.1938.76 Safari/537.36"
52.167.144.21 - - [13/Sep/2026:01:36:34 +0300] "GET /?p=23069 HTTP/2" 200 2027 "-" "Mozilla/5.0 AppleWebKit/537.36 (KHTML, like Gecko; compatible; bingbot/2.0; +http://www.bing.com/bingbot.htm) Chrome/116.0.1938.76 Safari/537.36"
52.167.144.21 - - [13/Sep/2026:01:36:34 +0300] "GET /?p=34289 HTTP/2" 200 2051 "-" "Mozilla/5.0 AppleWebKit/537.36 (KHTML, like Gecko; compatible; bingbot/2.0; +http://www.bing.com/bingbot.htm) Chrome/116.0.1938.76 Safari/537.36"
40.77.167.2 - - [13/Sep/2026:01:36:40 +0300] "GET /?p=71402 HTTP/2" 200 2049 "-" "Mozilla/5.0 AppleWebKit/537.36 (KHTML, like Gecko; compatible; bingbot/2.0; +http://www.bing.com/bingbot.htm) Chrome/116.0.1938.76 Safari/537.36"
66.249.70.163 - - [13/Sep/2026:01:36:49 +0300] "GET /?p=8162&refurl=https://www.evliyalar.net/?p=8451 HTTP/1.1" 200 2046 "-" "Mozilla/5.0 (Linux; Android 6.0.1; Nexus 5X Build/MMB29P) AppleWebKit/537.36 (KHTML, like Gecko) Chrome/152.0.7977.82 Mobile Safari/537.36 (compatible; Googlebot/2.1; +http://www.google.com/bot.html)"
66.249.70.163 - - [13/Sep/2026:01:36:51 +0300] "GET /?p=31984&refurl=https://www.evliyalar.net/?p=45764 HTTP/1.1" 200 2024 "-" "Mozilla/5.0 (Linux; Android 6.0.1; Nexus 5X Build/MMB29P) AppleWebKit/537.36 (KHTML, like Gecko) Chrome/152.0.7977.82 Mobile Safari/537.36 (compatible; Googlebot/2.1; +http://www.google.com/bot.html)"
66.249.70.163 - - [13/Sep/2026:01:36:53 +0300] "GET /?p=45134&refurl=https://www.evliyalar.net/?p=61049 HTTP/1.1" 200 2050 "-" "Mozilla/5.0 (Linux; Android 6.0.1; Nexus 5X Build/MMB29P) AppleWebKit/537.36 (KHTML, like Gecko) Chrome/152.0.7977.82 Mobile Safari/537.36 (compatible; Googlebot/2.1; +http://www.google.com/bot.html)"
66.249.70.163 - - [13/Sep/2026:01:36:56 +0300] "GET /_autoindex/assets/icons/image.svg HTTP/1.1" 200 388 "https://www.evliyalar.net/?p=31984&refurl=https://www.evliyalar.net/?p=45764" "Mozilla/5.0 (Linux; Android 6.0.1; Nexus 5X Build/MMB29P) AppleWebKit/537.36 (KHTML, like Gecko) Chrome/152.0.7977.82 Mobile Safari/537.36 (compatible; Googlebot/2.1; +http://www.google.com/bot.html)"
129.225.125.127 - - [13/Sep/2026:01:37:16 +0300] "GET /wp-admin/index.php HTTP/1.1" 403 787 "https://evliyalar.net/wp-login.php" "Mozilla/5.0 (Windows NT 10.0; Win64; x64) AppleWebKit/537.36 (KHTML, like Gecko) Chrome/93.0.4577.63 Safari/537.36"
129.225.125.127 - - [13/Sep/2026:01:37:17 +0300] "GET /wp-admin/index.php HTTP/1.1" 403 787 "https://evliyalar.net/wp-login.php" "Mozilla/5.0 (Windows NT 10.0; Win64; x64) AppleWebKit/537.36 (KHTML, like Gecko) Chrome/93.0.4577.63 Safari/537.36"
78.166.60.253 - - [13/Sep/2026:01:37:18 +0300] "GET /wp-content/uploads/2014/09/hz-suleyman-ve-27-sahabe-4-ia.jpg HTTP/2" 200 113128 "https://www.google.com/" "Mozilla/5.0 (Linux; Android 10; K) AppleWebKit/537.36 (KHTML, like Gecko) Chrome/152.0.0.0 Mobile Safari/537.36"
129.225.125.127 - - [13/Sep/2026:01:37:17 +0300] "POST /wp-login.php HTTP/1.1" 200 3321 "https://evliyalar.net/wp-login.php" "Mozilla/5.0 (X11; Linux x86_64; rv:89.0) Gecko/20100101 Firefox/89.0.2"
129.225.125.127 - - [13/Sep/2026:01:37:23 +0300] "GET /wp-admin/index.php HTTP/1.1" 403 787 "https://evliyalar.net/wp-login.php" "Mozilla/5.0 (Windows NT 10.0; Win64; x64) AppleWebKit/605.1.15 (KHTML, like Gecko) Version/14.0.3 Safari/605.1.15"
129.225.125.127 - - [13/Sep/2026:01:37:23 +0300] "GET /wp-admin/index.php HTTP/1.1" 403 787 "https://evliyalar.net/wp-login.php" "Mozilla/5.0 (Windows NT 10.0; Win64; x64) AppleWebKit/605.1.15 (KHTML, like Gecko) Version/14.0.3 Safari/605.1.15"
129.225.125.127 - - [13/Sep/2026:01:37:23 +0300] "POST /wp-login.php HTTP/1.1" 200 3327 "https://evliyalar.net/wp-login.php" "Mozilla/5.0 (Windows NT 6.1; Win64; x64) AppleWebKit/537.36 (KHTML, like Gecko) Chrome/94.0.4606.71 Safari/537.36"
129.225.125.127 - - [13/Sep/2026:01:37:32 +0300] "GET /wp-admin/index.php HTTP/1.1" 403 787 "https://evliyalar.net/wp-login.php" "Mozilla/5.0 (Windows NT 10.0; Win64; x64) AppleWebKit/537.36 (KHTML, like Gecko) Chrome/94.0.4606.71 Safari/537.36"
129.225.125.127 - - [13/Sep/2026:01:37:32 +0300] "GET /wp-admin/index.php HTTP/1.1" 403 787 "https://evliyalar.net/wp-login.php" "Mozilla/5.0 (Windows NT 10.0; Win64; x64) AppleWebKit/537.36 (KHTML, like Gecko) Chrome/94.0.4606.71 Safari/537.36"
66.249.70.163 - - [13/Sep/2026:01:37:32 +0300] "GET /kategori/anadolu-evliyalari/amasya-evliyalari/tasova-evliyalari/ HTTP/1.1" 404 796 "-" "Mozilla/5.0 (Linux; Android 6.0.1; Nexus 5X Build/MMB29P) AppleWebKit/537.36 (KHTML, like Gecko) Chrome/152.0.7977.82 Mobile Safari/537.36 (compatible; Googlebot/2.1; +http://www.google.com/bot.html)"
66.249.70.164 - - [13/Sep/2026:01:37:33 +0300] "GET /kategori/anadolu-evliyalari/hakkari-evliyalari/semdinli-evliyalari/ HTTP/1.1" 404 796 "-" "Mozilla/5.0 (Linux; Android 6.0.1; Nexus 5X Build/MMB29P) AppleWebKit/537.36 (KHTML, like Gecko) Chrome/152.0.7977.82 Mobile Safari/537.36 (compatible; Googlebot/2.1; +http://www.google.com/bot.html)"
66.249.70.164 - - [13/Sep/2026:01:37:33 +0300] "GET /hizir-hoca-hizir-ali-muratoglu-k-s/ HTTP/1.1" 404 796 "-" "Mozilla/5.0 (Linux; Android 6.0.1; Nexus 5X Build/MMB29P) AppleWebKit/537.36 (KHTML, like Gecko) Chrome/152.0.7977.82 Mobile Safari/537.36 (compatible; Googlebot/2.1; +http://www.google.com/bot.html)"
129.225.125.127 - - [13/Sep/2026:01:37:32 +0300] "POST /wp-login.php HTTP/1.1" 200 3327 "https://evliyalar.net/wp-login.php" "Mozilla/5.0 (Macintosh; Intel Mac OS X 10_15_7) AppleWebKit/605.1.15 (KHTML, like Gecko) Version/14.1.2 Safari/605.1.15"
129.225.125.127 - - [13/Sep/2026:01:37:38 +0300] "GET /wp-admin/index.php HTTP/1.1" 403 787 "https://evliyalar.net/wp-login.php" "Mozilla/5.0 (Windows NT 10.0; Win64; x64) AppleWebKit/537.36 (KHTML, like Gecko) Chrome/94.0.4606.71 Safari/537.36"
129.225.125.127 - - [13/Sep/2026:01:37:38 +0300] "GET /wp-admin/index.php HTTP/1.1" 403 787 "https://evliyalar.net/wp-login.php" "Mozilla/5.0 (Windows NT 10.0; Win64; x64) AppleWebKit/537.36 (KHTML, like Gecko) Chrome/94.0.4606.71 Safari/537.36"
66.249.70.165 - - [13/Sep/2026:01:37:19 +0300] "GET /yatagn-koyu-turbeleri/ HTTP/1.1" 404 796 "-" "Mozilla/5.0 (Linux; Android 6.0.1; Nexus 5X Build/MMB29P) AppleWebKit/537.36 (KHTML, like Gecko) Chrome/152.0.7977.82 Mobile Safari/537.36 (compatible; Googlebot/2.1; +http://www.google.com/bot.html)"
52.167.144.176 - - [13/Sep/2026:01:37:19 +0300] "GET /horasanli-ahmed-ceylani HTTP/2" 404 796 "-" "Mozilla/5.0 AppleWebKit/537.36 (KHTML, like Gecko; compatible; bingbot/2.0; +http://www.bing.com/bingbot.htm) Chrome/116.0.1938.76 Safari/537.36"
66.249.70.164 - - [13/Sep/2026:01:37:22 +0300] "GET /sadrazam-mahmut-pasa-i-veli/ HTTP/1.1" 404 796 "-" "Mozilla/5.0 (Linux; Android 6.0.1; Nexus 5X Build/MMB29P) AppleWebKit/537.36 (KHTML, like Gecko) Chrome/152.0.7977.82 Mobile Safari/537.36 (compatible; Googlebot/2.1; +http://www.google.com/bot.html)"
66.249.70.164 - - [13/Sep/2026:01:37:22 +0300] "GET /bediuzzaman-said-i-nursi-makami/ HTTP/1.1" 404 796 "-" "Mozilla/5.0 (Linux; Android 6.0.1; Nexus 5X Build/MMB29P) AppleWebKit/537.36 (KHTML, like Gecko) Chrome/152.0.7977.82 Mobile Safari/537.36 (compatible; Googlebot/2.1; +http://www.google.com/bot.html)"
66.249.70.163 - - [13/Sep/2026:01:37:51 +0300] "GET /?p=16280 HTTP/1.1" 200 2053 "-" "Mozilla/5.0 (Linux; Android 6.0.1; Nexus 5X Build/MMB29P) AppleWebKit/537.36 (KHTML, like Gecko) Chrome/152.0.7977.82 Mobile Safari/537.36 (compatible; Googlebot/2.1; +http://www.google.com/bot.html)"
89.43.31.214 - - [13/Sep/2026:01:37:52 +0300] "POST /wp-cron.php?doing_wp_cron=1789252672.8692181110382080078125 HTTP/1.1" 200 0 "-" "WordPress/6.5.10; https://www.evliyalar.net"
66.249.70.163 - - [13/Sep/2026:01:37:52 +0300] "GET /?p=67695 HTTP/1.1" 200 2053 "-" "Mozilla/5.0 (Linux; Android 6.0.1; Nexus 5X Build/MMB29P) AppleWebKit/537.36 (KHTML, like Gecko) Chrome/152.0.7977.82 Mobile Safari/537.36 (compatible; Googlebot/2.1; +http://www.google.com/bot.html)"
66.249.70.163 - - [13/Sep/2026:01:37:53 +0300] "GET /?p=77229 HTTP/1.1" 200 2053 "-" "Mozilla/5.0 (Linux; Android 6.0.1; Nexus 5X Build/MMB29P) AppleWebKit/537.36 (KHTML, like Gecko) Chrome/152.0.7977.82 Mobile Safari/537.36 (compatible; Googlebot/2.1; +http://www.google.com/bot.html)"
66.249.70.163 - - [13/Sep/2026:01:37:53 +0300] "GET /?p=50124 HTTP/1.1" 200 2048 "-" "Mozilla/5.0 (Linux; Android 6.0.1; Nexus 5X Build/MMB29P) AppleWebKit/537.36 (KHTML, like Gecko) Chrome/152.0.7977.82 Mobile Safari/537.36 (compatible; Googlebot/2.1; +http://www.google.com/bot.html)"
66.249.70.163 - - [13/Sep/2026:01:37:53 +0300] "GET /wp-admin/admin-ajax.php?action=process_simple_like&nonce=9fcbe05d5b&post_id=36284&disabled=true&is_comment=0 HTTP/1.1" 403 787 "-" "Mozilla/5.0 (Linux; Android 6.0.1; Nexus 5X Build/MMB29P) AppleWebKit/537.36 (KHTML, like Gecko) Chrome/152.0.7977.82 Mobile Safari/537.36 (compatible; Googlebot/2.1; +http://www.google.com/bot.html)"
66.249.70.163 - - [13/Sep/2026:01:37:54 +0300] "GET /?p=2871 HTTP/1.1" 200 2027 "-" "Mozilla/5.0 (Linux; Android 6.0.1; Nexus 5X Build/MMB29P) AppleWebKit/537.36 (KHTML, like Gecko) Chrome/152.0.7977.82 Mobile Safari/537.36 (compatible; Googlebot/2.1; +http://www.google.com/bot.html)"
66.249.70.163 - - [13/Sep/2026:01:37:54 +0300] "GET /?p=32160 HTTP/1.1" 200 2048 "-" "Mozilla/5.0 (Linux; Android 6.0.1; Nexus 5X Build/MMB29P) AppleWebKit/537.36 (KHTML, like Gecko) Chrome/152.0.7977.82 Mobile Safari/537.36 (compatible; Googlebot/2.1; +http://www.google.com/bot.html)"
66.249.70.163 - - [13/Sep/2026:01:37:55 +0300] "GET /?p=65139 HTTP/1.1" 200 2048 "-" "Mozilla/5.0 (Linux; Android 6.0.1; Nexus 5X Build/MMB29P) AppleWebKit/537.36 (KHTML, like Gecko) Chrome/152.0.7977.82 Mobile Safari/537.36 (compatible; Googlebot/2.1; +http://www.google.com/bot.html)"
66.249.70.163 - - [13/Sep/2026:01:37:55 +0300] "GET /?p=7318 HTTP/1.1" 200 2048 "-" "Mozilla/5.0 (Linux; Android 6.0.1; Nexus 5X Build/MMB29P) AppleWebKit/537.36 (KHTML, like Gecko) Chrome/152.0.7977.82 Mobile Safari/537.36 (compatible; Googlebot/2.1; +http://www.google.com/bot.html)"
66.249.70.163 - - [13/Sep/2026:01:37:55 +0300] "GET /?p=33363 HTTP/1.1" 200 2048 "-" "Mozilla/5.0 (Linux; Android 6.0.1; Nexus 5X Build/MMB29P) AppleWebKit/537.36 (KHTML, like Gecko) Chrome/152.0.7977.82 Mobile Safari/537.36 (compatible; Googlebot/2.1; +http://www.google.com/bot.html)"
66.249.70.163 - - [13/Sep/2026:01:37:56 +0300] "GET /?p=60314 HTTP/1.1" 200 2048 "-" "Mozilla/5.0 (Linux; Android 6.0.1; Nexus 5X Build/MMB29P) AppleWebKit/537.36 (KHTML, like Gecko) Chrome/152.0.7977.82 Mobile Safari/537.36 (compatible; Googlebot/2.1; +http://www.google.com/bot.html)"
66.249.70.163 - - [13/Sep/2026:01:37:56 +0300] "GET /?p=72908 HTTP/1.1" 200 2048 "-" "Mozilla/5.0 (Linux; Android 6.0.1; Nexus 5X Build/MMB29P) AppleWebKit/537.36 (KHTML, like Gecko) Chrome/152.0.7977.82 Mobile Safari/537.36 (compatible; Googlebot/2.1; +http://www.google.com/bot.html)"
66.249.70.163 - - [13/Sep/2026:01:37:57 +0300] "GET /?p=39544 HTTP/1.1" 200 2048 "-" "Mozilla/5.0 (Linux; Android 6.0.1; Nexus 5X Build/MMB29P) AppleWebKit/537.36 (KHTML, like Gecko) Chrome/152.0.7977.82 Mobile Safari/537.36 (compatible; Googlebot/2.1; +http://www.google.com/bot.html)"
66.249.70.163 - - [13/Sep/2026:01:37:57 +0300] "GET /?p=50467 HTTP/1.1" 200 2048 "-" "Mozilla/5.0 (Linux; Android 6.0.1; Nexus 5X Build/MMB29P) AppleWebKit/537.36 (KHTML, like Gecko) Chrome/152.0.7977.82 Mobile Safari/537.36 (compatible; Googlebot/2.1; +http://www.google.com/bot.html)"
66.249.70.163 - - [13/Sep/2026:01:37:57 +0300] "GET /?p=40228 HTTP/1.1" 200 2048 "-" "Mozilla/5.0 (Linux; Android 6.0.1; Nexus 5X Build/MMB29P) AppleWebKit/537.36 (KHTML, like Gecko) Chrome/152.0.7977.82 Mobile Safari/537.36 (compatible; Googlebot/2.1; +http://www.google.com/bot.html)"
66.249.70.163 - - [13/Sep/2026:01:37:58 +0300] "GET /?p=7101 HTTP/1.1" 200 2048 "-" "Mozilla/5.0 (Linux; Android 6.0.1; Nexus 5X Build/MMB29P) AppleWebKit/537.36 (KHTML, like Gecko) Chrome/152.0.7977.82 Mobile Safari/537.36 (compatible; Googlebot/2.1; +http://www.google.com/bot.html)"
66.249.70.163 - - [13/Sep/2026:01:37:58 +0300] "GET /?p=16682 HTTP/1.1" 200 2048 "-" "Mozilla/5.0 (Linux; Android 6.0.1; Nexus 5X Build/MMB29P) AppleWebKit/537.36 (KHTML, like Gecko) Chrome/152.0.7977.82 Mobile Safari/537.36 (compatible; Googlebot/2.1; +http://www.google.com/bot.html)"
66.249.70.163 - - [13/Sep/2026:01:37:59 +0300] "GET /?p=39434 HTTP/1.1" 200 2048 "-" "Mozilla/5.0 (Linux; Android 6.0.1; Nexus 5X Build/MMB29P) AppleWebKit/537.36 (KHTML, like Gecko) Chrome/152.0.7977.82 Mobile Safari/537.36 (compatible; Googlebot/2.1; +http://www.google.com/bot.html)"
66.249.70.163 - - [13/Sep/2026:01:37:59 +0300] "GET /?p=22601 HTTP/1.1" 200 2048 "-" "Mozilla/5.0 (Linux; Android 6.0.1; Nexus 5X Build/MMB29P) AppleWebKit/537.36 (KHTML, like Gecko) Chrome/152.0.7977.82 Mobile Safari/537.36 (compatible; Googlebot/2.1; +http://www.google.com/bot.html)"
66.249.70.163 - - [13/Sep/2026:01:38:00 +0300] "GET /?p=2806 HTTP/1.1" 200 2027 "-" "Mozilla/5.0 (Linux; Android 6.0.1; Nexus 5X Build/MMB29P) AppleWebKit/537.36 (KHTML, like Gecko) Chrome/152.0.7977.82 Mobile Safari/537.36 (compatible; Googlebot/2.1; +http://www.google.com/bot.html)"
185.125.219.13 - - [13/Sep/2026:01:38:00 +0300] "GET / HTTP/2" 200 2048 "https://birthday-balloons-dubai.com/" "Mozilla/5.0 (Macintosh; Intel Mac OS X 10_15_7) AppleWebKit/537.36 (KHTML, like Gecko) Chrome/138.0.0.0 Safari/537.36 Edg/138.0.0.0"
66.249.70.163 - - [13/Sep/2026:01:38:01 +0300] "GET /?p=27766 HTTP/1.1" 200 2048 "-" "Mozilla/5.0 (Linux; Android 6.0.1; Nexus 5X Build/MMB29P) AppleWebKit/537.36 (KHTML, like Gecko) Chrome/152.0.7977.82 Mobile Safari/537.36 (compatible; Googlebot/2.1; +http://www.google.com/bot.html)"
66.249.70.163 - - [13/Sep/2026:01:38:01 +0300] "GET /?p=71557 HTTP/1.1" 200 2054 "-" "Mozilla/5.0 (Linux; Android 6.0.1; Nexus 5X Build/MMB29P) AppleWebKit/537.36 (KHTML, like Gecko) Chrome/152.0.7977.82 Mobile Safari/537.36 (compatible; Googlebot/2.1; +http://www.google.com/bot.html)"
66.249.70.163 - - [13/Sep/2026:01:38:02 +0300] "GET /?p=30987 HTTP/1.1" 200 2054 "-" "Mozilla/5.0 (Linux; Android 6.0.1; Nexus 5X Build/MMB29P) AppleWebKit/537.36 (KHTML, like Gecko) Chrome/152.0.7977.82 Mobile Safari/537.36 (compatible; Googlebot/2.1; +http://www.google.com/bot.html)"
66.249.70.163 - - [13/Sep/2026:01:38:03 +0300] "GET /?p=58583 HTTP/1.1" 200 2054 "-" "Mozilla/5.0 (Linux; Android 6.0.1; Nexus 5X Build/MMB29P) AppleWebKit/537.36 (KHTML, like Gecko) Chrome/152.0.7977.82 Mobile Safari/537.36 (compatible; Googlebot/2.1; +http://www.google.com/bot.html)"
66.249.70.163 - - [13/Sep/2026:01:38:03 +0300] "GET /?p=45109 HTTP/1.1" 200 2054 "-" "Mozilla/5.0 (Linux; Android 6.0.1; Nexus 5X Build/MMB29P) AppleWebKit/537.36 (KHTML, like Gecko) Chrome/152.0.7977.82 Mobile Safari/537.36 (compatible; Googlebot/2.1; +http://www.google.com/bot.html)"
66.249.70.163 - - [13/Sep/2026:01:38:04 +0300] "GET /?p=28744 HTTP/1.1" 200 2054 "-" "Mozilla/5.0 (Linux; Android 6.0.1; Nexus 5X Build/MMB29P) AppleWebKit/537.36 (KHTML, like Gecko) Chrome/152.0.7977.82 Mobile Safari/537.36 (compatible; Googlebot/2.1; +http://www.google.com/bot.html)"
66.249.70.163 - - [13/Sep/2026:01:38:05 +0300] "GET /?p=8068 HTTP/1.1" 200 2054 "-" "Mozilla/5.0 (Linux; Android 6.0.1; Nexus 5X Build/MMB29P) AppleWebKit/537.36 (KHTML, like Gecko) Chrome/152.0.7977.82 Mobile Safari/537.36 (compatible; Googlebot/2.1; +http://www.google.com/bot.html)"
51.195.183.177 - - [13/Sep/2026:01:38:06 +0300] "GET /taskesenli-seyh-sahabettin-efendi/ HTTP/2" 404 796 "-" "Mozilla/5.0 (compatible; AhrefsBot/7.0; +http://ahrefs.com/robot/)"
66.249.70.163 - - [13/Sep/2026:01:38:07 +0300] "GET /?p=4248 HTTP/1.1" 200 2032 "-" "Mozilla/5.0 (Linux; Android 6.0.1; Nexus 5X Build/MMB29P) AppleWebKit/537.36 (KHTML, like Gecko) Chrome/152.0.7977.82 Mobile Safari/537.36 (compatible; Googlebot/2.1; +http://www.google.com/bot.html)"
66.249.70.163 - - [13/Sep/2026:01:38:07 +0300] "GET /?p=20248 HTTP/1.1" 200 2055 "-" "Mozilla/5.0 (Linux; Android 6.0.1; Nexus 5X Build/MMB29P) AppleWebKit/537.36 (KHTML, like Gecko) Chrome/152.0.7977.82 Mobile Safari/537.36 (compatible; Googlebot/2.1; +http://www.google.com/bot.html)"
66.249.70.163 - - [13/Sep/2026:01:38:07 +0300] "GET /?p=34810 HTTP/1.1" 200 2055 "-" "Mozilla/5.0 (Linux; Android 6.0.1; Nexus 5X Build/MMB29P) AppleWebKit/537.36 (KHTML, like Gecko) Chrome/152.0.7977.82 Mobile Safari/537.36 (compatible; Googlebot/2.1; +http://www.google.com/bot.html)"
66.249.70.163 - - [13/Sep/2026:01:38:08 +0300] "GET /?p=70087 HTTP/1.1" 200 2055 "-" "Mozilla/5.0 (Linux; Android 6.0.1; Nexus 5X Build/MMB29P) AppleWebKit/537.36 (KHTML, like Gecko) Chrome/152.0.7977.82 Mobile Safari/537.36 (compatible; Googlebot/2.1; +http://www.google.com/bot.html)"
66.249.70.163 - - [13/Sep/2026:01:38:08 +0300] "GET /?p=32423 HTTP/1.1" 200 2055 "-" "Mozilla/5.0 (Linux; Android 6.0.1; Nexus 5X Build/MMB29P) AppleWebKit/537.36 (KHTML, like Gecko) Chrome/152.0.7977.82 Mobile Safari/537.36 (compatible; Googlebot/2.1; +http://www.google.com/bot.html)"
66.249.70.163 - - [13/Sep/2026:01:38:09 +0300] "GET /?p=14939 HTTP/1.1" 200 2055 "-" "Mozilla/5.0 (Linux; Android 6.0.1; Nexus 5X Build/MMB29P) AppleWebKit/537.36 (KHTML, like Gecko) Chrome/152.0.7977.82 Mobile Safari/537.36 (compatible; Googlebot/2.1; +http://www.google.com/bot.html)"
66.249.70.163 - - [13/Sep/2026:01:38:09 +0300] "GET /?p=14182 HTTP/1.1" 200 2055 "-" "Mozilla/5.0 (Linux; Android 6.0.1; Nexus 5X Build/MMB29P) AppleWebKit/537.36 (KHTML, like Gecko) Chrome/152.0.7977.82 Mobile Safari/537.36 (compatible; Googlebot/2.1; +http://www.google.com/bot.html)"
66.249.70.163 - - [13/Sep/2026:01:38:10 +0300] "GET /?p=16486 HTTP/1.1" 200 2055 "-" "Mozilla/5.0 (Linux; Android 6.0.1; Nexus 5X Build/MMB29P) AppleWebKit/537.36 (KHTML, like Gecko) Chrome/152.0.7977.82 Mobile Safari/537.36 (compatible; Googlebot/2.1; +http://www.google.com/bot.html)"
66.249.70.163 - - [13/Sep/2026:01:38:11 +0300] "GET /?p=59621 HTTP/1.1" 200 2055 "-" "Mozilla/5.0 (Linux; Android 6.0.1; Nexus 5X Build/MMB29P) AppleWebKit/537.36 (KHTML, like Gecko) Chrome/152.0.7977.82 Mobile Safari/537.36 (compatible; Googlebot/2.1; +http://www.google.com/bot.html)"
66.249.70.163 - - [13/Sep/2026:01:38:11 +0300] "GET /?p=40925 HTTP/1.1" 200 2055 "-" "Mozilla/5.0 (Linux; Android 6.0.1; Nexus 5X Build/MMB29P) AppleWebKit/537.36 (KHTML, like Gecko) Chrome/152.0.7977.82 Mobile Safari/537.36 (compatible; Googlebot/2.1; +http://www.google.com/bot.html)"
66.249.70.163 - - [13/Sep/2026:01:38:12 +0300] "GET /?p=34695 HTTP/1.1" 200 2033 "-" "Mozilla/5.0 (Linux; Android 6.0.1; Nexus 5X Build/MMB29P) AppleWebKit/537.36 (KHTML, like Gecko) Chrome/152.0.7977.82 Mobile Safari/537.36 (compatible; Googlebot/2.1; +http://www.google.com/bot.html)"
66.249.70.163 - - [13/Sep/2026:01:38:13 +0300] "GET /?p=57452 HTTP/1.1" 200 2055 "-" "Mozilla/5.0 (Linux; Android 6.0.1; Nexus 5X Build/MMB29P) AppleWebKit/537.36 (KHTML, like Gecko) Chrome/152.0.7977.82 Mobile Safari/537.36 (compatible; Googlebot/2.1; +http://www.google.com/bot.html)"
66.249.70.163 - - [13/Sep/2026:01:38:14 +0300] "GET /?p=76772 HTTP/1.1" 200 2055 "-" "Mozilla/5.0 (Linux; Android 6.0.1; Nexus 5X Build/MMB29P) AppleWebKit/537.36 (KHTML, like Gecko) Chrome/152.0.7977.82 Mobile Safari/537.36 (compatible; Googlebot/2.1; +http://www.google.com/bot.html)"
66.249.70.163 - - [13/Sep/2026:01:38:14 +0300] "GET /?p=7496 HTTP/1.1" 200 2055 "-" "Mozilla/5.0 (Linux; Android 6.0.1; Nexus 5X Build/MMB29P) AppleWebKit/537.36 (KHTML, like Gecko) Chrome/152.0.7977.82 Mobile Safari/537.36 (compatible; Googlebot/2.1; +http://www.google.com/bot.html)"
66.249.70.163 - - [13/Sep/2026:01:38:15 +0300] "GET /?p=62252 HTTP/1.1" 200 2055 "-" "Mozilla/5.0 (Linux; Android 6.0.1; Nexus 5X Build/MMB29P) AppleWebKit/537.36 (KHTML, like Gecko) Chrome/152.0.7977.82 Mobile Safari/537.36 (compatible; Googlebot/2.1; +http://www.google.com/bot.html)"
66.249.70.163 - - [13/Sep/2026:01:38:16 +0300] "GET /?p=28861 HTTP/1.1" 200 2055 "-" "Mozilla/5.0 (Linux; Android 6.0.1; Nexus 5X Build/MMB29P) AppleWebKit/537.36 (KHTML, like Gecko) Chrome/152.0.7977.82 Mobile Safari/537.36 (compatible; Googlebot/2.1; +http://www.google.com/bot.html)"
66.249.70.163 - - [13/Sep/2026:01:38:18 +0300] "GET /?p=70310 HTTP/1.1" 200 2029 "-" "Mozilla/5.0 (Linux; Android 6.0.1; Nexus 5X Build/MMB29P) AppleWebKit/537.36 (KHTML, like Gecko) Chrome/152.0.7977.82 Mobile Safari/537.36 (compatible; Googlebot/2.1; +http://www.google.com/bot.html)"
66.249.70.163 - - [13/Sep/2026:01:38:18 +0300] "GET /?p=35962 HTTP/1.1" 200 2055 "-" "Mozilla/5.0 (Linux; Android 6.0.1; Nexus 5X Build/MMB29P) AppleWebKit/537.36 (KHTML, like Gecko) Chrome/152.0.7977.82 Mobile Safari/537.36 (compatible; Googlebot/2.1; +http://www.google.com/bot.html)"
66.249.70.163 - - [13/Sep/2026:01:38:19 +0300] "GET /?p=16110 HTTP/1.1" 200 2055 "-" "Mozilla/5.0 (Linux; Android 6.0.1; Nexus 5X Build/MMB29P) AppleWebKit/537.36 (KHTML, like Gecko) Chrome/152.0.7977.82 Mobile Safari/537.36 (compatible; Googlebot/2.1; +http://www.google.com/bot.html)"
66.249.70.163 - - [13/Sep/2026:01:38:19 +0300] "GET /?p=40825 HTTP/1.1" 200 2055 "-" "Mozilla/5.0 (Linux; Android 6.0.1; Nexus 5X Build/MMB29P) AppleWebKit/537.36 (KHTML, like Gecko) Chrome/152.0.7977.82 Mobile Safari/537.36 (compatible; Googlebot/2.1; +http://www.google.com/bot.html)"
66.249.70.163 - - [13/Sep/2026:01:38:19 +0300] "GET /?p=33169 HTTP/1.1" 200 2055 "-" "Mozilla/5.0 (Linux; Android 6.0.1; Nexus 5X Build/MMB29P) AppleWebKit/537.36 (KHTML, like Gecko) Chrome/152.0.7977.82 Mobile Safari/537.36 (compatible; Googlebot/2.1; +http://www.google.com/bot.html)"
66.249.70.163 - - [13/Sep/2026:01:38:20 +0300] "GET /?p=14395 HTTP/1.1" 200 2029 "-" "Mozilla/5.0 (Linux; Android 6.0.1; Nexus 5X Build/MMB29P) AppleWebKit/537.36 (KHTML, like Gecko) Chrome/152.0.7977.82 Mobile Safari/537.36 (compatible; Googlebot/2.1; +http://www.google.com/bot.html)"
129.225.125.127 - - [13/Sep/2026:01:37:38 +0300] "POST /wp-login.php HTTP/1.1" 200 3321 "https://evliyalar.net/wp-login.php" "Mozilla/5.0 (Windows NT 6.1; Win64; x64; rv:92.0) Gecko/20100101 Firefox/92.0"
129.225.125.127 - - [13/Sep/2026:01:37:46 +0300] "GET /wp-admin/index.php HTTP/1.1" 403 787 "https://evliyalar.net/wp-login.php" "Mozilla/5.0 (Macintosh; Intel Mac OS X 10_15_7) AppleWebKit/605.1.15 (KHTML, like Gecko) Version/14.1.2 Safari/605.1.15"
129.225.125.127 - - [13/Sep/2026:01:37:47 +0300] "GET /wp-admin/index.php HTTP/1.1" 403 787 "https://evliyalar.net/wp-login.php" "Mozilla/5.0 (Macintosh; Intel Mac OS X 10_15_7) AppleWebKit/605.1.15 (KHTML, like Gecko) Version/14.1.2 Safari/605.1.15"
129.225.125.127 - - [13/Sep/2026:01:37:47 +0300] "POST /wp-login.php HTTP/1.1" 200 3321 "https://evliyalar.net/wp-login.php" "Mozilla/5.0 (Windows NT 10.0; Win64; x64) AppleWebKit/537.36 (KHTML, like Gecko) Chrome/92.0.4515.131 Safari/537.36"
129.225.125.127 - - [13/Sep/2026:01:37:53 +0300] "GET /wp-admin/index.php HTTP/1.1" 403 787 "https://evliyalar.net/wp-login.php" "Mozilla/5.0 (X11; Linux x86_64) AppleWebKit/537.36 (KHTML, like Gecko) Chrome/94.0.4606.71 Safari/537.36"
129.225.125.127 - - [13/Sep/2026:01:37:53 +0300] "GET /wp-admin/index.php HTTP/1.1" 403 787 "https://evliyalar.net/wp-login.php" "Mozilla/5.0 (X11; Linux x86_64) AppleWebKit/537.36 (KHTML, like Gecko) Chrome/94.0.4606.71 Safari/537.36"
129.225.125.127 - - [13/Sep/2026:01:37:53 +0300] "POST /wp-login.php HTTP/1.1" 200 3321 "https://evliyalar.net/wp-login.php" "Mozilla/5.0 (X11; Linux x86_64) AppleWebKit/537.36 (KHTML, like Gecko) Chrome/91.0.4472.124 Safari/537.36"
129.225.125.127 - - [13/Sep/2026:01:38:02 +0300] "GET /wp-admin/index.php HTTP/1.1" 403 787 "https://evliyalar.net/wp-login.php" "Mozilla/5.0 (Windows NT 6.1; Win64; x64) AppleWebKit/537.36 (KHTML, like Gecko) Chrome/94.0.4606.71 Safari/537.36"
129.225.125.127 - - [13/Sep/2026:01:38:02 +0300] "GET /wp-admin/index.php HTTP/1.1" 403 787 "https://evliyalar.net/wp-login.php" "Mozilla/5.0 (Windows NT 6.1; Win64; x64) AppleWebKit/537.36 (KHTML, like Gecko) Chrome/94.0.4606.71 Safari/537.36"
129.225.125.127 - - [13/Sep/2026:01:38:02 +0300] "POST /wp-login.php HTTP/1.1" 200 3321 "https://evliyalar.net/wp-login.php" "Mozilla/5.0 (Windows NT 10.0; Win64; x64) AppleWebKit/605.1.15 (KHTML, like Gecko) Version/14.1.2 Safari/605.1.15"
129.225.125.127 - - [13/Sep/2026:01:38:07 +0300] "GET /wp-admin/index.php HTTP/1.1" 403 787 "https://evliyalar.net/wp-login.php" "Mozilla/5.0 (Windows NT 6.1; Win64; x64) AppleWebKit/537.36 (KHTML, like Gecko) Chrome/92.0.4515.131 Safari/537.36"
129.225.125.127 - - [13/Sep/2026:01:38:07 +0300] "GET /wp-admin/index.php HTTP/1.1" 403 787 "https://evliyalar.net/wp-login.php" "Mozilla/5.0 (Windows NT 6.1; Win64; x64) AppleWebKit/537.36 (KHTML, like Gecko) Chrome/92.0.4515.131 Safari/537.36"
129.225.125.127 - - [13/Sep/2026:01:38:08 +0300] "POST /wp-login.php HTTP/1.1" 200 3321 "https://evliyalar.net/wp-login.php" "Mozilla/5.0 (Windows NT 10.0; Win64; x64) AppleWebKit/605.1.15 (KHTML, like Gecko) Version/14.1 Safari/605.1.15"
129.225.125.127 - - [13/Sep/2026:01:38:16 +0300] "GET /wp-admin/index.php HTTP/1.1" 403 787 "https://evliyalar.net/wp-login.php" "Mozilla/5.0 (X11; Linux x86_64) AppleWebKit/537.36 (KHTML, like Gecko) Chrome/92.0.4515.131 Safari/537.36"
129.225.125.127 - - [13/Sep/2026:01:38:16 +0300] "GET /wp-admin/index.php HTTP/1.1" 403 787 "https://evliyalar.net/wp-login.php" "Mozilla/5.0 (X11; Linux x86_64) AppleWebKit/537.36 (KHTML, like Gecko) Chrome/92.0.4515.131 Safari/537.36"
129.225.125.127 - - [13/Sep/2026:01:38:17 +0300] "POST /wp-login.php HTTP/1.1" 200 3321 "https://evliyalar.net/wp-login.php" "Mozilla/5.0 (Macintosh; Intel Mac OS X 10_15_7) AppleWebKit/537.36 (KHTML, like Gecko) Chrome/92.0.4515.131 Safari/537.36"
129.225.125.127 - - [13/Sep/2026:01:38:23 +0300] "GET /wp-admin/index.php HTTP/1.1" 403 787 "https://evliyalar.net/wp-login.php" "Mozilla/5.0 (Windows NT 10.0; Win64; x64) AppleWebKit/537.36 (KHTML, like Gecko) Chrome/92.0.4515.131 Safari/537.36"
66.249.70.163 - - [13/Sep/2026:01:38:20 +0300] "GET /?p=42813 HTTP/1.1" 200 2055 "-" "Mozilla/5.0 (Linux; Android 6.0.1; Nexus 5X Build/MMB29P) AppleWebKit/537.36 (KHTML, like Gecko) Chrome/152.0.7977.82 Mobile Safari/537.36 (compatible; Googlebot/2.1; +http://www.google.com/bot.html)"
66.249.70.163 - - [13/Sep/2026:01:38:21 +0300] "GET /?p=23477 HTTP/1.1" 200 2029 "-" "Mozilla/5.0 (Linux; Android 6.0.1; Nexus 5X Build/MMB29P) AppleWebKit/537.36 (KHTML, like Gecko) Chrome/152.0.7977.82 Mobile Safari/537.36 (compatible; Googlebot/2.1; +http://www.google.com/bot.html)"
66.249.70.163 - - [13/Sep/2026:01:38:22 +0300] "GET /wp-content/uploads/2015/03/Ekran-Resmi-2015-03-01-22.45.55.jpg HTTP/1.1" 200 0 "-" "Googlebot-Image/1.0"
66.249.70.163 - - [13/Sep/2026:01:38:22 +0300] "GET /?p=34652 HTTP/1.1" 200 2055 "-" "Mozilla/5.0 (Linux; Android 6.0.1; Nexus 5X Build/MMB29P) AppleWebKit/537.36 (KHTML, like Gecko) Chrome/152.0.7977.82 Mobile Safari/537.36 (compatible; Googlebot/2.1; +http://www.google.com/bot.html)"
66.249.70.163 - - [13/Sep/2026:01:38:22 +0300] "GET /seyh-izzettin/ HTTP/1.1" 404 796 "-" "Mozilla/5.0 (Linux; Android 6.0.1; Nexus 5X Build/MMB29P) AppleWebKit/537.36 (KHTML, like Gecko) Chrome/152.0.7977.82 Mobile Safari/537.36 (compatible; Googlebot/2.1; +http://www.google.com/bot.html)"
66.249.70.163 - - [13/Sep/2026:01:38:23 +0300] "GET /?p=1080 HTTP/1.1" 200 2055 "-" "Mozilla/5.0 (Linux; Android 6.0.1; Nexus 5X Build/MMB29P) AppleWebKit/537.36 (KHTML, like Gecko) Chrome/152.0.7977.82 Mobile Safari/537.36 (compatible; Googlebot/2.1; +http://www.google.com/bot.html)"
66.249.70.163 - - [13/Sep/2026:01:38:26 +0300] "GET /?p=56286 HTTP/1.1" 200 2055 "-" "Mozilla/5.0 (Linux; Android 6.0.1; Nexus 5X Build/MMB29P) AppleWebKit/537.36 (KHTML, like Gecko) Chrome/152.0.7977.82 Mobile Safari/537.36 (compatible; Googlebot/2.1; +http://www.google.com/bot.html)"
66.249.70.163 - - [13/Sep/2026:01:38:26 +0300] "GET /?p=12770 HTTP/1.1" 200 2031 "-" "Mozilla/5.0 (Linux; Android 6.0.1; Nexus 5X Build/MMB29P) AppleWebKit/537.36 (KHTML, like Gecko) Chrome/152.0.7977.82 Mobile Safari/537.36 (compatible; Googlebot/2.1; +http://www.google.com/bot.html)"
66.249.70.163 - - [13/Sep/2026:01:38:29 +0300] "GET /?p=38016 HTTP/1.1" 200 2055 "-" "Mozilla/5.0 (Linux; Android 6.0.1; Nexus 5X Build/MMB29P) AppleWebKit/537.36 (KHTML, like Gecko) Chrome/152.0.7977.82 Mobile Safari/537.36 (compatible; Googlebot/2.1; +http://www.google.com/bot.html)"
66.249.70.163 - - [13/Sep/2026:01:38:32 +0300] "GET /?p=30925 HTTP/1.1" 200 2053 "-" "Mozilla/5.0 (Linux; Android 6.0.1; Nexus 5X Build/MMB29P) AppleWebKit/537.36 (KHTML, like Gecko) Chrome/152.0.7977.82 Mobile Safari/537.36 (compatible; Googlebot/2.1; +http://www.google.com/bot.html)"
66.249.70.163 - - [13/Sep/2026:01:38:32 +0300] "GET /_autoindex/assets/icons/image.svg HTTP/1.1" 200 388 "https://www.evliyalar.net/?p=38016" "Mozilla/5.0 (Linux; Android 6.0.1; Nexus 5X Build/MMB29P) AppleWebKit/537.36 (KHTML, like Gecko) Chrome/152.0.7977.82 Mobile Safari/537.36 (compatible; Googlebot/2.1; +http://www.google.com/bot.html)"
51.8.102.142 - - [13/Sep/2026:01:38:34 +0300] "GET /robots.txt HTTP/2" 200 77 "-" "Mozilla/5.0 (Macintosh; Intel Mac OS X 10_15_7) AppleWebKit/537.36 (KHTML, like Gecko) Chrome/131.0.0.0 Safari/537.36; compatible; OAI-SearchBot/1.0; +https://openai.com/searchbot"
66.249.70.163 - - [13/Sep/2026:01:38:34 +0300] "GET /?p=60917 HTTP/1.1" 200 2053 "-" "Mozilla/5.0 (Linux; Android 6.0.1; Nexus 5X Build/MMB29P) AppleWebKit/537.36 (KHTML, like Gecko) Chrome/152.0.7977.82 Mobile Safari/537.36 (compatible; Googlebot/2.1; +http://www.google.com/bot.html)"
66.249.70.163 - - [13/Sep/2026:01:38:37 +0300] "GET /?p=23485 HTTP/1.1" 200 2055 "-" "Mozilla/5.0 (Linux; Android 6.0.1; Nexus 5X Build/MMB29P) AppleWebKit/537.36 (KHTML, like Gecko) Chrome/152.0.7977.82 Mobile Safari/537.36 (compatible; Googlebot/2.1; +http://www.google.com/bot.html)"
66.249.70.163 - - [13/Sep/2026:01:38:40 +0300] "GET /?p=25852 HTTP/1.1" 200 2055 "-" "Mozilla/5.0 (Linux; Android 6.0.1; Nexus 5X Build/MMB29P) AppleWebKit/537.36 (KHTML, like Gecko) Chrome/152.0.7977.82 Mobile Safari/537.36 (compatible; Googlebot/2.1; +http://www.google.com/bot.html)"
66.249.70.163 - - [13/Sep/2026:01:38:42 +0300] "GET /?p=50502 HTTP/1.1" 200 2055 "-" "Mozilla/5.0 (Linux; Android 6.0.1; Nexus 5X Build/MMB29P) AppleWebKit/537.36 (KHTML, like Gecko) Chrome/152.0.7977.82 Mobile Safari/537.36 (compatible; Googlebot/2.1; +http://www.google.com/bot.html)"
66.249.70.163 - - [13/Sep/2026:01:38:46 +0300] "GET /?p=65726 HTTP/1.1" 200 2055 "-" "Mozilla/5.0 (Linux; Android 6.0.1; Nexus 5X Build/MMB29P) AppleWebKit/537.36 (KHTML, like Gecko) Chrome/152.0.7977.82 Mobile Safari/537.36 (compatible; Googlebot/2.1; +http://www.google.com/bot.html)"
66.249.70.163 - - [13/Sep/2026:01:38:48 +0300] "GET /?p=68805 HTTP/1.1" 200 2054 "-" "Mozilla/5.0 (Linux; Android 6.0.1; Nexus 5X Build/MMB29P) AppleWebKit/537.36 (KHTML, like Gecko) Chrome/152.0.7977.82 Mobile Safari/537.36 (compatible; Googlebot/2.1; +http://www.google.com/bot.html)"
66.249.70.163 - - [13/Sep/2026:01:38:50 +0300] "GET /?p=47744 HTTP/1.1" 200 2029 "-" "Mozilla/5.0 (Linux; Android 6.0.1; Nexus 5X Build/MMB29P) AppleWebKit/537.36 (KHTML, like Gecko) Chrome/152.0.7977.82 Mobile Safari/537.36 (compatible; Googlebot/2.1; +http://www.google.com/bot.html)"
178.243.204.168 - - [13/Sep/2026:01:38:52 +0300] "GET /wp-content/uploads/2015/12/IMG_4979.jpg HTTP/2" 200 1333744 "https://www.google.com/" "Mozilla/5.0 (iPhone; CPU iPhone OS 18_6 like Mac OS X) AppleWebKit/605.1.15 (KHTML, like Gecko) Version/18.6 Mobile/15E148 Safari/604.1"
66.249.70.163 - - [13/Sep/2026:01:38:52 +0300] "GET /?p=52382 HTTP/1.1" 200 2030 "-" "Mozilla/5.0 (Linux; Android 6.0.1; Nexus 5X Build/MMB29P) AppleWebKit/537.36 (KHTML, like Gecko) Chrome/152.0.7977.82 Mobile Safari/537.36 (compatible; Googlebot/2.1; +http://www.google.com/bot.html)"
66.249.70.163 - - [13/Sep/2026:01:38:55 +0300] "GET /?p=49217 HTTP/1.1" 200 2055 "-" "Mozilla/5.0 (Linux; Android 6.0.1; Nexus 5X Build/MMB29P) AppleWebKit/537.36 (KHTML, like Gecko) Chrome/152.0.7977.82 Mobile Safari/537.36 (compatible; Googlebot/2.1; +http://www.google.com/bot.html)"
66.249.70.163 - - [13/Sep/2026:01:38:56 +0300] "GET /tekirdagli-mustafa-feyzi-efendi-k-s/ HTTP/1.1" 404 796 "-" "Mozilla/5.0 (Linux; Android 6.0.1; Nexus 5X Build/MMB29P) AppleWebKit/537.36 (KHTML, like Gecko) Chrome/152.0.7977.82 Mobile Safari/537.36 (compatible; Googlebot/2.1; +http://www.google.com/bot.html)"
66.249.70.163 - - [13/Sep/2026:01:38:58 +0300] "GET /?p=73214 HTTP/1.1" 200 2055 "-" "Mozilla/5.0 (Linux; Android 6.0.1; Nexus 5X Build/MMB29P) AppleWebKit/537.36 (KHTML, like Gecko) Chrome/152.0.7977.82 Mobile Safari/537.36 (compatible; Googlebot/2.1; +http://www.google.com/bot.html)"
213.201.253.178 - - [13/Sep/2026:01:38:58 +0300] "GET /kategori/iller/page/19/ HTTP/2" 404 796 "-" "Mozilla/5.0 (Macintosh; Intel Mac OS X 10_15_7) AppleWebKit/537.36 (KHTML, like Gecko) Chrome/142.0.0.0 Safari/537.36"
66.249.70.163 - - [13/Sep/2026:01:39:00 +0300] "GET /?p=35507 HTTP/1.1" 200 2055 "-" "Mozilla/5.0 (Linux; Android 6.0.1; Nexus 5X Build/MMB29P) AppleWebKit/537.36 (KHTML, like Gecko) Chrome/152.0.7977.82 Mobile Safari/537.36 (compatible; Googlebot/2.1; +http://www.google.com/bot.html)"
