66.249.70.163 - - [13/Sep/2026:03:11:29 +0300] "GET /?p=26906 HTTP/1.1" 200 2049 "-" "Mozilla/5.0 (Linux; Android 6.0.1; Nexus 5X Build/MMB29P) AppleWebKit/537.36 (KHTML, like Gecko) Chrome/152.0.7977.82 Mobile Safari/537.36 (compatible; Googlebot/2.1; +http://www.google.com/bot.html)"
66.249.70.163 - - [13/Sep/2026:03:11:30 +0300] "GET /?p=43575 HTTP/1.1" 200 2049 "-" "Mozilla/5.0 (Linux; Android 6.0.1; Nexus 5X Build/MMB29P) AppleWebKit/537.36 (KHTML, like Gecko) Chrome/152.0.7977.82 Mobile Safari/537.36 (compatible; Googlebot/2.1; +http://www.google.com/bot.html)"
66.249.70.163 - - [13/Sep/2026:03:11:32 +0300] "GET /?p=23163 HTTP/1.1" 200 2049 "-" "Mozilla/5.0 (Linux; Android 6.0.1; Nexus 5X Build/MMB29P) AppleWebKit/537.36 (KHTML, like Gecko) Chrome/152.0.7977.82 Mobile Safari/537.36 (compatible; Googlebot/2.1; +http://www.google.com/bot.html)"
66.249.70.163 - - [13/Sep/2026:03:11:34 +0300] "GET /?p=26351 HTTP/1.1" 200 2049 "-" "Mozilla/5.0 (Linux; Android 6.0.1; Nexus 5X Build/MMB29P) AppleWebKit/537.36 (KHTML, like Gecko) Chrome/152.0.7977.82 Mobile Safari/537.36 (compatible; Googlebot/2.1; +http://www.google.com/bot.html)"
66.249.70.163 - - [13/Sep/2026:03:11:37 +0300] "GET /?p=4306 HTTP/1.1" 200 2046 "-" "Mozilla/5.0 (Linux; Android 6.0.1; Nexus 5X Build/MMB29P) AppleWebKit/537.36 (KHTML, like Gecko) Chrome/152.0.7977.82 Mobile Safari/537.36 (compatible; Googlebot/2.1; +http://www.google.com/bot.html)"
66.249.70.163 - - [13/Sep/2026:03:11:40 +0300] "GET /?p=21271 HTTP/1.1" 200 2046 "-" "Mozilla/5.0 (Linux; Android 6.0.1; Nexus 5X Build/MMB29P) AppleWebKit/537.36 (KHTML, like Gecko) Chrome/152.0.7977.82 Mobile Safari/537.36 (compatible; Googlebot/2.1; +http://www.google.com/bot.html)"
66.249.70.163 - - [13/Sep/2026:03:11:41 +0300] "GET /?p=2302 HTTP/1.1" 200 2046 "-" "Mozilla/5.0 (Linux; Android 6.0.1; Nexus 5X Build/MMB29P) AppleWebKit/537.36 (KHTML, like Gecko) Chrome/152.0.7977.82 Mobile Safari/537.36 (compatible; Googlebot/2.1; +http://www.google.com/bot.html)"
66.249.70.163 - - [13/Sep/2026:03:11:42 +0300] "GET /?p=11801 HTTP/1.1" 200 2023 "-" "Mozilla/5.0 (Linux; Android 6.0.1; Nexus 5X Build/MMB29P) AppleWebKit/537.36 (KHTML, like Gecko) Chrome/152.0.7977.82 Mobile Safari/537.36 (compatible; Googlebot/2.1; +http://www.google.com/bot.html)"
66.249.70.163 - - [13/Sep/2026:03:11:43 +0300] "GET /?p=16537 HTTP/1.1" 200 2046 "-" "Mozilla/5.0 (Linux; Android 6.0.1; Nexus 5X Build/MMB29P) AppleWebKit/537.36 (KHTML, like Gecko) Chrome/152.0.7977.82 Mobile Safari/537.36 (compatible; Googlebot/2.1; +http://www.google.com/bot.html)"
66.249.70.163 - - [13/Sep/2026:03:11:45 +0300] "GET /?p=66463 HTTP/1.1" 200 2046 "-" "Mozilla/5.0 (Linux; Android 6.0.1; Nexus 5X Build/MMB29P) AppleWebKit/537.36 (KHTML, like Gecko) Chrome/152.0.7977.82 Mobile Safari/537.36 (compatible; Googlebot/2.1; +http://www.google.com/bot.html)"
66.249.70.163 - - [13/Sep/2026:03:11:46 +0300] "GET /?p=9204 HTTP/1.1" 200 2046 "-" "Mozilla/5.0 (Linux; Android 6.0.1; Nexus 5X Build/MMB29P) AppleWebKit/537.36 (KHTML, like Gecko) Chrome/152.0.7977.82 Mobile Safari/537.36 (compatible; Googlebot/2.1; +http://www.google.com/bot.html)"
66.249.70.163 - - [13/Sep/2026:03:11:49 +0300] "GET /?p=26935 HTTP/1.1" 200 2048 "-" "Mozilla/5.0 (Linux; Android 6.0.1; Nexus 5X Build/MMB29P) AppleWebKit/537.36 (KHTML, like Gecko) Chrome/152.0.7977.82 Mobile Safari/537.36 (compatible; Googlebot/2.1; +http://www.google.com/bot.html)"
66.249.70.163 - - [13/Sep/2026:03:11:51 +0300] "GET /?p=2724 HTTP/1.1" 200 2048 "-" "Mozilla/5.0 (Linux; Android 6.0.1; Nexus 5X Build/MMB29P) AppleWebKit/537.36 (KHTML, like Gecko) Chrome/152.0.7977.82 Mobile Safari/537.36 (compatible; Googlebot/2.1; +http://www.google.com/bot.html)"
66.249.70.163 - - [13/Sep/2026:03:11:51 +0300] "GET /?p=57499 HTTP/1.1" 200 2048 "-" "Mozilla/5.0 (Linux; Android 6.0.1; Nexus 5X Build/MMB29P) AppleWebKit/537.36 (KHTML, like Gecko) Chrome/152.0.7977.82 Mobile Safari/537.36 (compatible; Googlebot/2.1; +http://www.google.com/bot.html)"
66.249.70.163 - - [13/Sep/2026:03:11:52 +0300] "GET /wp-content/uploads/2022/12/Karyagdi-Sultan-Turbesi6.jpg HTTP/1.1" 304 0 "-" "Googlebot-Image/1.0"
66.249.70.163 - - [13/Sep/2026:03:11:53 +0300] "GET /?p=60562 HTTP/1.1" 200 2048 "-" "Mozilla/5.0 (Linux; Android 6.0.1; Nexus 5X Build/MMB29P) AppleWebKit/537.36 (KHTML, like Gecko) Chrome/152.0.7977.82 Mobile Safari/537.36 (compatible; Googlebot/2.1; +http://www.google.com/bot.html)"
66.249.70.163 - - [13/Sep/2026:03:11:54 +0300] "GET /_autoindex/assets/css/autoindex.css HTTP/1.1" 200 1170 "https://www.evliyalar.net/?p=9204" "Mozilla/5.0 (Linux; Android 6.0.1; Nexus 5X Build/MMB29P) AppleWebKit/537.36 (KHTML, like Gecko) Chrome/152.0.7977.82 Mobile Safari/537.36 (compatible; Googlebot/2.1; +http://www.google.com/bot.html)"
66.249.70.163 - - [13/Sep/2026:03:11:56 +0300] "GET /?p=16578 HTTP/1.1" 200 2048 "-" "Mozilla/5.0 (Linux; Android 6.0.1; Nexus 5X Build/MMB29P) AppleWebKit/537.36 (KHTML, like Gecko) Chrome/152.0.7977.82 Mobile Safari/537.36 (compatible; Googlebot/2.1; +http://www.google.com/bot.html)"
66.249.70.163 - - [13/Sep/2026:03:11:58 +0300] "GET /?p=37811 HTTP/1.1" 200 2051 "-" "Mozilla/5.0 (Linux; Android 6.0.1; Nexus 5X Build/MMB29P) AppleWebKit/537.36 (KHTML, like Gecko) Chrome/152.0.7977.82 Mobile Safari/537.36 (compatible; Googlebot/2.1; +http://www.google.com/bot.html)"
66.249.70.164 - - [13/Sep/2026:03:12:02 +0300] "GET /?p=53590 HTTP/1.1" 200 2051 "-" "Mozilla/5.0 (Linux; Android 6.0.1; Nexus 5X Build/MMB29P) AppleWebKit/537.36 (KHTML, like Gecko) Chrome/152.0.7977.82 Mobile Safari/537.36 (compatible; Googlebot/2.1; +http://www.google.com/bot.html)"
66.249.70.164 - - [13/Sep/2026:03:12:03 +0300] "GET /?p=33380 HTTP/1.1" 200 2051 "-" "Mozilla/5.0 (Linux; Android 6.0.1; Nexus 5X Build/MMB29P) AppleWebKit/537.36 (KHTML, like Gecko) Chrome/152.0.7977.82 Mobile Safari/537.36 (compatible; Googlebot/2.1; +http://www.google.com/bot.html)"
66.249.70.164 - - [13/Sep/2026:03:12:06 +0300] "GET /hz-eyyup-a-s-sanliurfa/img_4325/ HTTP/1.1" 404 796 "-" "Mozilla/5.0 (Linux; Android 6.0.1; Nexus 5X Build/MMB29P) AppleWebKit/537.36 (KHTML, like Gecko) Chrome/152.0.7977.82 Mobile Safari/537.36 (compatible; Googlebot/2.1; +http://www.google.com/bot.html)"
66.249.70.164 - - [13/Sep/2026:03:12:07 +0300] "GET /?p=15379 HTTP/1.1" 200 2051 "-" "Mozilla/5.0 (Linux; Android 6.0.1; Nexus 5X Build/MMB29P) AppleWebKit/537.36 (KHTML, like Gecko) Chrome/152.0.7977.82 Mobile Safari/537.36 (compatible; Googlebot/2.1; +http://www.google.com/bot.html)"
66.249.70.163 - - [13/Sep/2026:03:12:12 +0300] "GET /?p=14241 HTTP/1.1" 200 2047 "-" "Mozilla/5.0 (Linux; Android 6.0.1; Nexus 5X Build/MMB29P) AppleWebKit/537.36 (KHTML, like Gecko) Chrome/152.0.7977.82 Mobile Safari/537.36 (compatible; Googlebot/2.1; +http://www.google.com/bot.html)"
66.249.70.163 - - [13/Sep/2026:03:12:13 +0300] "GET /_autoindex/assets/css/autoindex.css HTTP/1.1" 200 1170 "https://www.evliyalar.net/?p=5369" "Mozilla/5.0 (Linux; Android 6.0.1; Nexus 5X Build/MMB29P) AppleWebKit/537.36 (KHTML, like Gecko) Chrome/152.0.7977.82 Mobile Safari/537.36 (compatible; Googlebot/2.1; +http://www.google.com/bot.html)"
66.249.70.163 - - [13/Sep/2026:03:12:13 +0300] "GET /?p=27918 HTTP/1.1" 200 2047 "-" "Mozilla/5.0 (Linux; Android 6.0.1; Nexus 5X Build/MMB29P) AppleWebKit/537.36 (KHTML, like Gecko) Chrome/152.0.7977.82 Mobile Safari/537.36 (compatible; Googlebot/2.1; +http://www.google.com/bot.html)"
66.249.70.163 - - [13/Sep/2026:03:12:14 +0300] "GET /?p=8649 HTTP/1.1" 200 2047 "-" "Mozilla/5.0 (Linux; Android 6.0.1; Nexus 5X Build/MMB29P) AppleWebKit/537.36 (KHTML, like Gecko) Chrome/152.0.7977.82 Mobile Safari/537.36 (compatible; Googlebot/2.1; +http://www.google.com/bot.html)"
66.249.70.163 - - [13/Sep/2026:03:12:15 +0300] "GET /?p=15721 HTTP/1.1" 200 2047 "-" "Mozilla/5.0 (Linux; Android 6.0.1; Nexus 5X Build/MMB29P) AppleWebKit/537.36 (KHTML, like Gecko) Chrome/152.0.7977.82 Mobile Safari/537.36 (compatible; Googlebot/2.1; +http://www.google.com/bot.html)"
66.249.70.163 - - [13/Sep/2026:03:12:18 +0300] "GET /?p=65696 HTTP/1.1" 200 2047 "-" "Mozilla/5.0 (Linux; Android 6.0.1; Nexus 5X Build/MMB29P) AppleWebKit/537.36 (KHTML, like Gecko) Chrome/152.0.7977.82 Mobile Safari/537.36 (compatible; Googlebot/2.1; +http://www.google.com/bot.html)"
66.249.70.163 - - [13/Sep/2026:03:12:20 +0300] "GET /?p=12088 HTTP/1.1" 200 2047 "-" "Mozilla/5.0 (Linux; Android 6.0.1; Nexus 5X Build/MMB29P) AppleWebKit/537.36 (KHTML, like Gecko) Chrome/152.0.7977.82 Mobile Safari/537.36 (compatible; Googlebot/2.1; +http://www.google.com/bot.html)"
66.249.70.163 - - [13/Sep/2026:03:12:22 +0300] "GET /?p=31668 HTTP/1.1" 200 2047 "-" "Mozilla/5.0 (Linux; Android 6.0.1; Nexus 5X Build/MMB29P) AppleWebKit/537.36 (KHTML, like Gecko) Chrome/152.0.7977.82 Mobile Safari/537.36 (compatible; Googlebot/2.1; +http://www.google.com/bot.html)"
66.249.70.163 - - [13/Sep/2026:03:12:24 +0300] "GET /?p=29524 HTTP/1.1" 200 2047 "-" "Mozilla/5.0 (Linux; Android 6.0.1; Nexus 5X Build/MMB29P) AppleWebKit/537.36 (KHTML, like Gecko) Chrome/152.0.7977.82 Mobile Safari/537.36 (compatible; Googlebot/2.1; +http://www.google.com/bot.html)"
45.78.207.167 - - [13/Sep/2026:03:12:26 +0300] "GET /wp-admin/admin-ajax.php?action=process_simple_like&nonce=05c1015776&post_id=9524&disabled=true&is_comment=0 HTTP/2" 403 787 "-" "Mozilla/5.0 (Macintosh; Intel Mac OS X 10_15_7) AppleWebKit/537.36 (KHTML, like Gecko) Chrome/131.0.0.0 Safari/537.36"
66.249.70.163 - - [13/Sep/2026:03:12:26 +0300] "GET /?p=62756 HTTP/1.1" 200 2047 "-" "Mozilla/5.0 (Linux; Android 6.0.1; Nexus 5X Build/MMB29P) AppleWebKit/537.36 (KHTML, like Gecko) Chrome/152.0.7977.82 Mobile Safari/537.36 (compatible; Googlebot/2.1; +http://www.google.com/bot.html)"
66.249.70.163 - - [13/Sep/2026:03:12:30 +0300] "GET /?p=73811 HTTP/1.1" 200 2047 "-" "Mozilla/5.0 (Linux; Android 6.0.1; Nexus 5X Build/MMB29P) AppleWebKit/537.36 (KHTML, like Gecko) Chrome/152.0.7977.82 Mobile Safari/537.36 (compatible; Googlebot/2.1; +http://www.google.com/bot.html)"
66.249.70.163 - - [13/Sep/2026:03:12:30 +0300] "GET /?p=53804 HTTP/1.1" 200 2047 "-" "Mozilla/5.0 (Linux; Android 6.0.1; Nexus 5X Build/MMB29P) AppleWebKit/537.36 (KHTML, like Gecko) Chrome/152.0.7977.82 Mobile Safari/537.36 (compatible; Googlebot/2.1; +http://www.google.com/bot.html)"
41.249.153.149 - - [13/Sep/2026:03:12:30 +0300] "POST /xmlrpc.php HTTP/1.1" 200 412 "-" "Jetpack by WordPress.com"
66.249.70.163 - - [13/Sep/2026:03:12:34 +0300] "GET /?p=67819 HTTP/1.1" 200 2022 "-" "Mozilla/5.0 (Linux; Android 6.0.1; Nexus 5X Build/MMB29P) AppleWebKit/537.36 (KHTML, like Gecko) Chrome/152.0.7977.82 Mobile Safari/537.36 (compatible; Googlebot/2.1; +http://www.google.com/bot.html)"
66.249.70.163 - - [13/Sep/2026:03:12:35 +0300] "GET /?p=13593 HTTP/1.1" 200 2050 "-" "Mozilla/5.0 (Linux; Android 6.0.1; Nexus 5X Build/MMB29P) AppleWebKit/537.36 (KHTML, like Gecko) Chrome/152.0.7977.82 Mobile Safari/537.36 (compatible; Googlebot/2.1; +http://www.google.com/bot.html)"
66.249.70.163 - - [13/Sep/2026:03:12:37 +0300] "GET /?p=36832 HTTP/1.1" 200 2050 "-" "Mozilla/5.0 (Linux; Android 6.0.1; Nexus 5X Build/MMB29P) AppleWebKit/537.36 (KHTML, like Gecko) Chrome/152.0.7977.82 Mobile Safari/537.36 (compatible; Googlebot/2.1; +http://www.google.com/bot.html)"
66.249.70.163 - - [13/Sep/2026:03:12:38 +0300] "GET /?p=12571 HTTP/1.1" 200 2050 "-" "Mozilla/5.0 (Linux; Android 6.0.1; Nexus 5X Build/MMB29P) AppleWebKit/537.36 (KHTML, like Gecko) Chrome/152.0.7977.82 Mobile Safari/537.36 (compatible; Googlebot/2.1; +http://www.google.com/bot.html)"
66.249.70.163 - - [13/Sep/2026:03:12:39 +0300] "GET /?p=10333 HTTP/1.1" 200 2050 "-" "Mozilla/5.0 (Linux; Android 6.0.1; Nexus 5X Build/MMB29P) AppleWebKit/537.36 (KHTML, like Gecko) Chrome/152.0.7977.82 Mobile Safari/537.36 (compatible; Googlebot/2.1; +http://www.google.com/bot.html)"
41.249.153.149 - - [13/Sep/2026:03:12:40 +0300] "POST /xmlrpc.php HTTP/1.1" 200 412 "-" "Jetpack/12.0; WordPress/6.3; http://site56434536.com"
66.249.70.163 - - [13/Sep/2026:03:12:43 +0300] "GET /?p=20439 HTTP/1.1" 200 2049 "-" "Mozilla/5.0 (Linux; Android 6.0.1; Nexus 5X Build/MMB29P) AppleWebKit/537.36 (KHTML, like Gecko) Chrome/152.0.7977.82 Mobile Safari/537.36 (compatible; Googlebot/2.1; +http://www.google.com/bot.html)"
66.249.70.163 - - [13/Sep/2026:03:12:46 +0300] "GET /?p=14294 HTTP/1.1" 200 2049 "-" "Mozilla/5.0 (Linux; Android 6.0.1; Nexus 5X Build/MMB29P) AppleWebKit/537.36 (KHTML, like Gecko) Chrome/152.0.7977.82 Mobile Safari/537.36 (compatible; Googlebot/2.1; +http://www.google.com/bot.html)"
66.249.70.163 - - [13/Sep/2026:03:12:49 +0300] "GET /?p=35683 HTTP/1.1" 200 2049 "-" "Mozilla/5.0 (Linux; Android 6.0.1; Nexus 5X Build/MMB29P) AppleWebKit/537.36 (KHTML, like Gecko) Chrome/152.0.7977.82 Mobile Safari/537.36 (compatible; Googlebot/2.1; +http://www.google.com/bot.html)"
66.249.70.163 - - [13/Sep/2026:03:12:52 +0300] "GET /?p=62381 HTTP/1.1" 200 2045 "-" "Mozilla/5.0 (Linux; Android 6.0.1; Nexus 5X Build/MMB29P) AppleWebKit/537.36 (KHTML, like Gecko) Chrome/152.0.7977.82 Mobile Safari/537.36 (compatible; Googlebot/2.1; +http://www.google.com/bot.html)"
66.249.70.163 - - [13/Sep/2026:03:12:52 +0300] "GET /?p=70155 HTTP/1.1" 200 2045 "-" "Mozilla/5.0 (Linux; Android 6.0.1; Nexus 5X Build/MMB29P) AppleWebKit/537.36 (KHTML, like Gecko) Chrome/152.0.7977.82 Mobile Safari/537.36 (compatible; Googlebot/2.1; +http://www.google.com/bot.html)"
41.249.153.149 - - [13/Sep/2026:03:11:35 +0300] "POST /xmlrpc.php HTTP/1.1" 200 412 "-" "Jetpack/12.1; WordPress/6.1; http://site71148797.com"
40.77.167.32 - - [13/Sep/2026:03:11:41 +0300] "GET /video/sieu-pham-cua-nguyen-dinh-bac-tai-asean-cup-2026-325-455901.html HTTP/2" 404 796 "-" "Mozilla/5.0 AppleWebKit/537.36 (KHTML, like Gecko; compatible; bingbot/2.0; +http://www.bing.com/bingbot.htm) Chrome/116.0.1938.76 Safari/537.36"
41.249.153.149 - - [13/Sep/2026:03:11:46 +0300] "POST /xmlrpc.php HTTP/1.1" 200 412 "-" "Jetpack by WordPress.com (Jetpack 12.5; WordPress 6.2)"
40.77.167.32 - - [13/Sep/2026:03:11:50 +0300] "GET /wp-content/uploads/2022/12/Zahidul-Kevseri3-235x420.jpg HTTP/2" 200 19740 "-" "Mozilla/5.0 AppleWebKit/537.36 (KHTML, like Gecko; compatible; bingbot/2.0; +http://www.bing.com/bingbot.htm) Chrome/116.0.1938.76 Safari/537.36"
41.249.153.149 - - [13/Sep/2026:03:11:57 +0300] "POST /xmlrpc.php HTTP/1.1" 200 412 "-" "Jetpack by WordPress.com"
66.249.70.163 - - [13/Sep/2026:03:12:06 +0300] "GET /?p=47873 HTTP/1.1" 200 2051 "-" "Mozilla/5.0 (Linux; Android 6.0.1; Nexus 5X Build/MMB29P) AppleWebKit/537.36 (KHTML, like Gecko) Chrome/152.0.7977.82 Mobile Safari/537.36 (compatible; Googlebot/2.1; +http://www.google.com/bot.html)"
66.249.70.163 - - [13/Sep/2026:03:12:06 +0300] "GET /?p=37804 HTTP/1.1" 200 2051 "-" "Mozilla/5.0 (Linux; Android 6.0.1; Nexus 5X Build/MMB29P) AppleWebKit/537.36 (KHTML, like Gecko) Chrome/152.0.7977.82 Mobile Safari/537.36 (compatible; Googlebot/2.1; +http://www.google.com/bot.html)"
41.249.153.149 - - [13/Sep/2026:03:12:08 +0300] "POST /xmlrpc.php HTTP/1.1" 200 412 "-" "WordPress.com; https://wordpress.com"
66.249.70.163 - - [13/Sep/2026:03:12:09 +0300] "GET /?p=5369 HTTP/1.1" 200 2047 "-" "Mozilla/5.0 (Linux; Android 6.0.1; Nexus 5X Build/MMB29P) AppleWebKit/537.36 (KHTML, like Gecko) Chrome/152.0.7977.82 Mobile Safari/537.36 (compatible; Googlebot/2.1; +http://www.google.com/bot.html)"
66.249.70.163 - - [13/Sep/2026:03:12:10 +0300] "GET /_autoindex/assets/css/autoindex.css HTTP/1.1" 200 1170 "https://www.evliyalar.net/?p=33380" "Mozilla/5.0 (Linux; Android 6.0.1; Nexus 5X Build/MMB29P) AppleWebKit/537.36 (KHTML, like Gecko) Chrome/152.0.7977.82 Mobile Safari/537.36 (compatible; Googlebot/2.1; +http://www.google.com/bot.html)"
66.249.70.163 - - [13/Sep/2026:03:12:12 +0300] "GET /?p=4064&refurl=https://www.evliyalar.net/?p=54980 HTTP/1.1" 200 2047 "-" "Mozilla/5.0 (Linux; Android 6.0.1; Nexus 5X Build/MMB29P) AppleWebKit/537.36 (KHTML, like Gecko) Chrome/152.0.7977.82 Mobile Safari/537.36 (compatible; Googlebot/2.1; +http://www.google.com/bot.html)"
17.166.25.237 - - [13/Sep/2026:03:12:15 +0300] "GET /wp-content/uploads/2015/09/DSC01153-150x150.jpg HTTP/2" 200 6613 "-" "Mozilla/5.0 (Macintosh; Intel Mac OS X 10_15_7) AppleWebKit/605.1.15 (KHTML, like Gecko) Version/17.4 Safari/605.1.15 (Applebot/0.1; +http://www.apple.com/go/applebot)"
89.43.31.214 - - [13/Sep/2026:03:12:52 +0300] "POST /wp-cron.php?doing_wp_cron=1789258372.9730389118194580078125 HTTP/1.1" 200 0 "-" "WordPress/6.5.10; https://www.evliyalar.net"
66.249.70.163 - - [13/Sep/2026:03:12:55 +0300] "GET /wp-content/uploads/2023/03/Yedi-Erenler-Canakkale1.jpg HTTP/1.1" 304 0 "-" "Googlebot-Image/1.0"
66.249.70.163 - - [13/Sep/2026:03:12:58 +0300] "GET /?p=48751 HTTP/1.1" 200 2024 "-" "Mozilla/5.0 (Linux; Android 6.0.1; Nexus 5X Build/MMB29P) AppleWebKit/537.36 (KHTML, like Gecko) Chrome/152.0.7977.82 Mobile Safari/537.36 (compatible; Googlebot/2.1; +http://www.google.com/bot.html)"
66.249.70.164 - - [13/Sep/2026:03:13:00 +0300] "GET /?p=41306 HTTP/1.1" 200 2051 "-" "Mozilla/5.0 (Linux; Android 6.0.1; Nexus 5X Build/MMB29P) AppleWebKit/537.36 (KHTML, like Gecko) Chrome/152.0.7977.82 Mobile Safari/537.36 (compatible; Googlebot/2.1; +http://www.google.com/bot.html)"
41.249.153.149 - - [13/Sep/2026:03:12:51 +0300] "POST /xmlrpc.php HTTP/1.1" 200 412 "-" "Jetpack/12.5; WordPress/6.4; http://site54959514.com"
66.249.70.163 - - [13/Sep/2026:03:12:55 +0300] "GET /?p=46368 HTTP/1.1" 200 2024 "-" "Mozilla/5.0 (Linux; Android 6.0.1; Nexus 5X Build/MMB29P) AppleWebKit/537.36 (KHTML, like Gecko) Chrome/152.0.7977.82 Mobile Safari/537.36 (compatible; Googlebot/2.1; +http://www.google.com/bot.html)"
41.249.153.149 - - [13/Sep/2026:03:13:02 +0300] "POST /xmlrpc.php HTTP/1.1" 200 412 "-" "WordPress.com; https://wordpress.com"
66.249.70.164 - - [13/Sep/2026:03:13:09 +0300] "GET /?p=21788 HTTP/1.1" 200 2051 "-" "Mozilla/5.0 (Linux; Android 6.0.1; Nexus 5X Build/MMB29P) AppleWebKit/537.36 (KHTML, like Gecko) Chrome/152.0.7977.82 Mobile Safari/537.36 (compatible; Googlebot/2.1; +http://www.google.com/bot.html)"
66.249.70.163 - - [13/Sep/2026:03:13:11 +0300] "GET /?p=63587 HTTP/1.1" 200 2051 "-" "Mozilla/5.0 (Linux; Android 6.0.1; Nexus 5X Build/MMB29P) AppleWebKit/537.36 (KHTML, like Gecko) Chrome/152.0.7977.82 Mobile Safari/537.36 (compatible; Googlebot/2.1; +http://www.google.com/bot.html)"
66.249.70.163 - - [13/Sep/2026:03:13:13 +0300] "GET /?p=11968 HTTP/1.1" 200 2023 "-" "Mozilla/5.0 (Linux; Android 6.0.1; Nexus 5X Build/MMB29P) AppleWebKit/537.36 (KHTML, like Gecko) Chrome/152.0.7977.82 Mobile Safari/537.36 (compatible; Googlebot/2.1; +http://www.google.com/bot.html)"
41.249.153.149 - - [13/Sep/2026:03:13:13 +0300] "POST /xmlrpc.php HTTP/1.1" 200 412 "-" "Jetpack/13.0; WordPress/6.1; http://site85334535.com"
66.249.70.163 - - [13/Sep/2026:03:13:15 +0300] "GET /?p=17778 HTTP/1.1" 200 2052 "-" "Mozilla/5.0 (Linux; Android 6.0.1; Nexus 5X Build/MMB29P) AppleWebKit/537.36 (KHTML, like Gecko) Chrome/152.0.7977.82 Mobile Safari/537.36 (compatible; Googlebot/2.1; +http://www.google.com/bot.html)"
66.249.70.163 - - [13/Sep/2026:03:13:18 +0300] "GET /?p=12648 HTTP/1.1" 200 2052 "-" "Mozilla/5.0 (Linux; Android 6.0.1; Nexus 5X Build/MMB29P) AppleWebKit/537.36 (KHTML, like Gecko) Chrome/152.0.7977.82 Mobile Safari/537.36 (compatible; Googlebot/2.1; +http://www.google.com/bot.html)"
66.249.70.163 - - [13/Sep/2026:03:13:19 +0300] "GET /?p=20958 HTTP/1.1" 200 2052 "-" "Mozilla/5.0 (Linux; Android 6.0.1; Nexus 5X Build/MMB29P) AppleWebKit/537.36 (KHTML, like Gecko) Chrome/152.0.7977.82 Mobile Safari/537.36 (compatible; Googlebot/2.1; +http://www.google.com/bot.html)"
66.249.70.163 - - [13/Sep/2026:03:13:19 +0300] "GET /?p=40369 HTTP/1.1" 200 2025 "-" "Mozilla/5.0 (Linux; Android 6.0.1; Nexus 5X Build/MMB29P) AppleWebKit/537.36 (KHTML, like Gecko) Chrome/152.0.7977.82 Mobile Safari/537.36 (compatible; Googlebot/2.1; +http://www.google.com/bot.html)"
66.249.70.163 - - [13/Sep/2026:03:13:20 +0300] "GET /?p=4992 HTTP/1.1" 200 2052 "-" "Mozilla/5.0 (Linux; Android 6.0.1; Nexus 5X Build/MMB29P) AppleWebKit/537.36 (KHTML, like Gecko) Chrome/152.0.7977.82 Mobile Safari/537.36 (compatible; Googlebot/2.1; +http://www.google.com/bot.html)"
66.249.70.163 - - [13/Sep/2026:03:13:20 +0300] "GET /?p=65717 HTTP/1.1" 200 2052 "-" "Mozilla/5.0 (Linux; Android 6.0.1; Nexus 5X Build/MMB29P) AppleWebKit/537.36 (KHTML, like Gecko) Chrome/152.0.7977.82 Mobile Safari/537.36 (compatible; Googlebot/2.1; +http://www.google.com/bot.html)"
66.249.70.163 - - [13/Sep/2026:03:13:21 +0300] "GET /?p=40468 HTTP/1.1" 200 2052 "-" "Mozilla/5.0 (Linux; Android 6.0.1; Nexus 5X Build/MMB29P) AppleWebKit/537.36 (KHTML, like Gecko) Chrome/152.0.7977.82 Mobile Safari/537.36 (compatible; Googlebot/2.1; +http://www.google.com/bot.html)"
66.249.70.163 - - [13/Sep/2026:03:13:23 +0300] "GET /?p=72238 HTTP/1.1" 200 2049 "-" "Mozilla/5.0 (Linux; Android 6.0.1; Nexus 5X Build/MMB29P) AppleWebKit/537.36 (KHTML, like Gecko) Chrome/152.0.7977.82 Mobile Safari/537.36 (compatible; Googlebot/2.1; +http://www.google.com/bot.html)"
91.246.176.21 - - [13/Sep/2026:03:13:24 +0300] "GET /wp-login.php HTTP/1.1" 200 3230 "-" "python-requests/2.34.2"
66.249.70.163 - - [13/Sep/2026:03:13:26 +0300] "GET /?p=40260 HTTP/1.1" 200 2052 "-" "Mozilla/5.0 (Linux; Android 6.0.1; Nexus 5X Build/MMB29P) AppleWebKit/537.36 (KHTML, like Gecko) Chrome/152.0.7977.82 Mobile Safari/537.36 (compatible; Googlebot/2.1; +http://www.google.com/bot.html)"
41.249.153.149 - - [13/Sep/2026:03:13:24 +0300] "POST /xmlrpc.php HTTP/1.1" 200 412 "-" "Jetpack by WordPress.com"
66.249.70.163 - - [13/Sep/2026:03:13:29 +0300] "GET /?p=215 HTTP/1.1" 200 2052 "-" "Mozilla/5.0 (Linux; Android 6.0.1; Nexus 5X Build/MMB29P) AppleWebKit/537.36 (KHTML, like Gecko) Chrome/152.0.7977.82 Mobile Safari/537.36 (compatible; Googlebot/2.1; +http://www.google.com/bot.html)"
66.249.70.163 - - [13/Sep/2026:03:13:31 +0300] "GET /?p=27662 HTTP/1.1" 200 2052 "-" "Mozilla/5.0 (Linux; Android 6.0.1; Nexus 5X Build/MMB29P) AppleWebKit/537.36 (KHTML, like Gecko) Chrome/152.0.7977.82 Mobile Safari/537.36 (compatible; Googlebot/2.1; +http://www.google.com/bot.html)"
66.249.70.163 - - [13/Sep/2026:03:13:34 +0300] "GET /?p=38903 HTTP/1.1" 200 2052 "-" "Mozilla/5.0 (Linux; Android 6.0.1; Nexus 5X Build/MMB29P) AppleWebKit/537.36 (KHTML, like Gecko) Chrome/152.0.7977.82 Mobile Safari/537.36 (compatible; Googlebot/2.1; +http://www.google.com/bot.html)"
41.249.153.149 - - [13/Sep/2026:03:13:34 +0300] "POST /xmlrpc.php HTTP/1.1" 200 412 "-" "WordPress.com; https://wordpress.com"
66.249.70.163 - - [13/Sep/2026:03:13:36 +0300] "GET /?p=42938 HTTP/1.1" 200 2051 "-" "Mozilla/5.0 (Linux; Android 6.0.1; Nexus 5X Build/MMB29P) AppleWebKit/537.36 (KHTML, like Gecko) Chrome/152.0.7977.82 Mobile Safari/537.36 (compatible; Googlebot/2.1; +http://www.google.com/bot.html)"
66.249.70.163 - - [13/Sep/2026:03:13:39 +0300] "GET /?p=51187 HTTP/1.1" 200 2025 "-" "Mozilla/5.0 (Linux; Android 6.0.1; Nexus 5X Build/MMB29P) AppleWebKit/537.36 (KHTML, like Gecko) Chrome/152.0.7977.82 Mobile Safari/537.36 (compatible; Googlebot/2.1; +http://www.google.com/bot.html)"
66.249.70.163 - - [13/Sep/2026:03:13:43 +0300] "GET /?p=27363 HTTP/1.1" 200 2051 "-" "Mozilla/5.0 (Linux; Android 6.0.1; Nexus 5X Build/MMB29P) AppleWebKit/537.36 (KHTML, like Gecko) Chrome/152.0.7977.82 Mobile Safari/537.36 (compatible; Googlebot/2.1; +http://www.google.com/bot.html)"
66.249.70.163 - - [13/Sep/2026:03:13:45 +0300] "GET /?p=21246 HTTP/1.1" 200 2051 "-" "Mozilla/5.0 (Linux; Android 6.0.1; Nexus 5X Build/MMB29P) AppleWebKit/537.36 (KHTML, like Gecko) Chrome/152.0.7977.82 Mobile Safari/537.36 (compatible; Googlebot/2.1; +http://www.google.com/bot.html)"
41.249.153.149 - - [13/Sep/2026:03:13:45 +0300] "POST /xmlrpc.php HTTP/1.1" 200 412 "-" "Jetpack by WordPress.com"
66.249.70.163 - - [13/Sep/2026:03:13:47 +0300] "GET /?p=6193 HTTP/1.1" 200 2049 "-" "Mozilla/5.0 (Linux; Android 6.0.1; Nexus 5X Build/MMB29P) AppleWebKit/537.36 (KHTML, like Gecko) Chrome/152.0.7977.82 Mobile Safari/537.36 (compatible; Googlebot/2.1; +http://www.google.com/bot.html)"
66.249.70.163 - - [13/Sep/2026:03:13:51 +0300] "GET /?p=4550 HTTP/1.1" 200 2049 "-" "Mozilla/5.0 (Linux; Android 6.0.1; Nexus 5X Build/MMB29P) AppleWebKit/537.36 (KHTML, like Gecko) Chrome/152.0.7977.82 Mobile Safari/537.36 (compatible; Googlebot/2.1; +http://www.google.com/bot.html)"
66.249.70.163 - - [13/Sep/2026:03:13:53 +0300] "GET /?p=26912 HTTP/1.1" 200 2024 "-" "Mozilla/5.0 (Linux; Android 6.0.1; Nexus 5X Build/MMB29P) AppleWebKit/537.36 (KHTML, like Gecko) Chrome/152.0.7977.82 Mobile Safari/537.36 (compatible; Googlebot/2.1; +http://www.google.com/bot.html)"
66.249.70.163 - - [13/Sep/2026:03:13:54 +0300] "GET /?p=19797 HTTP/1.1" 200 2049 "-" "Mozilla/5.0 (Linux; Android 6.0.1; Nexus 5X Build/MMB29P) AppleWebKit/537.36 (KHTML, like Gecko) Chrome/152.0.7977.82 Mobile Safari/537.36 (compatible; Googlebot/2.1; +http://www.google.com/bot.html)"
66.249.70.163 - - [13/Sep/2026:03:13:55 +0300] "GET /?p=71909 HTTP/1.1" 200 2049 "-" "Mozilla/5.0 (Linux; Android 6.0.1; Nexus 5X Build/MMB29P) AppleWebKit/537.36 (KHTML, like Gecko) Chrome/152.0.7977.82 Mobile Safari/537.36 (compatible; Googlebot/2.1; +http://www.google.com/bot.html)"
66.249.70.164 - - [13/Sep/2026:03:13:02 +0300] "GET /?p=50542 HTTP/1.1" 200 2051 "-" "Mozilla/5.0 (Linux; Android 6.0.1; Nexus 5X Build/MMB29P) AppleWebKit/537.36 (KHTML, like Gecko) Chrome/152.0.7977.82 Mobile Safari/537.36 (compatible; Googlebot/2.1; +http://www.google.com/bot.html)"
66.249.70.164 - - [13/Sep/2026:03:13:03 +0300] "GET /?p=42523 HTTP/1.1" 200 2051 "-" "Mozilla/5.0 (Linux; Android 6.0.1; Nexus 5X Build/MMB29P) AppleWebKit/537.36 (KHTML, like Gecko) Chrome/152.0.7977.82 Mobile Safari/537.36 (compatible; Googlebot/2.1; +http://www.google.com/bot.html)"
66.249.70.163 - - [13/Sep/2026:03:13:05 +0300] "GET /?p=3367 HTTP/1.1" 200 2051 "-" "Mozilla/5.0 (Linux; Android 6.0.1; Nexus 5X Build/MMB29P) AppleWebKit/537.36 (KHTML, like Gecko) Chrome/152.0.7977.82 Mobile Safari/537.36 (compatible; Googlebot/2.1; +http://www.google.com/bot.html)"
34.170.207.140 - - [13/Sep/2026:03:13:07 +0300] "GET /wp-content/uploads/2017/01/IMG_9276.jpg HTTP/2" 200 496070 "-" "Mozilla/5.0 AppleWebKit/537.36 (KHTML, like Gecko; compatible; Reflectionbot/1.0; +https://reflection.ai/bot) Chrome/151.0.0.0 Safari/537.36"
91.246.176.18 - - [13/Sep/2026:03:13:22 +0300] "HEAD /wp-login.php HTTP/1.1" 200 0 "-" "python-requests/2.34.2"
154.222.151.94 - - [13/Sep/2026:03:13:49 +0300] "GET /wp-content/uploads/2015/10/DSC02123-150x150.jpg HTTP/1.1" 200 7906 "-" "Mozilla/5.0 (compatible; crawler)"
66.249.70.165 - - [13/Sep/2026:03:14:00 +0300] "GET /?p=30041 HTTP/1.1" 200 2052 "-" "Mozilla/5.0 (Linux; Android 6.0.1; Nexus 5X Build/MMB29P) AppleWebKit/537.36 (KHTML, like Gecko) Chrome/152.0.7977.82 Mobile Safari/537.36 (compatible; Googlebot/2.1; +http://www.google.com/bot.html)"
66.249.70.163 - - [13/Sep/2026:03:14:02 +0300] "GET /?p=33160 HTTP/1.1" 200 2052 "-" "Mozilla/5.0 (Linux; Android 6.0.1; Nexus 5X Build/MMB29P) AppleWebKit/537.36 (KHTML, like Gecko) Chrome/152.0.7977.82 Mobile Safari/537.36 (compatible; Googlebot/2.1; +http://www.google.com/bot.html)"
66.249.70.164 - - [13/Sep/2026:03:14:04 +0300] "GET /?p=66870 HTTP/1.1" 200 2052 "-" "Mozilla/5.0 (Linux; Android 6.0.1; Nexus 5X Build/MMB29P) AppleWebKit/537.36 (KHTML, like Gecko) Chrome/152.0.7977.82 Mobile Safari/537.36 (compatible; Googlebot/2.1; +http://www.google.com/bot.html)"
66.249.70.163 - - [13/Sep/2026:03:14:06 +0300] "GET /?p=64576 HTTP/1.1" 200 2052 "-" "Mozilla/5.0 (Linux; Android 6.0.1; Nexus 5X Build/MMB29P) AppleWebKit/537.36 (KHTML, like Gecko) Chrome/152.0.7977.82 Mobile Safari/537.36 (compatible; Googlebot/2.1; +http://www.google.com/bot.html)"
66.249.70.163 - - [13/Sep/2026:03:14:07 +0300] "GET /?p=21243 HTTP/1.1" 200 2049 "-" "Mozilla/5.0 (Linux; Android 6.0.1; Nexus 5X Build/MMB29P) AppleWebKit/537.36 (KHTML, like Gecko) Chrome/152.0.7977.82 Mobile Safari/537.36 (compatible; Googlebot/2.1; +http://www.google.com/bot.html)"
66.249.70.163 - - [13/Sep/2026:03:14:15 +0300] "GET /?p=35148 HTTP/1.1" 200 2049 "-" "Mozilla/5.0 (Linux; Android 6.0.1; Nexus 5X Build/MMB29P) AppleWebKit/537.36 (KHTML, like Gecko) Chrome/152.0.7977.82 Mobile Safari/537.36 (compatible; Googlebot/2.1; +http://www.google.com/bot.html)"
66.249.70.163 - - [13/Sep/2026:03:14:15 +0300] "GET /?p=1446 HTTP/1.1" 200 2049 "-" "Mozilla/5.0 (Linux; Android 6.0.1; Nexus 5X Build/MMB29P) AppleWebKit/537.36 (KHTML, like Gecko) Chrome/152.0.7977.82 Mobile Safari/537.36 (compatible; Googlebot/2.1; +http://www.google.com/bot.html)"
207.97.130.244 - - [13/Sep/2026:03:14:16 +0300] "GET /wp-content/uploads/2015/10/DSC01630-150x150.jpg HTTP/1.1" 200 5919 "-" "Mozilla/5.0 (compatible; crawler)"
185.121.232.229 - - [13/Sep/2026:03:14:17 +0300] "GET / HTTP/1.0" 200 9798 "https://www.evliyalar.net/" "Mozilla/5.0 (Windows NT 10.0; Win64; x64) AppleWebKit/537.36 (KHTML, like Gecko) Chrome/131.0.0.0 Safari/537.36 Avast/131.0.0.0"
66.249.70.163 - - [13/Sep/2026:03:14:18 +0300] "GET /?p=50865 HTTP/1.1" 200 2024 "-" "Mozilla/5.0 (Linux; Android 6.0.1; Nexus 5X Build/MMB29P) AppleWebKit/537.36 (KHTML, like Gecko) Chrome/152.0.7977.82 Mobile Safari/537.36 (compatible; Googlebot/2.1; +http://www.google.com/bot.html)"
66.249.70.163 - - [13/Sep/2026:03:14:20 +0300] "GET /?p=28278 HTTP/1.1" 200 2052 "-" "Mozilla/5.0 (Linux; Android 6.0.1; Nexus 5X Build/MMB29P) AppleWebKit/537.36 (KHTML, like Gecko) Chrome/152.0.7977.82 Mobile Safari/537.36 (compatible; Googlebot/2.1; +http://www.google.com/bot.html)"
66.249.70.163 - - [13/Sep/2026:03:14:22 +0300] "GET /?p=42750 HTTP/1.1" 200 2052 "-" "Mozilla/5.0 (Linux; Android 6.0.1; Nexus 5X Build/MMB29P) AppleWebKit/537.36 (KHTML, like Gecko) Chrome/152.0.7977.82 Mobile Safari/537.36 (compatible; Googlebot/2.1; +http://www.google.com/bot.html)"
66.249.70.163 - - [13/Sep/2026:03:14:22 +0300] "GET /?p=46177 HTTP/1.1" 200 2052 "-" "Mozilla/5.0 (Linux; Android 6.0.1; Nexus 5X Build/MMB29P) AppleWebKit/537.36 (KHTML, like Gecko) Chrome/152.0.7977.82 Mobile Safari/537.36 (compatible; Googlebot/2.1; +http://www.google.com/bot.html)"
66.249.70.163 - - [13/Sep/2026:03:14:24 +0300] "GET /?p=29013&refurl=https://www.evliyalar.net/?p=233 HTTP/1.1" 200 2052 "-" "Mozilla/5.0 (Linux; Android 6.0.1; Nexus 5X Build/MMB29P) AppleWebKit/537.36 (KHTML, like Gecko) Chrome/152.0.7977.82 Mobile Safari/537.36 (compatible; Googlebot/2.1; +http://www.google.com/bot.html)"
66.249.70.163 - - [13/Sep/2026:03:14:25 +0300] "GET /?p=33297 HTTP/1.1" 200 2052 "-" "Mozilla/5.0 (Linux; Android 6.0.1; Nexus 5X Build/MMB29P) AppleWebKit/537.36 (KHTML, like Gecko) Chrome/152.0.7977.82 Mobile Safari/537.36 (compatible; Googlebot/2.1; +http://www.google.com/bot.html)"
66.249.70.163 - - [13/Sep/2026:03:14:27 +0300] "GET /?p=45281 HTTP/1.1" 200 2052 "-" "Mozilla/5.0 (Linux; Android 6.0.1; Nexus 5X Build/MMB29P) AppleWebKit/537.36 (KHTML, like Gecko) Chrome/152.0.7977.82 Mobile Safari/537.36 (compatible; Googlebot/2.1; +http://www.google.com/bot.html)"
66.249.70.163 - - [13/Sep/2026:03:14:30 +0300] "GET /?p=30269&refurl=https://www.evliyalar.net/?p=23658 HTTP/1.1" 200 2049 "-" "Mozilla/5.0 (Linux; Android 6.0.1; Nexus 5X Build/MMB29P) AppleWebKit/537.36 (KHTML, like Gecko) Chrome/152.0.7977.82 Mobile Safari/537.36 (compatible; Googlebot/2.1; +http://www.google.com/bot.html)"
66.249.70.163 - - [13/Sep/2026:03:14:32 +0300] "GET /?p=11297 HTTP/1.1" 200 2049 "-" "Mozilla/5.0 (Linux; Android 6.0.1; Nexus 5X Build/MMB29P) AppleWebKit/537.36 (KHTML, like Gecko) Chrome/152.0.7977.82 Mobile Safari/537.36 (compatible; Googlebot/2.1; +http://www.google.com/bot.html)"
66.249.70.163 - - [13/Sep/2026:03:14:33 +0300] "GET /?p=26614 HTTP/1.1" 200 2049 "-" "Mozilla/5.0 (Linux; Android 6.0.1; Nexus 5X Build/MMB29P) AppleWebKit/537.36 (KHTML, like Gecko) Chrome/152.0.7977.82 Mobile Safari/537.36 (compatible; Googlebot/2.1; +http://www.google.com/bot.html)"
66.249.70.163 - - [13/Sep/2026:03:14:36 +0300] "GET /?p=17759 HTTP/1.1" 200 2049 "-" "Mozilla/5.0 (Linux; Android 6.0.1; Nexus 5X Build/MMB29P) AppleWebKit/537.36 (KHTML, like Gecko) Chrome/152.0.7977.82 Mobile Safari/537.36 (compatible; Googlebot/2.1; +http://www.google.com/bot.html)"
66.249.70.163 - - [13/Sep/2026:03:14:39 +0300] "GET /?p=66059 HTTP/1.1" 200 2049 "-" "Mozilla/5.0 (Linux; Android 6.0.1; Nexus 5X Build/MMB29P) AppleWebKit/537.36 (KHTML, like Gecko) Chrome/152.0.7977.82 Mobile Safari/537.36 (compatible; Googlebot/2.1; +http://www.google.com/bot.html)"
188.57.15.226 - - [13/Sep/2026:03:14:40 +0300] "GET /kategori/anadolu-evliyalari/kirsehir-evliyalari/ HTTP/2" 404 796 "https://www.google.com/" "Mozilla/5.0 (Linux; Android 10; K) AppleWebKit/537.36 (KHTML, like Gecko) Chrome/151.0.0.0 Mobile Safari/537.36"
188.57.15.226 - - [13/Sep/2026:03:14:40 +0300] "GET /favicon.ico HTTP/2" 404 796 "https://www.evliyalar.net/kategori/anadolu-evliyalari/kirsehir-evliyalari/" "Mozilla/5.0 (Linux; Android 10; K) AppleWebKit/537.36 (KHTML, like Gecko) Chrome/151.0.0.0 Mobile Safari/537.36"
66.249.70.163 - - [13/Sep/2026:03:14:42 +0300] "GET /?p=23157 HTTP/1.1" 200 2049 "-" "Mozilla/5.0 (Linux; Android 6.0.1; Nexus 5X Build/MMB29P) AppleWebKit/537.36 (KHTML, like Gecko) Chrome/152.0.7977.82 Mobile Safari/537.36 (compatible; Googlebot/2.1; +http://www.google.com/bot.html)"
66.249.70.163 - - [13/Sep/2026:03:13:56 +0300] "GET /?p=71527 HTTP/1.1" 200 2049 "-" "Mozilla/5.0 (Linux; Android 6.0.1; Nexus 5X Build/MMB29P) AppleWebKit/537.36 (KHTML, like Gecko) Chrome/152.0.7977.82 Mobile Safari/537.36 (compatible; Googlebot/2.1; +http://www.google.com/bot.html)"
66.249.70.163 - - [13/Sep/2026:03:13:57 +0300] "GET /?p=17846 HTTP/1.1" 200 2052 "-" "Mozilla/5.0 (Linux; Android 6.0.1; Nexus 5X Build/MMB29P) AppleWebKit/537.36 (KHTML, like Gecko) Chrome/152.0.7977.82 Mobile Safari/537.36 (compatible; Googlebot/2.1; +http://www.google.com/bot.html)"
41.249.153.149 - - [13/Sep/2026:03:13:56 +0300] "POST /xmlrpc.php HTTP/1.1" 200 412 "-" "Jetpack by WordPress.com"
41.249.153.149 - - [13/Sep/2026:03:14:07 +0300] "POST /xmlrpc.php HTTP/1.1" 200 412 "-" "Jetpack by WordPress.com (Jetpack 12.1; WordPress 6.3)"
52.3.156.186 - - [13/Sep/2026:03:14:09 +0300] "GET /wp-json/oembed/1.0/embed?url=https://www.evliyalar.net/haci-hasan-burkay-k-s/ HTTP/1.1" 404 796 "-" "Mozilla/5.0 AppleWebKit/537.36 (KHTML, like Gecko; compatible; Amazonbot/0.1; +https://developer.amazon.com/support/amazonbot) Chrome/119.0.6045.214 Safari/537.36"
66.249.70.164 - - [13/Sep/2026:03:14:10 +0300] "GET /?p=59725 HTTP/1.1" 200 2049 "-" "Mozilla/5.0 (Linux; Android 6.0.1; Nexus 5X Build/MMB29P) AppleWebKit/537.36 (KHTML, like Gecko) Chrome/152.0.7977.82 Mobile Safari/537.36 (compatible; Googlebot/2.1; +http://www.google.com/bot.html)"
66.249.70.164 - - [13/Sep/2026:03:14:10 +0300] "GET /?p=55987 HTTP/1.1" 200 2024 "-" "Mozilla/5.0 (Linux; Android 6.0.1; Nexus 5X Build/MMB29P) AppleWebKit/537.36 (KHTML, like Gecko) Chrome/152.0.7977.82 Mobile Safari/537.36 (compatible; Googlebot/2.1; +http://www.google.com/bot.html)"
66.249.70.163 - - [13/Sep/2026:03:14:13 +0300] "GET /?p=64369 HTTP/1.1" 200 2049 "-" "Mozilla/5.0 (Linux; Android 6.0.1; Nexus 5X Build/MMB29P) AppleWebKit/537.36 (KHTML, like Gecko) Chrome/152.0.7977.82 Mobile Safari/537.36 (compatible; Googlebot/2.1; +http://www.google.com/bot.html)"
66.249.70.163 - - [13/Sep/2026:03:14:14 +0300] "GET /?p=47042 HTTP/1.1" 200 2049 "-" "Mozilla/5.0 (Linux; Android 6.0.1; Nexus 5X Build/MMB29P) AppleWebKit/537.36 (KHTML, like Gecko) Chrome/152.0.7977.82 Mobile Safari/537.36 (compatible; Googlebot/2.1; +http://www.google.com/bot.html)"
185.121.232.229 - - [13/Sep/2026:03:14:17 +0300] "GET /toparlak-baba-turbesi-seyh-i-zurvans/ HTTP/1.0" 404 796 "https://www.evliyalar.net/toparlak-baba-turbesi-seyh-i-zurvans/" "Mozilla/5.0 (Windows NT 10.0; Win64; x64) AppleWebKit/537.36 (KHTML, like Gecko) Chrome/131.0.0.0 Safari/537.36 Avast/131.0.0.0"
41.249.153.149 - - [13/Sep/2026:03:14:18 +0300] "POST /xmlrpc.php HTTP/1.1" 200 412 "-" "Jetpack by WordPress.com (Jetpack 12.0; WordPress 6.2)"
41.249.153.149 - - [13/Sep/2026:03:14:29 +0300] "POST /xmlrpc.php HTTP/1.1" 200 412 "-" "Jetpack by WordPress.com (Jetpack 12.1; WordPress 6.2)"
104.198.20.242 - - [13/Sep/2026:03:14:51 +0300] "GET /seyyid-burhaneddin-muhakkik-tirmizi/ HTTP/2" 404 796 "-" "Mozilla/5.0 AppleWebKit/537.36 (KHTML, like Gecko; compatible; Reflectionbot/1.0; +https://reflection.ai/bot) Chrome/151.0.0.0 Safari/537.36"
41.249.153.149 - - [13/Sep/2026:03:14:52 +0300] "POST /xmlrpc.php HTTP/1.1" 200 412 "-" "WordPress.com; https://wordpress.com"
66.249.70.164 - - [13/Sep/2026:03:15:04 +0300] "GET /?p=20460 HTTP/1.1" 200 2053 "-" "Mozilla/5.0 (Linux; Android 6.0.1; Nexus 5X Build/MMB29P) AppleWebKit/537.36 (KHTML, like Gecko) Chrome/152.0.7977.82 Mobile Safari/537.36 (compatible; Googlebot/2.1; +http://www.google.com/bot.html)"
41.249.153.149 - - [13/Sep/2026:03:15:03 +0300] "POST /xmlrpc.php HTTP/1.1" 200 412 "-" "Jetpack/13.0; WordPress/6.2; http://site94526568.com"
66.249.70.164 - - [13/Sep/2026:03:15:05 +0300] "GET /?p=50529 HTTP/1.1" 200 2053 "-" "Mozilla/5.0 (Linux; Android 6.0.1; Nexus 5X Build/MMB29P) AppleWebKit/537.36 (KHTML, like Gecko) Chrome/152.0.7977.82 Mobile Safari/537.36 (compatible; Googlebot/2.1; +http://www.google.com/bot.html)"
188.57.15.226 - - [13/Sep/2026:03:14:44 +0300] "GET /kategori/anadolu-evliyalari/kirsehir-evliyalari/ HTTP/2" 404 796 "https://www.google.com/" "Mozilla/5.0 (Linux; Android 10; K) AppleWebKit/537.36 (KHTML, like Gecko) Chrome/151.0.0.0 Mobile Safari/537.36"
66.249.70.163 - - [13/Sep/2026:03:14:45 +0300] "GET /?p=45537 HTTP/1.1" 200 2049 "-" "Mozilla/5.0 (Linux; Android 6.0.1; Nexus 5X Build/MMB29P) AppleWebKit/537.36 (KHTML, like Gecko) Chrome/152.0.7977.82 Mobile Safari/537.36 (compatible; Googlebot/2.1; +http://www.google.com/bot.html)"
66.249.70.163 - - [13/Sep/2026:03:14:48 +0300] "GET /?p=33135 HTTP/1.1" 200 2049 "-" "Mozilla/5.0 (Linux; Android 6.0.1; Nexus 5X Build/MMB29P) AppleWebKit/537.36 (KHTML, like Gecko) Chrome/152.0.7977.82 Mobile Safari/537.36 (compatible; Googlebot/2.1; +http://www.google.com/bot.html)"
66.249.70.163 - - [13/Sep/2026:03:14:48 +0300] "GET /?p=62823 HTTP/1.1" 200 2049 "-" "Mozilla/5.0 (Linux; Android 6.0.1; Nexus 5X Build/MMB29P) AppleWebKit/537.36 (KHTML, like Gecko) Chrome/152.0.7977.82 Mobile Safari/537.36 (compatible; Googlebot/2.1; +http://www.google.com/bot.html)"
66.249.70.163 - - [13/Sep/2026:03:14:50 +0300] "GET /?p=39365 HTTP/1.1" 200 2049 "-" "Mozilla/5.0 (Linux; Android 6.0.1; Nexus 5X Build/MMB29P) AppleWebKit/537.36 (KHTML, like Gecko) Chrome/152.0.7977.82 Mobile Safari/537.36 (compatible; Googlebot/2.1; +http://www.google.com/bot.html)"
66.249.70.163 - - [13/Sep/2026:03:14:52 +0300] "GET /?p=33645 HTTP/1.1" 200 2049 "-" "Mozilla/5.0 (Linux; Android 6.0.1; Nexus 5X Build/MMB29P) AppleWebKit/537.36 (KHTML, like Gecko) Chrome/152.0.7977.82 Mobile Safari/537.36 (compatible; Googlebot/2.1; +http://www.google.com/bot.html)"
66.249.70.163 - - [13/Sep/2026:03:14:53 +0300] "GET /?p=67758 HTTP/1.1" 200 2048 "-" "Mozilla/5.0 (Linux; Android 6.0.1; Nexus 5X Build/MMB29P) AppleWebKit/537.36 (KHTML, like Gecko) Chrome/152.0.7977.82 Mobile Safari/537.36 (compatible; Googlebot/2.1; +http://www.google.com/bot.html)"
66.249.70.163 - - [13/Sep/2026:03:14:56 +0300] "GET /?p=8112 HTTP/1.1" 200 2048 "-" "Mozilla/5.0 (Linux; Android 6.0.1; Nexus 5X Build/MMB29P) AppleWebKit/537.36 (KHTML, like Gecko) Chrome/152.0.7977.82 Mobile Safari/537.36 (compatible; Googlebot/2.1; +http://www.google.com/bot.html)"
66.249.70.165 - - [13/Sep/2026:03:14:59 +0300] "GET /?p=70673 HTTP/1.1" 200 2048 "-" "Mozilla/5.0 (Linux; Android 6.0.1; Nexus 5X Build/MMB29P) AppleWebKit/537.36 (KHTML, like Gecko) Chrome/152.0.7977.82 Mobile Safari/537.36 (compatible; Googlebot/2.1; +http://www.google.com/bot.html)"
66.249.70.163 - - [13/Sep/2026:03:15:01 +0300] "GET /?p=18920 HTTP/1.1" 200 2048 "-" "Mozilla/5.0 (Linux; Android 6.0.1; Nexus 5X Build/MMB29P) AppleWebKit/537.36 (KHTML, like Gecko) Chrome/152.0.7977.82 Mobile Safari/537.36 (compatible; Googlebot/2.1; +http://www.google.com/bot.html)"
66.249.70.163 - - [13/Sep/2026:03:15:04 +0300] "GET /_autoindex/assets/icons/folder-fill.svg HTTP/1.1" 200 333 "https://www.evliyalar.net/?p=50865" "Mozilla/5.0 (Linux; Android 6.0.1; Nexus 5X Build/MMB29P) AppleWebKit/537.36 (KHTML, like Gecko) Chrome/152.0.7977.82 Mobile Safari/537.36 (compatible; Googlebot/2.1; +http://www.google.com/bot.html)"
66.249.70.163 - - [13/Sep/2026:03:15:08 +0300] "GET /?p=22300 HTTP/1.1" 200 2053 "-" "Mozilla/5.0 (Linux; Android 6.0.1; Nexus 5X Build/MMB29P) AppleWebKit/537.36 (KHTML, like Gecko) Chrome/152.0.7977.82 Mobile Safari/537.36 (compatible; Googlebot/2.1; +http://www.google.com/bot.html)"
66.249.70.163 - - [13/Sep/2026:03:15:10 +0300] "GET /?p=51711 HTTP/1.1" 200 2053 "-" "Mozilla/5.0 (Linux; Android 6.0.1; Nexus 5X Build/MMB29P) AppleWebKit/537.36 (KHTML, like Gecko) Chrome/152.0.7977.82 Mobile Safari/537.36 (compatible; Googlebot/2.1; +http://www.google.com/bot.html)"
66.249.70.163 - - [13/Sep/2026:03:15:15 +0300] "GET /?p=44555 HTTP/1.1" 200 2050 "-" "Mozilla/5.0 (Linux; Android 6.0.1; Nexus 5X Build/MMB29P) AppleWebKit/537.36 (KHTML, like Gecko) Chrome/152.0.7977.82 Mobile Safari/537.36 (compatible; Googlebot/2.1; +http://www.google.com/bot.html)"
66.249.70.163 - - [13/Sep/2026:03:15:16 +0300] "GET /?p=45365 HTTP/1.1" 200 2050 "-" "Mozilla/5.0 (Linux; Android 6.0.1; Nexus 5X Build/MMB29P) AppleWebKit/537.36 (KHTML, like Gecko) Chrome/152.0.7977.82 Mobile Safari/537.36 (compatible; Googlebot/2.1; +http://www.google.com/bot.html)"
3.232.39.98 - - [13/Sep/2026:03:15:16 +0300] "GET /wp-content/uploads/2017/01/IMG_9530.jpg HTTP/1.1" 200 341197 "-" "Mozilla/5.0 AppleWebKit/537.36 (KHTML, like Gecko; compatible; Amazonbot/0.1; +https://developer.amazon.com/support/amazonbot) Chrome/119.0.6045.214 Safari/537.36"
66.249.70.163 - - [13/Sep/2026:03:15:18 +0300] "GET /?p=41842 HTTP/1.1" 200 2050 "-" "Mozilla/5.0 (Linux; Android 6.0.1; Nexus 5X Build/MMB29P) AppleWebKit/537.36 (KHTML, like Gecko) Chrome/152.0.7977.82 Mobile Safari/537.36 (compatible; Googlebot/2.1; +http://www.google.com/bot.html)"
66.249.70.163 - - [13/Sep/2026:03:15:21 +0300] "GET /?p=51641 HTTP/1.1" 200 2050 "-" "Mozilla/5.0 (Linux; Android 6.0.1; Nexus 5X Build/MMB29P) AppleWebKit/537.36 (KHTML, like Gecko) Chrome/152.0.7977.82 Mobile Safari/537.36 (compatible; Googlebot/2.1; +http://www.google.com/bot.html)"
66.249.70.163 - - [13/Sep/2026:03:15:23 +0300] "GET /?p=40999 HTTP/1.1" 200 2050 "-" "Mozilla/5.0 (Linux; Android 6.0.1; Nexus 5X Build/MMB29P) AppleWebKit/537.36 (KHTML, like Gecko) Chrome/152.0.7977.82 Mobile Safari/537.36 (compatible; Googlebot/2.1; +http://www.google.com/bot.html)"
66.249.70.163 - - [13/Sep/2026:03:15:26 +0300] "GET /?p=22735 HTTP/1.1" 200 2050 "-" "Mozilla/5.0 (Linux; Android 6.0.1; Nexus 5X Build/MMB29P) AppleWebKit/537.36 (KHTML, like Gecko) Chrome/152.0.7977.82 Mobile Safari/537.36 (compatible; Googlebot/2.1; +http://www.google.com/bot.html)"
66.249.70.163 - - [13/Sep/2026:03:15:29 +0300] "GET /?p=49371 HTTP/1.1" 200 2049 "-" "Mozilla/5.0 (Linux; Android 6.0.1; Nexus 5X Build/MMB29P) AppleWebKit/537.36 (KHTML, like Gecko) Chrome/152.0.7977.82 Mobile Safari/537.36 (compatible; Googlebot/2.1; +http://www.google.com/bot.html)"
66.249.70.163 - - [13/Sep/2026:03:15:30 +0300] "GET /?p=62521 HTTP/1.1" 200 2049 "-" "Mozilla/5.0 (Linux; Android 6.0.1; Nexus 5X Build/MMB29P) AppleWebKit/537.36 (KHTML, like Gecko) Chrome/152.0.7977.82 Mobile Safari/537.36 (compatible; Googlebot/2.1; +http://www.google.com/bot.html)"
66.249.70.163 - - [13/Sep/2026:03:15:32 +0300] "GET /?p=63951 HTTP/1.1" 200 2049 "-" "Mozilla/5.0 (Linux; Android 6.0.1; Nexus 5X Build/MMB29P) AppleWebKit/537.36 (KHTML, like Gecko) Chrome/152.0.7977.82 Mobile Safari/537.36 (compatible; Googlebot/2.1; +http://www.google.com/bot.html)"
66.249.70.163 - - [13/Sep/2026:03:15:34 +0300] "GET /?p=63534 HTTP/1.1" 200 2049 "-" "Mozilla/5.0 (Linux; Android 6.0.1; Nexus 5X Build/MMB29P) AppleWebKit/537.36 (KHTML, like Gecko) Chrome/152.0.7977.82 Mobile Safari/537.36 (compatible; Googlebot/2.1; +http://www.google.com/bot.html)"
66.249.70.163 - - [13/Sep/2026:03:15:37 +0300] "GET /?p=25750 HTTP/1.1" 200 2048 "-" "Mozilla/5.0 (Linux; Android 6.0.1; Nexus 5X Build/MMB29P) AppleWebKit/537.36 (KHTML, like Gecko) Chrome/152.0.7977.82 Mobile Safari/537.36 (compatible; Googlebot/2.1; +http://www.google.com/bot.html)"
66.249.70.163 - - [13/Sep/2026:03:15:40 +0300] "GET /?p=67292 HTTP/1.1" 200 2048 "-" "Mozilla/5.0 (Linux; Android 6.0.1; Nexus 5X Build/MMB29P) AppleWebKit/537.36 (KHTML, like Gecko) Chrome/152.0.7977.82 Mobile Safari/537.36 (compatible; Googlebot/2.1; +http://www.google.com/bot.html)"
66.249.70.163 - - [13/Sep/2026:03:15:44 +0300] "GET /?p=54330 HTTP/1.1" 200 2048 "-" "Mozilla/5.0 (Linux; Android 6.0.1; Nexus 5X Build/MMB29P) AppleWebKit/537.36 (KHTML, like Gecko) Chrome/152.0.7977.82 Mobile Safari/537.36 (compatible; Googlebot/2.1; +http://www.google.com/bot.html)"
66.249.70.163 - - [13/Sep/2026:03:15:47 +0300] "GET /?p=42289 HTTP/1.1" 200 2048 "-" "Mozilla/5.0 (Linux; Android 6.0.1; Nexus 5X Build/MMB29P) AppleWebKit/537.36 (KHTML, like Gecko) Chrome/152.0.7977.82 Mobile Safari/537.36 (compatible; Googlebot/2.1; +http://www.google.com/bot.html)"
66.249.70.163 - - [13/Sep/2026:03:15:50 +0300] "GET /?p=18441 HTTP/1.1" 200 2054 "-" "Mozilla/5.0 (Linux; Android 6.0.1; Nexus 5X Build/MMB29P) AppleWebKit/537.36 (KHTML, like Gecko) Chrome/152.0.7977.82 Mobile Safari/537.36 (compatible; Googlebot/2.1; +http://www.google.com/bot.html)"
66.249.70.163 - - [13/Sep/2026:03:15:52 +0300] "GET /?p=17276 HTTP/1.1" 200 2054 "-" "Mozilla/5.0 (Linux; Android 6.0.1; Nexus 5X Build/MMB29P) AppleWebKit/537.36 (KHTML, like Gecko) Chrome/152.0.7977.82 Mobile Safari/537.36 (compatible; Googlebot/2.1; +http://www.google.com/bot.html)"
66.249.70.163 - - [13/Sep/2026:03:15:54 +0300] "GET /?p=38071 HTTP/1.1" 200 2027 "-" "Mozilla/5.0 (compatible; Googlebot/2.1; +http://www.google.com/bot.html)"
66.249.70.163 - - [13/Sep/2026:03:15:56 +0300] "GET /_autoindex/assets/css/autoindex.css HTTP/1.1" 200 1170 "https://www.evliyalar.net/?p=38071" "Mozilla/5.0 AppleWebKit/537.36 (KHTML, like Gecko; compatible; Googlebot/2.1; +http://www.google.com/bot.html) Chrome/152.0.7977.64 Safari/537.36"
66.249.70.163 - - [13/Sep/2026:03:15:56 +0300] "GET /_autoindex/assets/js/tablesort.js HTTP/1.1" 200 2137 "https://www.evliyalar.net/?p=38071" "Mozilla/5.0 AppleWebKit/537.36 (KHTML, like Gecko; compatible; Googlebot/2.1; +http://www.google.com/bot.html) Chrome/152.0.7977.64 Safari/537.36"
66.249.70.163 - - [13/Sep/2026:03:15:57 +0300] "GET /_autoindex/assets/js/tablesort.number.js HTTP/1.1" 200 322 "https://www.evliyalar.net/?p=38071" "Mozilla/5.0 AppleWebKit/537.36 (KHTML, like Gecko; compatible; Googlebot/2.1; +http://www.google.com/bot.html) Chrome/152.0.7977.64 Safari/537.36"
66.249.70.163 - - [13/Sep/2026:03:15:57 +0300] "GET /?p=33445 HTTP/1.1" 200 2054 "-" "Mozilla/5.0 (Linux; Android 6.0.1; Nexus 5X Build/MMB29P) AppleWebKit/537.36 (KHTML, like Gecko) Chrome/152.0.7977.82 Mobile Safari/537.36 (compatible; Googlebot/2.1; +http://www.google.com/bot.html)"
66.249.70.163 - - [13/Sep/2026:03:15:57 +0300] "GET /_autoindex/assets/icons/folder-fill.svg HTTP/1.1" 200 333 "https://www.evliyalar.net/?p=38071" "Mozilla/5.0 AppleWebKit/537.36 (KHTML, like Gecko; compatible; Googlebot/2.1; +http://www.google.com/bot.html) Chrome/152.0.7977.64 Safari/537.36"
66.249.70.163 - - [13/Sep/2026:03:15:58 +0300] "GET /?p=65896 HTTP/1.1" 200 2054 "-" "Mozilla/5.0 (Linux; Android 6.0.1; Nexus 5X Build/MMB29P) AppleWebKit/537.36 (KHTML, like Gecko) Chrome/152.0.7977.82 Mobile Safari/537.36 (compatible; Googlebot/2.1; +http://www.google.com/bot.html)"
66.249.70.163 - - [13/Sep/2026:03:15:59 +0300] "GET /?p=42727 HTTP/1.1" 200 2049 "-" "Mozilla/5.0 (Linux; Android 6.0.1; Nexus 5X Build/MMB29P) AppleWebKit/537.36 (KHTML, like Gecko) Chrome/152.0.7977.82 Mobile Safari/537.36 (compatible; Googlebot/2.1; +http://www.google.com/bot.html)"
66.249.70.163 - - [13/Sep/2026:03:16:01 +0300] "GET /?p=48347 HTTP/1.1" 200 2020 "-" "Mozilla/5.0 (Linux; Android 6.0.1; Nexus 5X Build/MMB29P) AppleWebKit/537.36 (KHTML, like Gecko) Chrome/152.0.7977.82 Mobile Safari/537.36 (compatible; Googlebot/2.1; +http://www.google.com/bot.html)"
66.249.70.163 - - [13/Sep/2026:03:16:01 +0300] "GET /_autoindex/assets/icons/file-text.svg HTTP/1.1" 200 394 "https://www.evliyalar.net/?p=38071" "Mozilla/5.0 AppleWebKit/537.36 (KHTML, like Gecko; compatible; Googlebot/2.1; +http://www.google.com/bot.html) Chrome/152.0.7977.64 Safari/537.36"
66.249.70.163 - - [13/Sep/2026:03:16:02 +0300] "GET /?p=41374 HTTP/1.1" 200 2049 "-" "Mozilla/5.0 (Linux; Android 6.0.1; Nexus 5X Build/MMB29P) AppleWebKit/537.36 (KHTML, like Gecko) Chrome/152.0.7977.82 Mobile Safari/537.36 (compatible; Googlebot/2.1; +http://www.google.com/bot.html)"
66.249.70.163 - - [13/Sep/2026:03:16:02 +0300] "GET /_autoindex/assets/icons/image.svg HTTP/1.1" 200 388 "https://www.evliyalar.net/?p=38071" "Mozilla/5.0 AppleWebKit/537.36 (KHTML, like Gecko; compatible; Googlebot/2.1; +http://www.google.com/bot.html) Chrome/152.0.7977.64 Safari/537.36"
40.77.167.132 - - [13/Sep/2026:03:15:08 +0300] "GET /wp-content/uploads/2015/12/1350062201.jpg HTTP/2" 200 70565 "-" "Mozilla/5.0 AppleWebKit/537.36 (KHTML, like Gecko; compatible; bingbot/2.0; +http://www.bing.com/bingbot.htm) Chrome/116.0.1938.76 Safari/537.36"
41.249.153.149 - - [13/Sep/2026:03:15:14 +0300] "POST /xmlrpc.php HTTP/1.1" 200 412 "-" "Jetpack by WordPress.com (Jetpack 13.0; WordPress 6.2)"
