66.249.70.163 - - [13/Sep/2026:01:46:25 +0300] "GET /?p=17103 HTTP/1.1" 200 2051 "-" "Mozilla/5.0 (Linux; Android 6.0.1; Nexus 5X Build/MMB29P) AppleWebKit/537.36 (KHTML, like Gecko) Chrome/152.0.7977.82 Mobile Safari/537.36 (compatible; Googlebot/2.1; +http://www.google.com/bot.html)"
66.249.70.163 - - [13/Sep/2026:01:46:26 +0300] "GET /kategori/ozel/son-devrin-alimleri/page/3/ HTTP/1.1" 404 796 "-" "Mozilla/5.0 (Linux; Android 6.0.1; Nexus 5X Build/MMB29P) AppleWebKit/537.36 (KHTML, like Gecko) Chrome/152.0.7977.82 Mobile Safari/537.36 (compatible; Googlebot/2.1; +http://www.google.com/bot.html)"
66.249.70.163 - - [13/Sep/2026:01:46:27 +0300] "GET /?p=52542 HTTP/1.1" 200 2051 "-" "Mozilla/5.0 (Linux; Android 6.0.1; Nexus 5X Build/MMB29P) AppleWebKit/537.36 (KHTML, like Gecko) Chrome/152.0.7977.82 Mobile Safari/537.36 (compatible; Googlebot/2.1; +http://www.google.com/bot.html)"
66.249.70.163 - - [13/Sep/2026:01:46:28 +0300] "GET /?p=21044 HTTP/1.1" 200 2027 "-" "Mozilla/5.0 (Linux; Android 6.0.1; Nexus 5X Build/MMB29P) AppleWebKit/537.36 (KHTML, like Gecko) Chrome/152.0.7977.82 Mobile Safari/537.36 (compatible; Googlebot/2.1; +http://www.google.com/bot.html)"
66.249.70.163 - - [13/Sep/2026:01:46:29 +0300] "GET /?p=48689 HTTP/1.1" 200 2051 "-" "Mozilla/5.0 (Linux; Android 6.0.1; Nexus 5X Build/MMB29P) AppleWebKit/537.36 (KHTML, like Gecko) Chrome/152.0.7977.82 Mobile Safari/537.36 (compatible; Googlebot/2.1; +http://www.google.com/bot.html)"
66.249.70.163 - - [13/Sep/2026:01:46:31 +0300] "GET /?p=65825 HTTP/1.1" 200 2052 "-" "Mozilla/5.0 (Linux; Android 6.0.1; Nexus 5X Build/MMB29P) AppleWebKit/537.36 (KHTML, like Gecko) Chrome/152.0.7977.82 Mobile Safari/537.36 (compatible; Googlebot/2.1; +http://www.google.com/bot.html)"
66.249.70.163 - - [13/Sep/2026:01:46:32 +0300] "GET /?p=46533 HTTP/1.1" 200 2029 "-" "Mozilla/5.0 (Linux; Android 6.0.1; Nexus 5X Build/MMB29P) AppleWebKit/537.36 (KHTML, like Gecko) Chrome/152.0.7977.82 Mobile Safari/537.36 (compatible; Googlebot/2.1; +http://www.google.com/bot.html)"
66.249.70.163 - - [13/Sep/2026:01:46:33 +0300] "GET /?p=28119 HTTP/1.1" 200 2052 "-" "Mozilla/5.0 (Linux; Android 6.0.1; Nexus 5X Build/MMB29P) AppleWebKit/537.36 (KHTML, like Gecko) Chrome/152.0.7977.82 Mobile Safari/537.36 (compatible; Googlebot/2.1; +http://www.google.com/bot.html)"
66.249.70.163 - - [13/Sep/2026:01:46:35 +0300] "GET /?p=51958 HTTP/1.1" 200 2052 "-" "Mozilla/5.0 (Linux; Android 6.0.1; Nexus 5X Build/MMB29P) AppleWebKit/537.36 (KHTML, like Gecko) Chrome/152.0.7977.82 Mobile Safari/537.36 (compatible; Googlebot/2.1; +http://www.google.com/bot.html)"
66.249.70.163 - - [13/Sep/2026:01:46:37 +0300] "GET /?p=18435 HTTP/1.1" 200 2052 "-" "Mozilla/5.0 (Linux; Android 6.0.1; Nexus 5X Build/MMB29P) AppleWebKit/537.36 (KHTML, like Gecko) Chrome/152.0.7977.82 Mobile Safari/537.36 (compatible; Googlebot/2.1; +http://www.google.com/bot.html)"
66.249.70.163 - - [13/Sep/2026:01:46:37 +0300] "GET /?p=14503 HTTP/1.1" 200 2052 "-" "Mozilla/5.0 (Linux; Android 6.0.1; Nexus 5X Build/MMB29P) AppleWebKit/537.36 (KHTML, like Gecko) Chrome/152.0.7977.82 Mobile Safari/537.36 (compatible; Googlebot/2.1; +http://www.google.com/bot.html)"
66.249.70.163 - - [13/Sep/2026:01:46:39 +0300] "GET /wp-content/uploads/2017/02/Safvan-B.-Muattal-4.jpg HTTP/1.1" 200 509520 "-" "Googlebot-Image/1.0"
129.225.125.127 - - [13/Sep/2026:01:46:16 +0300] "POST /wp-login.php HTTP/1.1" 200 3321 "https://evliyalar.net/wp-login.php" "Mozilla/5.0 (Macintosh; Intel Mac OS X 10_15_7) AppleWebKit/605.1.15 (KHTML, like Gecko) Version/14.0.3 Safari/605.1.15"
129.225.125.127 - - [13/Sep/2026:01:46:21 +0300] "GET /wp-admin/index.php HTTP/1.1" 403 787 "https://evliyalar.net/wp-login.php" "Mozilla/5.0 (Windows NT 10.0; Win64; x64) AppleWebKit/605.1.15 (KHTML, like Gecko) Version/15.0 Safari/605.1.15"
129.225.125.127 - - [13/Sep/2026:01:46:21 +0300] "GET /wp-admin/index.php HTTP/1.1" 403 787 "https://evliyalar.net/wp-login.php" "Mozilla/5.0 (Windows NT 10.0; Win64; x64) AppleWebKit/605.1.15 (KHTML, like Gecko) Version/15.0 Safari/605.1.15"
136.113.155.22 - - [13/Sep/2026:01:46:24 +0300] "GET /emir-kemarettin-turbesi/ HTTP/2" 404 796 "-" "Mozilla/5.0 AppleWebKit/537.36 (KHTML, like Gecko; compatible; Reflectionbot/1.0; +https://reflection.ai/bot) Chrome/151.0.0.0 Safari/537.36"
66.249.70.163 - - [13/Sep/2026:01:46:30 +0300] "GET /hz-eyup-sultan-r-a/ HTTP/1.1" 404 796 "-" "Mozilla/5.0 (compatible; Googlebot/2.1; +http://www.google.com/bot.html)"
17.166.20.142 - - [13/Sep/2026:01:46:30 +0300] "GET /wp-admin/admin-ajax.php?action=process_simple_like&nonce=8f96296166&post_id=12634&disabled=true&is_comment=0 HTTP/2" 403 787 "-" "Mozilla/5.0 (Macintosh; Intel Mac OS X 10_15_7) AppleWebKit/605.1.15 (KHTML, like Gecko) Version/17.4 Safari/605.1.15 (Applebot/0.1; +http://www.apple.com/go/applebot)"
129.225.125.127 - - [13/Sep/2026:01:46:22 +0300] "POST /wp-login.php HTTP/1.1" 200 3321 "https://evliyalar.net/wp-login.php" "Mozilla/5.0 (Windows NT 6.1; Win64; x64) AppleWebKit/537.36 (KHTML, like Gecko) Chrome/91.0.4472.124 Safari/537.36"
129.225.125.127 - - [13/Sep/2026:01:46:31 +0300] "GET /wp-admin/index.php HTTP/1.1" 403 787 "https://evliyalar.net/wp-login.php" "Mozilla/5.0 (X11; Linux x86_64) AppleWebKit/537.36 (KHTML, like Gecko) Chrome/94.0.4606.71 Safari/537.36"
129.225.125.127 - - [13/Sep/2026:01:46:31 +0300] "GET /wp-admin/index.php HTTP/1.1" 403 787 "https://evliyalar.net/wp-login.php" "Mozilla/5.0 (X11; Linux x86_64) AppleWebKit/537.36 (KHTML, like Gecko) Chrome/94.0.4606.71 Safari/537.36"
129.225.125.127 - - [13/Sep/2026:01:46:31 +0300] "POST /wp-login.php HTTP/1.1" 200 3315 "https://evliyalar.net/wp-login.php" "Mozilla/5.0 (Windows NT 6.1; Win64; x64) AppleWebKit/537.36 (KHTML, like Gecko) Chrome/94.0.4606.71 Safari/537.36"
129.225.125.127 - - [13/Sep/2026:01:46:36 +0300] "GET /wp-admin/index.php HTTP/1.1" 403 787 "https://evliyalar.net/wp-login.php" "Mozilla/5.0 (Macintosh; Intel Mac OS X 10_15_7) AppleWebKit/605.1.15 (KHTML, like Gecko) Version/14.1.1 Safari/605.1.15"
129.225.125.127 - - [13/Sep/2026:01:46:37 +0300] "GET /wp-admin/index.php HTTP/1.1" 403 787 "https://evliyalar.net/wp-login.php" "Mozilla/5.0 (Macintosh; Intel Mac OS X 10_15_7) AppleWebKit/605.1.15 (KHTML, like Gecko) Version/14.1.1 Safari/605.1.15"
129.225.125.127 - - [13/Sep/2026:01:46:37 +0300] "POST /wp-login.php HTTP/1.1" 200 3321 "https://evliyalar.net/wp-login.php" "Mozilla/5.0 (Macintosh; Intel Mac OS X 10_15_7) AppleWebKit/605.1.15 (KHTML, like Gecko) Version/14.0.3 Safari/605.1.15"
129.225.125.127 - - [13/Sep/2026:01:46:46 +0300] "GET /wp-admin/index.php HTTP/1.1" 403 787 "https://evliyalar.net/wp-login.php" "Mozilla/5.0 (Windows NT 6.1; Win64; x64) AppleWebKit/537.36 (KHTML, like Gecko) Chrome/94.0.4606.71 Safari/537.36"
129.225.125.127 - - [13/Sep/2026:01:46:46 +0300] "GET /wp-admin/index.php HTTP/1.1" 403 787 "https://evliyalar.net/wp-login.php" "Mozilla/5.0 (Windows NT 6.1; Win64; x64) AppleWebKit/537.36 (KHTML, like Gecko) Chrome/94.0.4606.71 Safari/537.36"
129.225.125.127 - - [13/Sep/2026:01:46:46 +0300] "POST /wp-login.php HTTP/1.1" 200 3321 "https://evliyalar.net/wp-login.php" "Mozilla/5.0 (Windows NT 6.1; Win64; x64) AppleWebKit/537.36 (KHTML, like Gecko) Chrome/90.0.4430.212 Safari/537.36"
216.73.216.28 - - [13/Sep/2026:01:46:40 +0300] "GET /robots.txt HTTP/2" 200 77 "-" "Mozilla/5.0 AppleWebKit/537.36 (KHTML, like Gecko; compatible; ClaudeBot/1.0; +claudebot@anthropic.com)"
216.73.216.28 - - [13/Sep/2026:01:46:41 +0300] "GET /inx_sitemap.xml HTTP/2" 404 796 "-" "Mozilla/5.0 AppleWebKit/537.36 (KHTML, like Gecko; compatible; ClaudeBot/1.0; +claudebot@anthropic.com)"
66.249.70.163 - - [13/Sep/2026:01:46:41 +0300] "GET /?p=47043 HTTP/1.1" 200 2052 "-" "Mozilla/5.0 (Linux; Android 6.0.1; Nexus 5X Build/MMB29P) AppleWebKit/537.36 (KHTML, like Gecko) Chrome/152.0.7977.82 Mobile Safari/537.36 (compatible; Googlebot/2.1; +http://www.google.com/bot.html)"
66.249.70.163 - - [13/Sep/2026:01:46:43 +0300] "GET /?p=61152 HTTP/1.1" 200 2052 "-" "Mozilla/5.0 (Linux; Android 6.0.1; Nexus 5X Build/MMB29P) AppleWebKit/537.36 (KHTML, like Gecko) Chrome/152.0.7977.82 Mobile Safari/537.36 (compatible; Googlebot/2.1; +http://www.google.com/bot.html)"
66.249.70.163 - - [13/Sep/2026:01:46:43 +0300] "GET /?p=70669 HTTP/1.1" 200 2052 "-" "Mozilla/5.0 (Linux; Android 6.0.1; Nexus 5X Build/MMB29P) AppleWebKit/537.36 (KHTML, like Gecko) Chrome/152.0.7977.82 Mobile Safari/537.36 (compatible; Googlebot/2.1; +http://www.google.com/bot.html)"
66.249.70.163 - - [13/Sep/2026:01:46:44 +0300] "GET /?p=9459 HTTP/1.1" 200 2052 "-" "Mozilla/5.0 (Linux; Android 6.0.1; Nexus 5X Build/MMB29P) AppleWebKit/537.36 (KHTML, like Gecko) Chrome/152.0.7977.82 Mobile Safari/537.36 (compatible; Googlebot/2.1; +http://www.google.com/bot.html)"
66.249.70.163 - - [13/Sep/2026:01:46:45 +0300] "GET /?p=54280 HTTP/1.1" 200 2029 "-" "Mozilla/5.0 (Linux; Android 6.0.1; Nexus 5X Build/MMB29P) AppleWebKit/537.36 (KHTML, like Gecko) Chrome/152.0.7977.82 Mobile Safari/537.36 (compatible; Googlebot/2.1; +http://www.google.com/bot.html)"
66.249.70.163 - - [13/Sep/2026:01:46:46 +0300] "GET /?p=73567 HTTP/1.1" 200 2051 "-" "Mozilla/5.0 (Linux; Android 6.0.1; Nexus 5X Build/MMB29P) AppleWebKit/537.36 (KHTML, like Gecko) Chrome/152.0.7977.82 Mobile Safari/537.36 (compatible; Googlebot/2.1; +http://www.google.com/bot.html)"
66.249.70.163 - - [13/Sep/2026:01:46:48 +0300] "GET /?p=14973 HTTP/1.1" 200 2051 "-" "Mozilla/5.0 (Linux; Android 6.0.1; Nexus 5X Build/MMB29P) AppleWebKit/537.36 (KHTML, like Gecko) Chrome/152.0.7977.82 Mobile Safari/537.36 (compatible; Googlebot/2.1; +http://www.google.com/bot.html)"
66.249.70.163 - - [13/Sep/2026:01:46:49 +0300] "GET /?p=70582 HTTP/1.1" 200 2051 "-" "Mozilla/5.0 (Linux; Android 6.0.1; Nexus 5X Build/MMB29P) AppleWebKit/537.36 (KHTML, like Gecko) Chrome/152.0.7977.82 Mobile Safari/537.36 (compatible; Googlebot/2.1; +http://www.google.com/bot.html)"
66.249.70.163 - - [13/Sep/2026:01:46:49 +0300] "GET /?p=47866 HTTP/1.1" 200 2029 "-" "Mozilla/5.0 (Linux; Android 6.0.1; Nexus 5X Build/MMB29P) AppleWebKit/537.36 (KHTML, like Gecko) Chrome/152.0.7977.82 Mobile Safari/537.36 (compatible; Googlebot/2.1; +http://www.google.com/bot.html)"
66.249.70.163 - - [13/Sep/2026:01:46:52 +0300] "GET /?p=53757 HTTP/1.1" 200 2051 "-" "Mozilla/5.0 (Linux; Android 6.0.1; Nexus 5X Build/MMB29P) AppleWebKit/537.36 (KHTML, like Gecko) Chrome/152.0.7977.82 Mobile Safari/537.36 (compatible; Googlebot/2.1; +http://www.google.com/bot.html)"
66.249.70.163 - - [13/Sep/2026:01:46:53 +0300] "GET /?p=4025 HTTP/1.1" 200 2051 "-" "Mozilla/5.0 (Linux; Android 6.0.1; Nexus 5X Build/MMB29P) AppleWebKit/537.36 (KHTML, like Gecko) Chrome/152.0.7977.82 Mobile Safari/537.36 (compatible; Googlebot/2.1; +http://www.google.com/bot.html)"
66.249.70.163 - - [13/Sep/2026:01:46:54 +0300] "GET /?p=66251 HTTP/1.1" 200 2051 "-" "Mozilla/5.0 (Linux; Android 6.0.1; Nexus 5X Build/MMB29P) AppleWebKit/537.36 (KHTML, like Gecko) Chrome/152.0.7977.82 Mobile Safari/537.36 (compatible; Googlebot/2.1; +http://www.google.com/bot.html)"
66.249.70.163 - - [13/Sep/2026:01:46:54 +0300] "GET /?p=68951 HTTP/1.1" 200 2051 "-" "Mozilla/5.0 (Linux; Android 6.0.1; Nexus 5X Build/MMB29P) AppleWebKit/537.36 (KHTML, like Gecko) Chrome/152.0.7977.82 Mobile Safari/537.36 (compatible; Googlebot/2.1; +http://www.google.com/bot.html)"
66.249.70.163 - - [13/Sep/2026:01:46:55 +0300] "GET /?p=58991 HTTP/1.1" 200 2051 "-" "Mozilla/5.0 (Linux; Android 6.0.1; Nexus 5X Build/MMB29P) AppleWebKit/537.36 (KHTML, like Gecko) Chrome/152.0.7977.82 Mobile Safari/537.36 (compatible; Googlebot/2.1; +http://www.google.com/bot.html)"
66.249.70.163 - - [13/Sep/2026:01:46:56 +0300] "GET /?p=50290 HTTP/1.1" 200 2051 "-" "Mozilla/5.0 (Linux; Android 6.0.1; Nexus 5X Build/MMB29P) AppleWebKit/537.36 (KHTML, like Gecko) Chrome/152.0.7977.82 Mobile Safari/537.36 (compatible; Googlebot/2.1; +http://www.google.com/bot.html)"
66.249.70.163 - - [13/Sep/2026:01:46:58 +0300] "GET /?p=23957 HTTP/1.1" 200 2051 "-" "Mozilla/5.0 (Linux; Android 6.0.1; Nexus 5X Build/MMB29P) AppleWebKit/537.36 (KHTML, like Gecko) Chrome/152.0.7977.82 Mobile Safari/537.36 (compatible; Googlebot/2.1; +http://www.google.com/bot.html)"
66.249.70.163 - - [13/Sep/2026:01:47:00 +0300] "GET /?p=68090 HTTP/1.1" 200 2051 "-" "Mozilla/5.0 (Linux; Android 6.0.1; Nexus 5X Build/MMB29P) AppleWebKit/537.36 (KHTML, like Gecko) Chrome/152.0.7977.82 Mobile Safari/537.36 (compatible; Googlebot/2.1; +http://www.google.com/bot.html)"
66.249.70.163 - - [13/Sep/2026:01:47:01 +0300] "GET /?p=42348 HTTP/1.1" 200 2050 "-" "Mozilla/5.0 (Linux; Android 6.0.1; Nexus 5X Build/MMB29P) AppleWebKit/537.36 (KHTML, like Gecko) Chrome/152.0.7977.82 Mobile Safari/537.36 (compatible; Googlebot/2.1; +http://www.google.com/bot.html)"
47.128.127.104 - - [13/Sep/2026:01:47:02 +0300] "GET /robots.txt HTTP/2" 200 77 "http://evliyalar.net/robots.txt" "Mozilla/5.0 (iPhone; CPU iPhone OS 7_1_2 like Mac OS X) AppleWebKit/537.36 (KHTML, like Gecko) Version/7.0 Mobile Safari/537.36 (compatible; Bytespider; https://bytedance.sg.larkoffice.com/docx/K5bxdypulop3IIxrJb0lOjLVgFe)"
66.249.70.163 - - [13/Sep/2026:01:47:03 +0300] "GET /?p=13659 HTTP/1.1" 200 2050 "-" "Mozilla/5.0 (Linux; Android 6.0.1; Nexus 5X Build/MMB29P) AppleWebKit/537.36 (KHTML, like Gecko) Chrome/152.0.7977.82 Mobile Safari/537.36 (compatible; Googlebot/2.1; +http://www.google.com/bot.html)"
66.249.70.163 - - [13/Sep/2026:01:47:05 +0300] "GET /?p=19244 HTTP/1.1" 200 2050 "-" "Mozilla/5.0 (Linux; Android 6.0.1; Nexus 5X Build/MMB29P) AppleWebKit/537.36 (KHTML, like Gecko) Chrome/152.0.7977.82 Mobile Safari/537.36 (compatible; Googlebot/2.1; +http://www.google.com/bot.html)"
103.173.172.64 - - [13/Sep/2026:01:47:05 +0300] "GET /wp-content/uploads/2015/08/TERME-3-2-150x150.jpg HTTP/1.1" 200 0 "https://google.com" "Mozilla/5.0 (Macintosh; Intel Mac OS X 10_12_1) AppleWebKit/537.36 (KHTML, like Gecko) Chrome/65.0.3325.109 Safari/537.36 OPR/51.0.2830.34"
178.241.122.142 - - [13/Sep/2026:01:47:06 +0300] "GET /wp-content/uploads/2021/09/Hak-Halili1.jpg HTTP/2" 200 24622 "https://www.google.com/" "Mozilla/5.0 (iPhone; CPU iPhone OS 26_6 like Mac OS X) AppleWebKit/605.1.15 (KHTML, like Gecko) GSA/437.4.973319807 Mobile/23G71 Safari/604.1"
89.43.31.214 - - [13/Sep/2026:01:47:06 +0300] "POST /wp-cron.php?doing_wp_cron=1789253226.6171939373016357421875 HTTP/1.1" 200 0 "-" "WordPress/6.5.10; https://www.evliyalar.net"
66.249.70.163 - - [13/Sep/2026:01:47:07 +0300] "GET /?p=30554 HTTP/1.1" 200 2052 "-" "Mozilla/5.0 (Linux; Android 6.0.1; Nexus 5X Build/MMB29P) AppleWebKit/537.36 (KHTML, like Gecko) Chrome/152.0.7977.82 Mobile Safari/537.36 (compatible; Googlebot/2.1; +http://www.google.com/bot.html)"
40.77.167.26 - - [13/Sep/2026:01:47:08 +0300] "POST /cdn-cgi/rum HTTP/2" 404 796 "https://www.evliyalar.net/?p=59160" "Mozilla/5.0 AppleWebKit/537.36 (KHTML, like Gecko; compatible; bingbot/2.0; +http://www.bing.com/bingbot.htm) Chrome/136.0.0.0 Safari/537.36 AppleWebKit/537.36 (KHTML, like Gecko; compatible; bingbot/2.0; +http://www.bing.com/bingbot.htm) Chrome/116.0.1938.76 Safari/537.36"
129.225.125.127 - - [13/Sep/2026:01:46:51 +0300] "GET /wp-admin/index.php HTTP/1.1" 403 787 "https://evliyalar.net/wp-login.php" "Mozilla/5.0 (Windows NT 10.0; Win64; x64) AppleWebKit/605.1.15 (KHTML, like Gecko) Version/14.1.2 Safari/605.1.15"
129.225.125.127 - - [13/Sep/2026:01:46:51 +0300] "GET /wp-admin/index.php HTTP/1.1" 403 787 "https://evliyalar.net/wp-login.php" "Mozilla/5.0 (Windows NT 10.0; Win64; x64) AppleWebKit/605.1.15 (KHTML, like Gecko) Version/14.1.2 Safari/605.1.15"
129.225.125.127 - - [13/Sep/2026:01:46:51 +0300] "POST /wp-login.php HTTP/1.1" 200 3315 "https://evliyalar.net/wp-login.php" "Mozilla/5.0 (Windows NT 10.0; Win64; x64) AppleWebKit/537.36 (KHTML, like Gecko) Chrome/91.0.4472.124 Safari/537.36"
129.225.125.127 - - [13/Sep/2026:01:47:01 +0300] "GET /wp-admin/index.php HTTP/1.1" 403 787 "https://evliyalar.net/wp-login.php" "Mozilla/5.0 (Windows NT 6.1; Win64; x64) AppleWebKit/537.36 (KHTML, like Gecko) Chrome/93.0.4577.63 Safari/537.36"
129.225.125.127 - - [13/Sep/2026:01:47:01 +0300] "GET /wp-admin/index.php HTTP/1.1" 403 787 "https://evliyalar.net/wp-login.php" "Mozilla/5.0 (Windows NT 6.1; Win64; x64) AppleWebKit/537.36 (KHTML, like Gecko) Chrome/93.0.4577.63 Safari/537.36"
129.225.125.127 - - [13/Sep/2026:01:47:01 +0300] "POST /wp-login.php HTTP/1.1" 200 3321 "https://evliyalar.net/wp-login.php" "Mozilla/5.0 (Macintosh; Intel Mac OS X 10_15_7) AppleWebKit/605.1.15 (KHTML, like Gecko) Version/15.0 Safari/605.1.15"
129.225.125.127 - - [13/Sep/2026:01:47:06 +0300] "GET /wp-admin/index.php HTTP/1.1" 403 787 "https://evliyalar.net/wp-login.php" "Mozilla/5.0 (Windows NT 10.0; Win64; x64; rv:90.0) Gecko/20100101 Firefox/90.0.1"
129.225.125.127 - - [13/Sep/2026:01:47:07 +0300] "GET /wp-admin/index.php HTTP/1.1" 403 787 "https://evliyalar.net/wp-login.php" "Mozilla/5.0 (Windows NT 10.0; Win64; x64; rv:90.0) Gecko/20100101 Firefox/90.0.1"
40.77.178.12 - - [13/Sep/2026:01:47:09 +0300] "POST /cdn-cgi/rum? HTTP/2" 404 796 "https://www.evliyalar.net/?p=59160" "Mozilla/5.0 AppleWebKit/537.36 (KHTML, like Gecko; compatible; bingbot/2.0; +http://www.bing.com/bingbot.htm) Chrome/136.0.0.0 Safari/537.36"
40.77.178.12 - - [13/Sep/2026:01:47:13 +0300] "POST /cdn-cgi/rum? HTTP/2" 404 796 "https://www.evliyalar.net/?p=59160" "Mozilla/5.0 (Windows NT 10.0; Win64; x64) AppleWebKit/537.36 (KHTML, like Gecko) HeadlessChrome/146.0.7680.165 Safari/537.36"
129.225.125.127 - - [13/Sep/2026:01:47:07 +0300] "POST /wp-login.php HTTP/1.1" 200 3327 "https://evliyalar.net/wp-login.php" "Mozilla/5.0 (Windows NT 10.0; Win64; x64) AppleWebKit/605.1.15 (KHTML, like Gecko) Version/15.0 Safari/605.1.15"
129.225.125.127 - - [13/Sep/2026:01:47:16 +0300] "GET /wp-admin/index.php HTTP/1.1" 403 787 "https://evliyalar.net/wp-login.php" "Mozilla/5.0 (X11; Linux x86_64) AppleWebKit/537.36 (KHTML, like Gecko) Chrome/93.0.4577.63 Safari/537.36"
129.225.125.127 - - [13/Sep/2026:01:47:16 +0300] "GET /wp-admin/index.php HTTP/1.1" 403 787 "https://evliyalar.net/wp-login.php" "Mozilla/5.0 (X11; Linux x86_64) AppleWebKit/537.36 (KHTML, like Gecko) Chrome/93.0.4577.63 Safari/537.36"
9.205.30.158 - - [13/Sep/2026:01:47:18 +0300] "GET / HTTP/2" 200 2050 "-" "Mozilla/5.0 AppleWebKit/537.36 (KHTML, like Gecko); compatible; ChatGPT-User/1.0; +https://openai.com/bot"
129.225.125.127 - - [13/Sep/2026:01:47:16 +0300] "POST /wp-login.php HTTP/1.1" 200 3321 "https://evliyalar.net/wp-login.php" "Mozilla/5.0 (Windows NT 10.0; Win64; x64; rv:89.0) Gecko/20100101 Firefox/89.0.2"
129.225.125.127 - - [13/Sep/2026:01:47:21 +0300] "GET /wp-admin/index.php HTTP/1.1" 403 787 "https://evliyalar.net/wp-login.php" "Mozilla/5.0 (Windows NT 6.1; Win64; x64) AppleWebKit/537.36 (KHTML, like Gecko) Chrome/94.0.4606.71 Safari/537.36"
129.225.125.127 - - [13/Sep/2026:01:47:22 +0300] "GET /wp-admin/index.php HTTP/1.1" 403 787 "https://evliyalar.net/wp-login.php" "Mozilla/5.0 (Windows NT 6.1; Win64; x64) AppleWebKit/537.36 (KHTML, like Gecko) Chrome/94.0.4606.71 Safari/537.36"
66.249.70.163 - - [13/Sep/2026:01:47:09 +0300] "GET /?p=41244 HTTP/1.1" 200 2052 "-" "Mozilla/5.0 (Linux; Android 6.0.1; Nexus 5X Build/MMB29P) AppleWebKit/537.36 (KHTML, like Gecko) Chrome/152.0.7977.82 Mobile Safari/537.36 (compatible; Googlebot/2.1; +http://www.google.com/bot.html)"
66.249.70.163 - - [13/Sep/2026:01:47:09 +0300] "GET /?p=16219 HTTP/1.1" 200 2052 "-" "Mozilla/5.0 (Linux; Android 6.0.1; Nexus 5X Build/MMB29P) AppleWebKit/537.36 (KHTML, like Gecko) Chrome/152.0.7977.82 Mobile Safari/537.36 (compatible; Googlebot/2.1; +http://www.google.com/bot.html)"
66.249.70.163 - - [13/Sep/2026:01:47:10 +0300] "GET /?p=57613 HTTP/1.1" 200 2052 "-" "Mozilla/5.0 (Linux; Android 6.0.1; Nexus 5X Build/MMB29P) AppleWebKit/537.36 (KHTML, like Gecko) Chrome/152.0.7977.82 Mobile Safari/537.36 (compatible; Googlebot/2.1; +http://www.google.com/bot.html)"
66.249.70.163 - - [13/Sep/2026:01:47:14 +0300] "GET /?p=75474 HTTP/1.1" 200 2052 "-" "Mozilla/5.0 (Linux; Android 6.0.1; Nexus 5X Build/MMB29P) AppleWebKit/537.36 (KHTML, like Gecko) Chrome/152.0.7977.82 Mobile Safari/537.36 (compatible; Googlebot/2.1; +http://www.google.com/bot.html)"
66.249.70.163 - - [13/Sep/2026:01:47:15 +0300] "GET /_autoindex/assets/icons/folder-fill.svg HTTP/1.1" 200 333 "https://www.evliyalar.net/?p=9459" "Mozilla/5.0 (Linux; Android 6.0.1; Nexus 5X Build/MMB29P) AppleWebKit/537.36 (KHTML, like Gecko) Chrome/152.0.7977.82 Mobile Safari/537.36 (compatible; Googlebot/2.1; +http://www.google.com/bot.html)"
66.249.70.163 - - [13/Sep/2026:01:47:16 +0300] "GET /?p=58494 HTTP/1.1" 200 2050 "-" "Mozilla/5.0 (Linux; Android 6.0.1; Nexus 5X Build/MMB29P) AppleWebKit/537.36 (KHTML, like Gecko) Chrome/152.0.7977.82 Mobile Safari/537.36 (compatible; Googlebot/2.1; +http://www.google.com/bot.html)"
66.249.70.163 - - [13/Sep/2026:01:47:20 +0300] "GET /?p=3882 HTTP/1.1" 200 2050 "-" "Mozilla/5.0 (Linux; Android 6.0.1; Nexus 5X Build/MMB29P) AppleWebKit/537.36 (KHTML, like Gecko) Chrome/152.0.7977.82 Mobile Safari/537.36 (compatible; Googlebot/2.1; +http://www.google.com/bot.html)"
66.249.70.163 - - [13/Sep/2026:01:47:22 +0300] "GET /?p=61638 HTTP/1.1" 200 2049 "-" "Mozilla/5.0 (Linux; Android 6.0.1; Nexus 5X Build/MMB29P) AppleWebKit/537.36 (KHTML, like Gecko) Chrome/152.0.7977.82 Mobile Safari/537.36 (compatible; Googlebot/2.1; +http://www.google.com/bot.html)"
66.249.70.163 - - [13/Sep/2026:01:47:23 +0300] "GET /?p=16876 HTTP/1.1" 200 2049 "-" "Mozilla/5.0 (Linux; Android 6.0.1; Nexus 5X Build/MMB29P) AppleWebKit/537.36 (KHTML, like Gecko) Chrome/152.0.7977.82 Mobile Safari/537.36 (compatible; Googlebot/2.1; +http://www.google.com/bot.html)"
66.249.70.163 - - [13/Sep/2026:01:47:23 +0300] "GET /?p=50540 HTTP/1.1" 200 2049 "-" "Mozilla/5.0 (Linux; Android 6.0.1; Nexus 5X Build/MMB29P) AppleWebKit/537.36 (KHTML, like Gecko) Chrome/152.0.7977.82 Mobile Safari/537.36 (compatible; Googlebot/2.1; +http://www.google.com/bot.html)"
66.249.70.163 - - [13/Sep/2026:01:47:26 +0300] "GET /_autoindex/assets/icons/folder-fill.svg HTTP/1.1" 200 333 "https://www.evliyalar.net/?p=61638" "Mozilla/5.0 (Linux; Android 6.0.1; Nexus 5X Build/MMB29P) AppleWebKit/537.36 (KHTML, like Gecko) Chrome/152.0.7977.82 Mobile Safari/537.36 (compatible; Googlebot/2.1; +http://www.google.com/bot.html)"
66.249.70.163 - - [13/Sep/2026:01:47:26 +0300] "GET /?p=54726 HTTP/1.1" 200 2049 "-" "Mozilla/5.0 (Linux; Android 6.0.1; Nexus 5X Build/MMB29P) AppleWebKit/537.36 (KHTML, like Gecko) Chrome/152.0.7977.82 Mobile Safari/537.36 (compatible; Googlebot/2.1; +http://www.google.com/bot.html)"
114.119.133.12 - - [13/Sep/2026:01:47:31 +0300] "GET /map_location_categories/ehli-beyt/ HTTP/1.1" 404 796 "https://www.evliyalar.net/map_location_categories/ehli-beyt/" "Mozilla/5.0 (Linux; Android 7.0;) AppleWebKit/537.36 (HTML, like Gecko) Mobile Safari/537.36 (compatible; PetalBot;+https://webmaster.petalsearch.com/site/petalbot)"
66.249.70.163 - - [13/Sep/2026:01:47:31 +0300] "GET /?p=61498 HTTP/1.1" 200 2050 "-" "Mozilla/5.0 (Linux; Android 6.0.1; Nexus 5X Build/MMB29P) AppleWebKit/537.36 (KHTML, like Gecko) Chrome/152.0.7977.82 Mobile Safari/537.36 (compatible; Googlebot/2.1; +http://www.google.com/bot.html)"
129.225.125.127 - - [13/Sep/2026:01:47:22 +0300] "POST /wp-login.php HTTP/1.1" 200 3321 "https://evliyalar.net/wp-login.php" "Mozilla/5.0 (Windows NT 6.1; Win64; x64) AppleWebKit/537.36 (KHTML, like Gecko) Chrome/90.0.4430.212 Safari/537.36"
129.225.125.127 - - [13/Sep/2026:01:47:31 +0300] "GET /wp-admin/index.php HTTP/1.1" 403 787 "https://evliyalar.net/wp-login.php" "Mozilla/5.0 (Macintosh; Intel Mac OS X 10_15_7) AppleWebKit/537.36 (KHTML, like Gecko) Chrome/90.0.4430.212 Safari/537.36"
129.225.125.127 - - [13/Sep/2026:01:47:32 +0300] "GET /wp-admin/index.php HTTP/1.1" 403 787 "https://evliyalar.net/wp-login.php" "Mozilla/5.0 (Macintosh; Intel Mac OS X 10_15_7) AppleWebKit/537.36 (KHTML, like Gecko) Chrome/90.0.4430.212 Safari/537.36"
66.249.70.163 - - [13/Sep/2026:01:47:32 +0300] "GET /?p=58077 HTTP/1.1" 200 2050 "-" "Mozilla/5.0 (Linux; Android 6.0.1; Nexus 5X Build/MMB29P) AppleWebKit/537.36 (KHTML, like Gecko) Chrome/152.0.7977.82 Mobile Safari/537.36 (compatible; Googlebot/2.1; +http://www.google.com/bot.html)"
66.249.70.163 - - [13/Sep/2026:01:47:33 +0300] "GET /?p=2766 HTTP/1.1" 200 2050 "-" "Mozilla/5.0 (Linux; Android 6.0.1; Nexus 5X Build/MMB29P) AppleWebKit/537.36 (KHTML, like Gecko) Chrome/152.0.7977.82 Mobile Safari/537.36 (compatible; Googlebot/2.1; +http://www.google.com/bot.html)"
66.249.70.163 - - [13/Sep/2026:01:47:33 +0300] "GET /?p=74225 HTTP/1.1" 200 2027 "-" "Mozilla/5.0 (Linux; Android 6.0.1; Nexus 5X Build/MMB29P) AppleWebKit/537.36 (KHTML, like Gecko) Chrome/152.0.7977.82 Mobile Safari/537.36 (compatible; Googlebot/2.1; +http://www.google.com/bot.html)"
66.249.70.163 - - [13/Sep/2026:01:47:35 +0300] "GET /?p=33786 HTTP/1.1" 200 2050 "-" "Mozilla/5.0 (Linux; Android 6.0.1; Nexus 5X Build/MMB29P) AppleWebKit/537.36 (KHTML, like Gecko) Chrome/152.0.7977.82 Mobile Safari/537.36 (compatible; Googlebot/2.1; +http://www.google.com/bot.html)"
129.225.125.127 - - [13/Sep/2026:01:47:32 +0300] "POST /wp-login.php HTTP/1.1" 200 3315 "https://evliyalar.net/wp-login.php" "Mozilla/5.0 (Windows NT 10.0; Win64; x64) AppleWebKit/605.1.15 (KHTML, like Gecko) Version/14.1.1 Safari/605.1.15"
66.249.70.163 - - [13/Sep/2026:01:47:37 +0300] "GET /?p=6362 HTTP/1.1" 200 2026 "-" "Mozilla/5.0 (Linux; Android 6.0.1; Nexus 5X Build/MMB29P) AppleWebKit/537.36 (KHTML, like Gecko) Chrome/152.0.7977.82 Mobile Safari/537.36 (compatible; Googlebot/2.1; +http://www.google.com/bot.html)"
129.225.125.127 - - [13/Sep/2026:01:47:37 +0300] "GET /wp-admin/index.php HTTP/1.1" 403 787 "https://evliyalar.net/wp-login.php" "Mozilla/5.0 (Windows NT 10.0; Win64; x64) AppleWebKit/537.36 (KHTML, like Gecko) Chrome/91.0.4472.124 Safari/537.36"
129.225.125.127 - - [13/Sep/2026:01:47:38 +0300] "GET /wp-admin/index.php HTTP/1.1" 403 787 "https://evliyalar.net/wp-login.php" "Mozilla/5.0 (Windows NT 10.0; Win64; x64) AppleWebKit/537.36 (KHTML, like Gecko) Chrome/91.0.4472.124 Safari/537.36"
66.249.70.163 - - [13/Sep/2026:01:47:39 +0300] "GET /?p=39577 HTTP/1.1" 200 2051 "-" "Mozilla/5.0 (Linux; Android 6.0.1; Nexus 5X Build/MMB29P) AppleWebKit/537.36 (KHTML, like Gecko) Chrome/152.0.7977.82 Mobile Safari/537.36 (compatible; Googlebot/2.1; +http://www.google.com/bot.html)"
66.249.70.163 - - [13/Sep/2026:01:47:41 +0300] "GET /?p=49500 HTTP/1.1" 200 2051 "-" "Mozilla/5.0 (Linux; Android 6.0.1; Nexus 5X Build/MMB29P) AppleWebKit/537.36 (KHTML, like Gecko) Chrome/152.0.7977.82 Mobile Safari/537.36 (compatible; Googlebot/2.1; +http://www.google.com/bot.html)"
66.249.70.163 - - [13/Sep/2026:01:47:43 +0300] "GET /?p=62710 HTTP/1.1" 200 2051 "-" "Mozilla/5.0 (Linux; Android 6.0.1; Nexus 5X Build/MMB29P) AppleWebKit/537.36 (KHTML, like Gecko) Chrome/152.0.7977.82 Mobile Safari/537.36 (compatible; Googlebot/2.1; +http://www.google.com/bot.html)"
66.249.70.163 - - [13/Sep/2026:01:47:45 +0300] "GET /?p=17404 HTTP/1.1" 200 2051 "-" "Mozilla/5.0 (Linux; Android 6.0.1; Nexus 5X Build/MMB29P) AppleWebKit/537.36 (KHTML, like Gecko) Chrome/152.0.7977.82 Mobile Safari/537.36 (compatible; Googlebot/2.1; +http://www.google.com/bot.html)"
129.225.125.127 - - [13/Sep/2026:01:47:38 +0300] "POST /wp-login.php HTTP/1.1" 200 3321 "https://evliyalar.net/wp-login.php" "Mozilla/5.0 (Windows NT 10.0; Win64; x64) AppleWebKit/537.36 (KHTML, like Gecko) Chrome/92.0.4515.131 Safari/537.36"
129.225.125.127 - - [13/Sep/2026:01:47:46 +0300] "GET /wp-admin/index.php HTTP/1.1" 403 787 "https://evliyalar.net/wp-login.php" "Mozilla/5.0 (X11; Linux x86_64) AppleWebKit/537.36 (KHTML, like Gecko) Chrome/92.0.4515.131 Safari/537.36"
129.225.125.127 - - [13/Sep/2026:01:47:46 +0300] "GET /wp-admin/index.php HTTP/1.1" 403 787 "https://evliyalar.net/wp-login.php" "Mozilla/5.0 (X11; Linux x86_64) AppleWebKit/537.36 (KHTML, like Gecko) Chrome/92.0.4515.131 Safari/537.36"
66.249.70.163 - - [13/Sep/2026:01:47:48 +0300] "GET /?p=38590 HTTP/1.1" 200 2052 "-" "Mozilla/5.0 (Linux; Android 6.0.1; Nexus 5X Build/MMB29P) AppleWebKit/537.36 (KHTML, like Gecko) Chrome/152.0.7977.82 Mobile Safari/537.36 (compatible; Googlebot/2.1; +http://www.google.com/bot.html)"
74.7.229.143 - - [13/Sep/2026:01:47:49 +0300] "GET /mehmed-muhyiddin-uftade-k-s/ HTTP/2" 404 796 "-" "Mozilla/5.0 (Macintosh; Intel Mac OS X 10_15_7) AppleWebKit/537.36 (KHTML, like Gecko) Chrome/131.0.0.0 Safari/537.36; compatible; OAI-SearchBot/1.4; +https://openai.com/searchbot"
66.249.70.163 - - [13/Sep/2026:01:47:50 +0300] "GET /?p=10242 HTTP/1.1" 200 2050 "-" "Mozilla/5.0 (Linux; Android 6.0.1; Nexus 5X Build/MMB29P) AppleWebKit/537.36 (KHTML, like Gecko) Chrome/152.0.7977.82 Mobile Safari/537.36 (compatible; Googlebot/2.1; +http://www.google.com/bot.html)"
129.225.125.127 - - [13/Sep/2026:01:47:46 +0300] "POST /wp-login.php HTTP/1.1" 200 3327 "https://evliyalar.net/wp-login.php" "Mozilla/5.0 (X11; Linux x86_64; rv:89.0) Gecko/20100101 Firefox/89.0.2"
66.249.70.163 - - [13/Sep/2026:01:47:51 +0300] "GET /?p=63647 HTTP/1.1" 200 2050 "-" "Mozilla/5.0 (Linux; Android 6.0.1; Nexus 5X Build/MMB29P) AppleWebKit/537.36 (KHTML, like Gecko) Chrome/152.0.7977.82 Mobile Safari/537.36 (compatible; Googlebot/2.1; +http://www.google.com/bot.html)"
129.225.125.127 - - [13/Sep/2026:01:47:51 +0300] "GET /wp-admin/index.php HTTP/1.1" 403 787 "https://evliyalar.net/wp-login.php" "Mozilla/5.0 (Macintosh; Intel Mac OS X 10_15_7) AppleWebKit/605.1.15 (KHTML, like Gecko) Version/15.0 Safari/605.1.15"
129.225.125.127 - - [13/Sep/2026:01:47:51 +0300] "GET /wp-admin/index.php HTTP/1.1" 403 787 "https://evliyalar.net/wp-login.php" "Mozilla/5.0 (Macintosh; Intel Mac OS X 10_15_7) AppleWebKit/605.1.15 (KHTML, like Gecko) Version/15.0 Safari/605.1.15"
52.167.144.139 - - [13/Sep/2026:01:47:52 +0300] "GET /wp-content/cache/min/1/8667c142e0ebd07d9e7077fd1ee4ddeb.js HTTP/2" 200 792871 "https://evliyalar.net/" "Mozilla/5.0 AppleWebKit/537.36 (KHTML, like Gecko; compatible; bingbot/2.0; +http://www.bing.com/bingbot.htm) Chrome/136.0.0.0 Safari/537.36 AppleWebKit/537.36 (KHTML, like Gecko; compatible; bingbot/2.0; +http://www.bing.com/bingbot.htm) Chrome/116.0.1938.76 Safari/537.36"
66.249.70.163 - - [13/Sep/2026:01:47:53 +0300] "GET /?p=52219 HTTP/1.1" 200 2052 "-" "Mozilla/5.0 (Linux; Android 6.0.1; Nexus 5X Build/MMB29P) AppleWebKit/537.36 (KHTML, like Gecko) Chrome/152.0.7977.82 Mobile Safari/537.36 (compatible; Googlebot/2.1; +http://www.google.com/bot.html)"
66.249.70.163 - - [13/Sep/2026:01:47:56 +0300] "GET /?p=69347 HTTP/1.1" 200 2052 "-" "Mozilla/5.0 (Linux; Android 6.0.1; Nexus 5X Build/MMB29P) AppleWebKit/537.36 (KHTML, like Gecko) Chrome/152.0.7977.82 Mobile Safari/537.36 (compatible; Googlebot/2.1; +http://www.google.com/bot.html)"
66.249.70.163 - - [13/Sep/2026:01:47:57 +0300] "GET /?p=74071 HTTP/1.1" 200 2027 "-" "Mozilla/5.0 (Linux; Android 6.0.1; Nexus 5X Build/MMB29P) AppleWebKit/537.36 (KHTML, like Gecko) Chrome/152.0.7977.82 Mobile Safari/537.36 (compatible; Googlebot/2.1; +http://www.google.com/bot.html)"
66.249.70.163 - - [13/Sep/2026:01:48:01 +0300] "GET /?p=48390 HTTP/1.1" 200 2052 "-" "Mozilla/5.0 (Linux; Android 6.0.1; Nexus 5X Build/MMB29P) AppleWebKit/537.36 (KHTML, like Gecko) Chrome/152.0.7977.82 Mobile Safari/537.36 (compatible; Googlebot/2.1; +http://www.google.com/bot.html)"
129.225.125.127 - - [13/Sep/2026:01:47:52 +0300] "POST /wp-login.php HTTP/1.1" 200 3321 "https://evliyalar.net/wp-login.php" "Mozilla/5.0 (X11; Linux x86_64) AppleWebKit/537.36 (KHTML, like Gecko) Chrome/90.0.4430.212 Safari/537.36"
129.225.125.127 - - [13/Sep/2026:01:48:01 +0300] "GET /wp-admin/index.php HTTP/1.1" 403 787 "https://evliyalar.net/wp-login.php" "Mozilla/5.0 (Macintosh; Intel Mac OS X 10_15_7) AppleWebKit/605.1.15 (KHTML, like Gecko) Version/14.1 Safari/605.1.15"
129.225.125.127 - - [13/Sep/2026:01:48:01 +0300] "GET /wp-admin/index.php HTTP/1.1" 403 787 "https://evliyalar.net/wp-login.php" "Mozilla/5.0 (Macintosh; Intel Mac OS X 10_15_7) AppleWebKit/605.1.15 (KHTML, like Gecko) Version/14.1 Safari/605.1.15"
66.249.70.163 - - [13/Sep/2026:01:48:03 +0300] "GET /_autoindex/assets/icons/folder-fill.svg HTTP/1.1" 200 333 "https://www.evliyalar.net/?p=74071" "Mozilla/5.0 (Linux; Android 6.0.1; Nexus 5X Build/MMB29P) AppleWebKit/537.36 (KHTML, like Gecko) Chrome/152.0.7977.82 Mobile Safari/537.36 (compatible; Googlebot/2.1; +http://www.google.com/bot.html)"
66.249.70.163 - - [13/Sep/2026:01:48:03 +0300] "GET /?p=75796 HTTP/1.1" 200 2031 "-" "Mozilla/5.0 (Linux; Android 6.0.1; Nexus 5X Build/MMB29P) AppleWebKit/537.36 (KHTML, like Gecko) Chrome/152.0.7977.82 Mobile Safari/537.36 (compatible; Googlebot/2.1; +http://www.google.com/bot.html)"
129.225.125.127 - - [13/Sep/2026:01:48:01 +0300] "POST /wp-login.php HTTP/1.1" 200 3321 "https://evliyalar.net/wp-login.php" "Mozilla/5.0 (X11; Linux x86_64; rv:90.0) Gecko/20100101 Firefox/90.0.1"
129.225.125.127 - - [13/Sep/2026:01:48:06 +0300] "GET /wp-admin/index.php HTTP/1.1" 403 787 "https://evliyalar.net/wp-login.php" "Mozilla/5.0 (Windows NT 6.1; Win64; x64) AppleWebKit/537.36 (KHTML, like Gecko) Chrome/90.0.4430.212 Safari/537.36"
129.225.125.127 - - [13/Sep/2026:01:48:07 +0300] "GET /wp-admin/index.php HTTP/1.1" 403 787 "https://evliyalar.net/wp-login.php" "Mozilla/5.0 (Windows NT 6.1; Win64; x64) AppleWebKit/537.36 (KHTML, like Gecko) Chrome/90.0.4430.212 Safari/537.36"
66.249.70.163 - - [13/Sep/2026:01:48:10 +0300] "GET /?p=46713 HTTP/1.1" 200 2052 "-" "Mozilla/5.0 (Linux; Android 6.0.1; Nexus 5X Build/MMB29P) AppleWebKit/537.36 (KHTML, like Gecko) Chrome/152.0.7977.82 Mobile Safari/537.36 (compatible; Googlebot/2.1; +http://www.google.com/bot.html)"
129.225.125.127 - - [13/Sep/2026:01:48:07 +0300] "POST /wp-login.php HTTP/1.1" 200 3327 "https://evliyalar.net/wp-login.php" "Mozilla/5.0 (X11; Linux x86_64) AppleWebKit/537.36 (KHTML, like Gecko) Chrome/93.0.4577.63 Safari/537.36"
129.225.125.127 - - [13/Sep/2026:01:48:16 +0300] "GET /wp-admin/index.php HTTP/1.1" 403 787 "https://evliyalar.net/wp-login.php" "Mozilla/5.0 (Windows NT 10.0; Win64; x64) AppleWebKit/605.1.15 (KHTML, like Gecko) Version/15.0 Safari/605.1.15"
129.225.125.127 - - [13/Sep/2026:01:48:16 +0300] "GET /wp-admin/index.php HTTP/1.1" 403 787 "https://evliyalar.net/wp-login.php" "Mozilla/5.0 (Windows NT 10.0; Win64; x64) AppleWebKit/605.1.15 (KHTML, like Gecko) Version/15.0 Safari/605.1.15"
129.225.125.127 - - [13/Sep/2026:01:48:17 +0300] "POST /wp-login.php HTTP/1.1" 200 3327 "https://evliyalar.net/wp-login.php" "Mozilla/5.0 (Windows NT 10.0; Win64; x64) AppleWebKit/605.1.15 (KHTML, like Gecko) Version/14.1.1 Safari/605.1.15"
104.198.20.85 - - [13/Sep/2026:01:47:35 +0300] "GET /wp-content/uploads/2015/11/1422297574.jpg HTTP/2" 200 239579 "-" "Mozilla/5.0 AppleWebKit/537.36 (KHTML, like Gecko; compatible; Reflectionbot/1.0; +https://reflection.ai/bot) Chrome/151.0.0.0 Safari/537.36"
40.77.167.26 - - [13/Sep/2026:01:47:44 +0300] "GET /?s=A+casa+ao+contr%C3%A1rio HTTP/2" 200 2051 "-" "Mozilla/5.0 AppleWebKit/537.36 (KHTML, like Gecko; compatible; bingbot/2.0; +http://www.bing.com/bingbot.htm) Chrome/116.0.1938.76 Safari/537.36"
89.43.31.214 - - [13/Sep/2026:01:47:51 +0300] "POST /wp-cron.php?doing_wp_cron=1789253271.5019469261169433593750 HTTP/1.1" 200 0 "-" "WordPress/6.5.10; https://www.evliyalar.net"
40.77.167.26 - - [13/Sep/2026:01:47:59 +0300] "GET /wp-content/uploads/2020/03/Seyyid-Yahya-%C5%9Eirvani-9-300x225.jpg HTTP/2" 200 9186 "-" "Mozilla/5.0 AppleWebKit/537.36 (KHTML, like Gecko; compatible; bingbot/2.0; +http://www.bing.com/bingbot.htm) Chrome/116.0.1938.76 Safari/537.36"
66.249.70.164 - - [13/Sep/2026:01:48:04 +0300] "GET /match/h2h-2704382 HTTP/1.1" 404 796 "-" "Mozilla/5.0 (Linux; Android 6.0.1; Nexus 5X Build/MMB29P) AppleWebKit/537.36 (KHTML, like Gecko) Chrome/152.0.7977.82 Mobile Safari/537.36 (compatible; Googlebot/2.1; +http://www.google.com/bot.html)"
66.249.70.164 - - [13/Sep/2026:01:48:04 +0300] "GET /_autoindex/assets/icons/folder-fill.svg HTTP/1.1" 200 333 "https://www.evliyalar.net/?p=69347" "Mozilla/5.0 (Linux; Android 6.0.1; Nexus 5X Build/MMB29P) AppleWebKit/537.36 (KHTML, like Gecko) Chrome/152.0.7977.82 Mobile Safari/537.36 (compatible; Googlebot/2.1; +http://www.google.com/bot.html)"
66.249.70.164 - - [13/Sep/2026:01:48:05 +0300] "GET /giao-duc/huong-nghiep.htm HTTP/1.1" 404 796 "-" "Mozilla/5.0 (Linux; Android 6.0.1; Nexus 5X Build/MMB29P) AppleWebKit/537.36 (KHTML, like Gecko) Chrome/152.0.7977.82 Mobile Safari/537.36 (compatible; Googlebot/2.1; +http://www.google.com/bot.html)"
66.249.70.163 - - [13/Sep/2026:01:48:16 +0300] "GET /?p=14314 HTTP/1.1" 200 2031 "-" "Mozilla/5.0 (Linux; Android 6.0.1; Nexus 5X Build/MMB29P) AppleWebKit/537.36 (KHTML, like Gecko) Chrome/152.0.7977.82 Mobile Safari/537.36 (compatible; Googlebot/2.1; +http://www.google.com/bot.html)"
66.249.70.163 - - [13/Sep/2026:01:48:17 +0300] "GET /?p=63040 HTTP/1.1" 200 2051 "-" "Mozilla/5.0 (Linux; Android 6.0.1; Nexus 5X Build/MMB29P) AppleWebKit/537.36 (KHTML, like Gecko) Chrome/152.0.7977.82 Mobile Safari/537.36 (compatible; Googlebot/2.1; +http://www.google.com/bot.html)"
66.249.70.163 - - [13/Sep/2026:01:48:17 +0300] "GET /?p=38977 HTTP/1.1" 200 2051 "-" "Mozilla/5.0 (Linux; Android 6.0.1; Nexus 5X Build/MMB29P) AppleWebKit/537.36 (KHTML, like Gecko) Chrome/152.0.7977.82 Mobile Safari/537.36 (compatible; Googlebot/2.1; +http://www.google.com/bot.html)"
66.249.70.163 - - [13/Sep/2026:01:48:17 +0300] "GET /kategori/kibris-evliyalari/ HTTP/1.1" 404 796 "-" "Mozilla/5.0 (Linux; Android 6.0.1; Nexus 5X Build/MMB29P) AppleWebKit/537.36 (KHTML, like Gecko) Chrome/152.0.7977.82 Mobile Safari/537.36 (compatible; Googlebot/2.1; +http://www.google.com/bot.html)"
66.249.70.163 - - [13/Sep/2026:01:48:20 +0300] "GET /kategori/genel/page/37/ HTTP/1.1" 404 796 "-" "Mozilla/5.0 (Linux; Android 6.0.1; Nexus 5X Build/MMB29P) AppleWebKit/537.36 (KHTML, like Gecko) Chrome/152.0.7977.82 Mobile Safari/537.36 (compatible; Googlebot/2.1; +http://www.google.com/bot.html)"
66.249.70.163 - - [13/Sep/2026:01:48:27 +0300] "GET /?p=7787 HTTP/1.1" 200 2050 "-" "Mozilla/5.0 (Linux; Android 6.0.1; Nexus 5X Build/MMB29P) AppleWebKit/537.36 (KHTML, like Gecko) Chrome/152.0.7977.82 Mobile Safari/537.36 (compatible; Googlebot/2.1; +http://www.google.com/bot.html)"
66.249.70.163 - - [13/Sep/2026:01:48:41 +0300] "GET /?p=35708 HTTP/1.1" 200 2053 "-" "Mozilla/5.0 (Linux; Android 6.0.1; Nexus 5X Build/MMB29P) AppleWebKit/537.36 (KHTML, like Gecko) Chrome/152.0.7977.82 Mobile Safari/537.36 (compatible; Googlebot/2.1; +http://www.google.com/bot.html)"
129.225.125.127 - - [13/Sep/2026:01:48:22 +0300] "GET /wp-admin/index.php HTTP/1.1" 403 787 "https://evliyalar.net/wp-login.php" "Mozilla/5.0 (Macintosh; Intel Mac OS X 10_15_7) AppleWebKit/605.1.15 (KHTML, like Gecko) Version/14.0.3 Safari/605.1.15"
129.225.125.127 - - [13/Sep/2026:01:48:22 +0300] "GET /wp-admin/index.php HTTP/1.1" 403 787 "https://evliyalar.net/wp-login.php" "Mozilla/5.0 (Macintosh; Intel Mac OS X 10_15_7) AppleWebKit/605.1.15 (KHTML, like Gecko) Version/14.0.3 Safari/605.1.15"
129.225.125.127 - - [13/Sep/2026:01:48:22 +0300] "POST /wp-login.php HTTP/1.1" 200 3321 "https://evliyalar.net/wp-login.php" "Mozilla/5.0 (X11; Linux x86_64) AppleWebKit/537.36 (KHTML, like Gecko) Chrome/94.0.4606.71 Safari/537.36"
129.225.125.127 - - [13/Sep/2026:01:48:31 +0300] "GET /wp-admin/index.php HTTP/1.1" 403 787 "https://evliyalar.net/wp-login.php" "Mozilla/5.0 (X11; Linux x86_64) AppleWebKit/537.36 (KHTML, like Gecko) Chrome/90.0.4430.212 Safari/537.36"
129.225.125.127 - - [13/Sep/2026:01:48:31 +0300] "GET /wp-admin/index.php HTTP/1.1" 403 787 "https://evliyalar.net/wp-login.php" "Mozilla/5.0 (X11; Linux x86_64) AppleWebKit/537.36 (KHTML, like Gecko) Chrome/90.0.4430.212 Safari/537.36"
129.225.125.127 - - [13/Sep/2026:01:48:31 +0300] "POST /wp-login.php HTTP/1.1" 200 3321 "https://evliyalar.net/wp-login.php" "Mozilla/5.0 (X11; Linux x86_64) AppleWebKit/537.36 (KHTML, like Gecko) Chrome/94.0.4606.71 Safari/537.36"
129.225.125.127 - - [13/Sep/2026:01:48:36 +0300] "GET /wp-admin/index.php HTTP/1.1" 403 787 "https://evliyalar.net/wp-login.php" "Mozilla/5.0 (Windows NT 6.1; Win64; x64; rv:91.0) Gecko/20100101 Firefox/91.0"
129.225.125.127 - - [13/Sep/2026:01:48:36 +0300] "GET /wp-admin/index.php HTTP/1.1" 403 787 "https://evliyalar.net/wp-login.php" "Mozilla/5.0 (Windows NT 6.1; Win64; x64; rv:91.0) Gecko/20100101 Firefox/91.0"
129.225.125.127 - - [13/Sep/2026:01:48:37 +0300] "POST /wp-login.php HTTP/1.1" 200 3327 "https://evliyalar.net/wp-login.php" "Mozilla/5.0 (Windows NT 10.0; Win64; x64) AppleWebKit/605.1.15 (KHTML, like Gecko) Version/14.1.2 Safari/605.1.15"
129.225.125.127 - - [13/Sep/2026:01:48:46 +0300] "GET /wp-admin/index.php HTTP/1.1" 403 787 "https://evliyalar.net/wp-login.php" "Mozilla/5.0 (Macintosh; Intel Mac OS X 10_15_7; rv:92.0) Gecko/20100101 Firefox/92.0"
129.225.125.127 - - [13/Sep/2026:01:48:46 +0300] "GET /wp-admin/index.php HTTP/1.1" 403 787 "https://evliyalar.net/wp-login.php" "Mozilla/5.0 (Macintosh; Intel Mac OS X 10_15_7; rv:92.0) Gecko/20100101 Firefox/92.0"
129.225.125.127 - - [13/Sep/2026:01:48:46 +0300] "POST /wp-login.php HTTP/1.1" 200 3321 "https://evliyalar.net/wp-login.php" "Mozilla/5.0 (Windows NT 6.1; Win64; x64) AppleWebKit/537.36 (KHTML, like Gecko) Chrome/94.0.4606.71 Safari/537.36"
129.225.125.127 - - [13/Sep/2026:01:48:51 +0300] "GET /wp-admin/index.php HTTP/1.1" 403 787 "https://evliyalar.net/wp-login.php" "Mozilla/5.0 (Windows NT 10.0; Win64; x64) AppleWebKit/537.36 (KHTML, like Gecko) Chrome/93.0.4577.63 Safari/537.36"
129.225.125.127 - - [13/Sep/2026:01:48:51 +0300] "GET /wp-admin/index.php HTTP/1.1" 403 787 "https://evliyalar.net/wp-login.php" "Mozilla/5.0 (Windows NT 10.0; Win64; x64) AppleWebKit/537.36 (KHTML, like Gecko) Chrome/93.0.4577.63 Safari/537.36"
114.119.136.184 - - [13/Sep/2026:01:48:55 +0300] "GET /location/gozcu-ismail-dede/ HTTP/1.1" 404 796 "https://www.evliyalar.net/location/gozcu-ismail-dede/" "Mozilla/5.0 (Linux; Android 7.0;) AppleWebKit/537.36 (HTML, like Gecko) Mobile Safari/537.36 (compatible; PetalBot;+https://webmaster.petalsearch.com/site/petalbot)"
66.249.70.163 - - [13/Sep/2026:01:48:56 +0300] "GET /wp-content/uploads/2015/03/Ekran-Resmi-2015-03-27-23.40.45.jpg HTTP/1.1" 200 0 "-" "Googlebot-Image/1.0"
129.225.125.127 - - [13/Sep/2026:01:48:51 +0300] "POST /wp-login.php HTTP/1.1" 200 3315 "https://evliyalar.net/wp-login.php" "Mozilla/5.0 (Macintosh; Intel Mac OS X 10_15_7) AppleWebKit/605.1.15 (KHTML, like Gecko) Version/15.0 Safari/605.1.15"
129.225.125.127 - - [13/Sep/2026:01:49:01 +0300] "GET /wp-admin/index.php HTTP/1.1" 403 787 "https://evliyalar.net/wp-login.php" "Mozilla/5.0 (X11; Linux x86_64; rv:91.0) Gecko/20100101 Firefox/91.0"
129.225.125.127 - - [13/Sep/2026:01:49:02 +0300] "GET /wp-admin/index.php HTTP/1.1" 403 787 "https://evliyalar.net/wp-login.php" "Mozilla/5.0 (X11; Linux x86_64; rv:91.0) Gecko/20100101 Firefox/91.0"
129.225.125.127 - - [13/Sep/2026:01:49:02 +0300] "POST /wp-login.php HTTP/1.1" 200 3321 "https://evliyalar.net/wp-login.php" "Mozilla/5.0 (Macintosh; Intel Mac OS X 10_15_7; rv:92.0) Gecko/20100101 Firefox/92.0"
129.225.125.127 - - [13/Sep/2026:01:49:07 +0300] "GET /wp-admin/index.php HTTP/1.1" 403 787 "https://evliyalar.net/wp-login.php" "Mozilla/5.0 (Windows NT 10.0; Win64; x64) AppleWebKit/537.36 (KHTML, like Gecko) Chrome/93.0.4577.63 Safari/537.36"
129.225.125.127 - - [13/Sep/2026:01:49:07 +0300] "GET /wp-admin/index.php HTTP/1.1" 403 787 "https://evliyalar.net/wp-login.php" "Mozilla/5.0 (Windows NT 10.0; Win64; x64) AppleWebKit/537.36 (KHTML, like Gecko) Chrome/93.0.4577.63 Safari/537.36"
129.225.125.127 - - [13/Sep/2026:01:49:08 +0300] "POST /wp-login.php HTTP/1.1" 200 3321 "https://evliyalar.net/wp-login.php" "Mozilla/5.0 (Windows NT 10.0; Win64; x64) AppleWebKit/537.36 (KHTML, like Gecko) Chrome/92.0.4515.131 Safari/537.36"
129.225.125.127 - - [13/Sep/2026:01:49:16 +0300] "GET /wp-admin/index.php HTTP/1.1" 403 787 "https://evliyalar.net/wp-login.php" "Mozilla/5.0 (Macintosh; Intel Mac OS X 10_15_7) AppleWebKit/537.36 (KHTML, like Gecko) Chrome/90.0.4430.212 Safari/537.36"
129.225.125.127 - - [13/Sep/2026:01:49:16 +0300] "GET /wp-admin/index.php HTTP/1.1" 403 787 "https://evliyalar.net/wp-login.php" "Mozilla/5.0 (Macintosh; Intel Mac OS X 10_15_7) AppleWebKit/537.36 (KHTML, like Gecko) Chrome/90.0.4430.212 Safari/537.36"
129.225.125.127 - - [13/Sep/2026:01:49:16 +0300] "POST /wp-login.php HTTP/1.1" 200 3321 "https://evliyalar.net/wp-login.php" "Mozilla/5.0 (Macintosh; Intel Mac OS X 10_15_7) AppleWebKit/537.36 (KHTML, like Gecko) Chrome/90.0.4430.212 Safari/537.36"
129.225.125.127 - - [13/Sep/2026:01:49:21 +0300] "GET /wp-admin/index.php HTTP/1.1" 403 787 "https://evliyalar.net/wp-login.php" "Mozilla/5.0 (Windows NT 10.0; Win64; x64) AppleWebKit/605.1.15 (KHTML, like Gecko) Version/14.1 Safari/605.1.15"
129.225.125.127 - - [13/Sep/2026:01:49:21 +0300] "GET /wp-admin/index.php HTTP/1.1" 403 787 "https://evliyalar.net/wp-login.php" "Mozilla/5.0 (Windows NT 10.0; Win64; x64) AppleWebKit/605.1.15 (KHTML, like Gecko) Version/14.1 Safari/605.1.15"
129.225.125.127 - - [13/Sep/2026:01:49:21 +0300] "POST /wp-login.php HTTP/1.1" 200 3321 "https://evliyalar.net/wp-login.php" "Mozilla/5.0 (Windows NT 10.0; Win64; x64) AppleWebKit/605.1.15 (KHTML, like Gecko) Version/14.1 Safari/605.1.15"
129.225.125.127 - - [13/Sep/2026:01:49:31 +0300] "GET /wp-admin/index.php HTTP/1.1" 403 787 "https://evliyalar.net/wp-login.php" "Mozilla/5.0 (Windows NT 10.0; Win64; x64) AppleWebKit/537.36 (KHTML, like Gecko) Chrome/90.0.4430.212 Safari/537.36"
129.225.125.127 - - [13/Sep/2026:01:49:32 +0300] "GET /wp-admin/index.php HTTP/1.1" 403 787 "https://evliyalar.net/wp-login.php" "Mozilla/5.0 (Windows NT 10.0; Win64; x64) AppleWebKit/537.36 (KHTML, like Gecko) Chrome/90.0.4430.212 Safari/537.36"
52.167.144.139 - - [13/Sep/2026:01:49:34 +0300] "GET /wp-content/uploads/2016/10/IMG_4494-150x150.jpg HTTP/2" 200 7251 "-" "Mozilla/5.0 AppleWebKit/537.36 (KHTML, like Gecko; compatible; bingbot/2.0; +http://www.bing.com/bingbot.htm) Chrome/116.0.1938.76 Safari/537.36"
129.225.125.127 - - [13/Sep/2026:01:49:32 +0300] "POST /wp-login.php HTTP/1.1" 200 3315 "https://evliyalar.net/wp-login.php" "Mozilla/5.0 (Macintosh; Intel Mac OS X 10_15_7) AppleWebKit/605.1.15 (KHTML, like Gecko) Version/14.1.2 Safari/605.1.15"
129.225.125.127 - - [13/Sep/2026:01:49:37 +0300] "GET /wp-admin/index.php HTTP/1.1" 403 787 "https://evliyalar.net/wp-login.php" "Mozilla/5.0 (Windows NT 10.0; Win64; x64) AppleWebKit/605.1.15 (KHTML, like Gecko) Version/14.1 Safari/605.1.15"
66.249.70.163 - - [13/Sep/2026:01:48:50 +0300] "GET /?p=15438 HTTP/1.1" 200 2054 "-" "Mozilla/5.0 (Linux; Android 6.0.1; Nexus 5X Build/MMB29P) AppleWebKit/537.36 (KHTML, like Gecko) Chrome/152.0.7977.82 Mobile Safari/537.36 (compatible; Googlebot/2.1; +http://www.google.com/bot.html)"
66.249.70.163 - - [13/Sep/2026:01:49:03 +0300] "GET /koyun-baba-samsun/?replytocom=118394 HTTP/1.1" 404 796 "-" "Mozilla/5.0 (Linux; Android 6.0.1; Nexus 5X Build/MMB29P) AppleWebKit/537.36 (KHTML, like Gecko) Chrome/152.0.7977.82 Mobile Safari/537.36 (compatible; Googlebot/2.1; +http://www.google.com/bot.html)"
34.172.109.140 - - [13/Sep/2026:01:49:04 +0300] "GET /sitemap5.xml HTTP/2" 404 796 "-" "Mozilla/5.0 AppleWebKit/537.36 (KHTML, like Gecko; compatible; KeenableBot/1.0; +https://keenable.ai/)"
66.249.70.165 - - [13/Sep/2026:01:49:04 +0300] "GET /?p=59789 HTTP/1.1" 200 2048 "-" "Mozilla/5.0 (Linux; Android 6.0.1; Nexus 5X Build/MMB29P) AppleWebKit/537.36 (KHTML, like Gecko) Chrome/152.0.7977.82 Mobile Safari/537.36 (compatible; Googlebot/2.1; +http://www.google.com/bot.html)"
66.249.70.164 - - [13/Sep/2026:01:49:09 +0300] "GET /?p=41447 HTTP/1.1" 200 2048 "-" "Mozilla/5.0 (Linux; Android 6.0.1; Nexus 5X Build/MMB29P) AppleWebKit/537.36 (KHTML, like Gecko) Chrome/152.0.7977.82 Mobile Safari/537.36 (compatible; Googlebot/2.1; +http://www.google.com/bot.html)"
66.249.70.164 - - [13/Sep/2026:01:49:09 +0300] "GET /?p=753 HTTP/1.1" 200 2048 "-" "Mozilla/5.0 (Linux; Android 6.0.1; Nexus 5X Build/MMB29P) AppleWebKit/537.36 (KHTML, like Gecko) Chrome/152.0.7977.82 Mobile Safari/537.36 (compatible; Googlebot/2.1; +http://www.google.com/bot.html)"
66.249.70.163 - - [13/Sep/2026:01:49:14 +0300] "GET /?p=15254 HTTP/1.1" 200 2048 "-" "Mozilla/5.0 (Linux; Android 6.0.1; Nexus 5X Build/MMB29P) AppleWebKit/537.36 (KHTML, like Gecko) Chrome/152.0.7977.82 Mobile Safari/537.36 (compatible; Googlebot/2.1; +http://www.google.com/bot.html)"
66.249.70.163 - - [13/Sep/2026:01:49:23 +0300] "GET /?p=47312 HTTP/1.1" 200 2050 "-" "Mozilla/5.0 (Linux; Android 6.0.1; Nexus 5X Build/MMB29P) AppleWebKit/537.36 (KHTML, like Gecko) Chrome/152.0.7977.82 Mobile Safari/537.36 (compatible; Googlebot/2.1; +http://www.google.com/bot.html)"
66.249.70.163 - - [13/Sep/2026:01:49:26 +0300] "GET /?p=44469 HTTP/1.1" 200 2050 "-" "Mozilla/5.0 (Linux; Android 6.0.1; Nexus 5X Build/MMB29P) AppleWebKit/537.36 (KHTML, like Gecko) Chrome/152.0.7977.82 Mobile Safari/537.36 (compatible; Googlebot/2.1; +http://www.google.com/bot.html)"
40.77.167.26 - - [13/Sep/2026:01:49:30 +0300] "GET /wp-content/uploads/2020/11/CamScanner-11-08-2020-15.21_1-768x515.jpg HTTP/2" 200 110861 "-" "Mozilla/5.0 AppleWebKit/537.36 (KHTML, like Gecko; compatible; bingbot/2.0; +http://www.bing.com/bingbot.htm) Chrome/116.0.1938.76 Safari/537.36"
34.57.219.110 - - [13/Sep/2026:01:49:53 +0300] "GET /etiket/hz-nebi-harut/ HTTP/2" 404 796 "-" "Mozilla/5.0 AppleWebKit/537.36 (KHTML, like Gecko; compatible; Reflectionbot/1.0; +https://reflection.ai/bot) Chrome/151.0.0.0 Safari/537.36"
