66.249.70.163 - - [13/Sep/2026:02:50:33 +0300] "GET /?p=48531 HTTP/1.1" 200 2052 "-" "Mozilla/5.0 (Linux; Android 6.0.1; Nexus 5X Build/MMB29P) AppleWebKit/537.36 (KHTML, like Gecko) Chrome/152.0.7977.82 Mobile Safari/537.36 (compatible; Googlebot/2.1; +http://www.google.com/bot.html)"
66.249.70.163 - - [13/Sep/2026:02:50:36 +0300] "GET /?p=17201 HTTP/1.1" 200 2024 "-" "Mozilla/5.0 (Linux; Android 6.0.1; Nexus 5X Build/MMB29P) AppleWebKit/537.36 (KHTML, like Gecko) Chrome/152.0.7977.82 Mobile Safari/537.36 (compatible; Googlebot/2.1; +http://www.google.com/bot.html)"
66.249.70.163 - - [13/Sep/2026:02:50:37 +0300] "GET /?p=67442 HTTP/1.1" 200 2024 "-" "Mozilla/5.0 (Linux; Android 6.0.1; Nexus 5X Build/MMB29P) AppleWebKit/537.36 (KHTML, like Gecko) Chrome/152.0.7977.82 Mobile Safari/537.36 (compatible; Googlebot/2.1; +http://www.google.com/bot.html)"
66.249.70.163 - - [13/Sep/2026:02:50:39 +0300] "GET /?p=58588 HTTP/1.1" 200 2052 "-" "Mozilla/5.0 (Linux; Android 6.0.1; Nexus 5X Build/MMB29P) AppleWebKit/537.36 (KHTML, like Gecko) Chrome/152.0.7977.82 Mobile Safari/537.36 (compatible; Googlebot/2.1; +http://www.google.com/bot.html)"
66.249.70.163 - - [13/Sep/2026:02:50:44 +0300] "GET /?p=14761 HTTP/1.1" 200 2052 "-" "Mozilla/5.0 (Linux; Android 6.0.1; Nexus 5X Build/MMB29P) AppleWebKit/537.36 (KHTML, like Gecko) Chrome/152.0.7977.82 Mobile Safari/537.36 (compatible; Googlebot/2.1; +http://www.google.com/bot.html)"
66.249.70.163 - - [13/Sep/2026:02:50:46 +0300] "GET /?p=13164 HTTP/1.1" 200 2052 "-" "Mozilla/5.0 (Linux; Android 6.0.1; Nexus 5X Build/MMB29P) AppleWebKit/537.36 (KHTML, like Gecko) Chrome/152.0.7977.82 Mobile Safari/537.36 (compatible; Googlebot/2.1; +http://www.google.com/bot.html)"
66.249.70.163 - - [13/Sep/2026:02:50:49 +0300] "GET /?p=62932 HTTP/1.1" 200 2052 "-" "Mozilla/5.0 (Linux; Android 6.0.1; Nexus 5X Build/MMB29P) AppleWebKit/537.36 (KHTML, like Gecko) Chrome/152.0.7977.82 Mobile Safari/537.36 (compatible; Googlebot/2.1; +http://www.google.com/bot.html)"
66.249.70.163 - - [13/Sep/2026:02:50:51 +0300] "GET /?p=27819 HTTP/1.1" 200 2052 "-" "Mozilla/5.0 (Linux; Android 6.0.1; Nexus 5X Build/MMB29P) AppleWebKit/537.36 (KHTML, like Gecko) Chrome/152.0.7977.82 Mobile Safari/537.36 (compatible; Googlebot/2.1; +http://www.google.com/bot.html)"
66.249.70.163 - - [13/Sep/2026:02:50:53 +0300] "GET /?p=1483 HTTP/1.1" 200 2052 "-" "Mozilla/5.0 (Linux; Android 6.0.1; Nexus 5X Build/MMB29P) AppleWebKit/537.36 (KHTML, like Gecko) Chrome/152.0.7977.82 Mobile Safari/537.36 (compatible; Googlebot/2.1; +http://www.google.com/bot.html)"
66.249.70.164 - - [13/Sep/2026:02:51:02 +0300] "GET /?p=46309 HTTP/1.1" 200 2024 "-" "Mozilla/5.0 (Linux; Android 6.0.1; Nexus 5X Build/MMB29P) AppleWebKit/537.36 (KHTML, like Gecko) Chrome/152.0.7977.82 Mobile Safari/537.36 (compatible; Googlebot/2.1; +http://www.google.com/bot.html)"
66.249.70.163 - - [13/Sep/2026:02:51:16 +0300] "GET /?p=50926 HTTP/1.1" 200 2024 "-" "Mozilla/5.0 (Linux; Android 6.0.1; Nexus 5X Build/MMB29P) AppleWebKit/537.36 (KHTML, like Gecko) Chrome/152.0.7977.82 Mobile Safari/537.36 (compatible; Googlebot/2.1; +http://www.google.com/bot.html)"
173.252.82.20 - - [13/Sep/2026:02:51:19 +0300] "GET /wp-admin/admin-ajax.php?action=process_simple_like&nonce=d708f82734&post_id=19124&disabled=true&is_comment=0 HTTP/2" 403 787 "-" "Mozilla/5.0 (Macintosh; Intel Mac OS X 10_15_7) AppleWebKit/537.36 (KHTML, like Gecko) Chrome/145.0.0.0 Safari/537.36 (compatible; meta-webindexer/1.1 (+https://developers.facebook.com/docs/sharing/webmasters/crawler))"
178.240.211.197 - - [13/Sep/2026:02:51:56 +0300] "GET /kategori/silsile/silsile-i-aliyye/silsile-i-halid-cezeri/silsile-i-seyda/ HTTP/2" 404 796 "https://www.google.com/" "Mozilla/5.0 (iPhone; CPU iPhone OS 18_7 like Mac OS X) AppleWebKit/605.1.15 (KHTML, like Gecko) Version/26.5 Mobile/15E148 Safari/604.1"
178.240.211.197 - - [13/Sep/2026:02:51:56 +0300] "GET /favicon.ico HTTP/2" 404 796 "https://www.evliyalar.net/kategori/silsile/silsile-i-aliyye/silsile-i-halid-cezeri/silsile-i-seyda/" "Mozilla/5.0 (iPhone; CPU iPhone OS 18_7 like Mac OS X) AppleWebKit/605.1.15 (KHTML, like Gecko) Version/26.5 Mobile/15E148 Safari/604.1"
178.240.211.197 - - [13/Sep/2026:02:52:16 +0300] "GET /author/adminz/page/32/ HTTP/2" 404 796 "https://www.google.com/" "Mozilla/5.0 (iPhone; CPU iPhone OS 18_7 like Mac OS X) AppleWebKit/605.1.15 (KHTML, like Gecko) Version/26.5 Mobile/15E148 Safari/604.1"
66.249.70.165 - - [13/Sep/2026:02:52:16 +0300] "GET /_autoindex/assets/icons/file-text.svg HTTP/1.1" 200 394 "https://www.evliyalar.net/?p=1984" "Mozilla/5.0 (Linux; Android 6.0.1; Nexus 5X Build/MMB29P) AppleWebKit/537.36 (KHTML, like Gecko) Chrome/152.0.7977.82 Mobile Safari/537.36 (compatible; Googlebot/2.1; +http://www.google.com/bot.html)"
178.240.211.197 - - [13/Sep/2026:02:52:28 +0300] "GET /author/adminz/page/32/ HTTP/2" 404 796 "https://www.google.com/" "Mozilla/5.0 (iPhone; CPU iPhone OS 18_7 like Mac OS X) AppleWebKit/605.1.15 (KHTML, like Gecko) Version/26.5 Mobile/15E148 Safari/604.1"
52.167.144.169 - - [13/Sep/2026:02:52:51 +0300] "GET /?p=34207 HTTP/2" 200 2052 "-" "Mozilla/5.0 AppleWebKit/537.36 (KHTML, like Gecko; compatible; bingbot/2.0; +http://www.bing.com/bingbot.htm) Chrome/116.0.1938.76 Safari/537.36"
52.167.144.169 - - [13/Sep/2026:02:52:51 +0300] "GET /?p=29176 HTTP/2" 200 2052 "-" "Mozilla/5.0 AppleWebKit/537.36 (KHTML, like Gecko; compatible; bingbot/2.0; +http://www.bing.com/bingbot.htm) Chrome/116.0.1938.76 Safari/537.36"
52.167.144.169 - - [13/Sep/2026:02:52:51 +0300] "GET /?p=47011 HTTP/2" 200 2052 "-" "Mozilla/5.0 AppleWebKit/537.36 (KHTML, like Gecko; compatible; bingbot/2.0; +http://www.bing.com/bingbot.htm) Chrome/116.0.1938.76 Safari/537.36"
52.167.144.169 - - [13/Sep/2026:02:52:51 +0300] "GET /?p=13773 HTTP/2" 200 2052 "-" "Mozilla/5.0 AppleWebKit/537.36 (KHTML, like Gecko; compatible; bingbot/2.0; +http://www.bing.com/bingbot.htm) Chrome/116.0.1938.76 Safari/537.36"
66.249.70.163 - - [13/Sep/2026:02:50:15 +0300] "GET /?p=8754 HTTP/1.1" 200 2052 "-" "Mozilla/5.0 (Linux; Android 6.0.1; Nexus 5X Build/MMB29P) AppleWebKit/537.36 (KHTML, like Gecko) Chrome/152.0.7977.82 Mobile Safari/537.36 (compatible; Googlebot/2.1; +http://www.google.com/bot.html)"
40.77.167.24 - - [13/Sep/2026:02:50:28 +0300] "GET /?s=%E4%B8%96%E7%94%B0%E8%B0%B7%E5%8C%BA+%E9%8A%AD%E6%B9%AF%E3%83%9E%E3%83%83%E3%83%97 HTTP/2" 200 2052 "-" "Mozilla/5.0 AppleWebKit/537.36 (KHTML, like Gecko; compatible; bingbot/2.0; +http://www.bing.com/bingbot.htm) Chrome/116.0.1938.76 Safari/537.36"
52.167.144.169 - - [13/Sep/2026:02:50:46 +0300] "GET /wp-content/uploads/2020/03/Kutbettin-%C4%B0lgazi-T%C3%BCrbesi-Mardin-ia-300x169.jpg HTTP/2" 200 8925 "-" "Mozilla/5.0 AppleWebKit/537.36 (KHTML, like Gecko; compatible; bingbot/2.0; +http://www.bing.com/bingbot.htm) Chrome/116.0.1938.76 Safari/537.36"
37.154.113.43 - - [13/Sep/2026:02:51:20 +0300] "GET /denizli-evliyalari/ HTTP/2" 404 796 "https://www.google.com/" "Mozilla/5.0 (iPhone; CPU iPhone OS 18_7 like Mac OS X) AppleWebKit/605.1.15 (KHTML, like Gecko) Version/26.6.1 Mobile/15E148 Safari/604.1"
37.154.113.43 - - [13/Sep/2026:02:51:20 +0300] "GET /favicon.ico HTTP/2" 404 796 "https://www.evliyalar.net/denizli-evliyalari/" "Mozilla/5.0 (iPhone; CPU iPhone OS 18_7 like Mac OS X) AppleWebKit/605.1.15 (KHTML, like Gecko) Version/26.6.1 Mobile/15E148 Safari/604.1"
66.249.70.163 - - [13/Sep/2026:02:51:37 +0300] "GET /etiket/gelibolu-evliyalari/page/3/ HTTP/1.1" 404 796 "-" "Mozilla/5.0 (Linux; Android 6.0.1; Nexus 5X Build/MMB29P) AppleWebKit/537.36 (KHTML, like Gecko) Chrome/152.0.7977.82 Mobile Safari/537.36 (compatible; Googlebot/2.1; +http://www.google.com/bot.html)"
66.249.70.163 - - [13/Sep/2026:02:51:37 +0300] "GET /konya-evliyalari/?ysclid=msbosdigyb702409852 HTTP/1.1" 404 796 "-" "Mozilla/5.0 (compatible; Googlebot/2.1; +http://www.google.com/bot.html)"
62.27.37.108 - - [13/Sep/2026:02:52:02 +0300] "GET / HTTP/1.1" 200 2047 "-" "MSIE (MSIE 6.0; X11; Linux; i686) Opera 7.23"
92.204.248.55 - - [13/Sep/2026:02:52:06 +0300] "GET /seyh-haci-hasan-ozkok-k-s HTTP/1.1" 404 796 "-" "ias-ie/3.3 (former https://www.admantx.com + https://integralads.com/about-ias/)"
52.167.144.20 - - [13/Sep/2026:02:52:27 +0300] "GET /wp-content/uploads/2015/10/DSC01644-150x150.jpg HTTP/2" 200 6835 "-" "Mozilla/5.0 AppleWebKit/537.36 (KHTML, like Gecko; compatible; bingbot/2.0; +http://www.bing.com/bingbot.htm) Chrome/116.0.1938.76 Safari/537.36"
52.167.144.20 - - [13/Sep/2026:02:52:28 +0300] "GET /?p=68126 HTTP/2" 200 2052 "-" "Mozilla/5.0 AppleWebKit/537.36 (KHTML, like Gecko; compatible; bingbot/2.0; +http://www.bing.com/bingbot.htm) Chrome/116.0.1938.76 Safari/537.36"
52.167.144.20 - - [13/Sep/2026:02:52:28 +0300] "GET /?p=56820 HTTP/2" 200 2052 "-" "Mozilla/5.0 AppleWebKit/537.36 (KHTML, like Gecko; compatible; bingbot/2.0; +http://www.bing.com/bingbot.htm) Chrome/116.0.1938.76 Safari/537.36"
40.77.167.24 - - [13/Sep/2026:02:52:37 +0300] "GET /?p=6449 HTTP/2" 200 2052 "-" "Mozilla/5.0 AppleWebKit/537.36 (KHTML, like Gecko; compatible; bingbot/2.0; +http://www.bing.com/bingbot.htm) Chrome/116.0.1938.76 Safari/537.36"
52.167.144.169 - - [13/Sep/2026:02:53:07 +0300] "GET /wp-content/uploads/2020/04/Molla-A%C5%9Fk%C4%B1-3-768x576.jpg HTTP/2" 200 52043 "-" "Mozilla/5.0 AppleWebKit/537.36 (KHTML, like Gecko; compatible; bingbot/2.0; +http://www.bing.com/bingbot.htm) Chrome/116.0.1938.76 Safari/537.36"
52.167.144.169 - - [13/Sep/2026:02:53:08 +0300] "GET /?p=55953 HTTP/2" 200 2052 "-" "Mozilla/5.0 AppleWebKit/537.36 (KHTML, like Gecko; compatible; bingbot/2.0; +http://www.bing.com/bingbot.htm) Chrome/116.0.1938.76 Safari/537.36"
66.249.70.165 - - [13/Sep/2026:02:53:41 +0300] "GET /?p=1988 HTTP/1.1" 200 2052 "-" "Mozilla/5.0 (Linux; Android 6.0.1; Nexus 5X Build/MMB29P) AppleWebKit/537.36 (KHTML, like Gecko) Chrome/152.0.7977.82 Mobile Safari/537.36 (compatible; Googlebot/2.1; +http://www.google.com/bot.html)"
52.167.144.169 - - [13/Sep/2026:02:52:51 +0300] "GET /?p=30089 HTTP/2" 200 2024 "-" "Mozilla/5.0 AppleWebKit/537.36 (KHTML, like Gecko; compatible; bingbot/2.0; +http://www.bing.com/bingbot.htm) Chrome/116.0.1938.76 Safari/537.36"
52.167.144.169 - - [13/Sep/2026:02:52:52 +0300] "GET /?p=53299 HTTP/2" 200 2052 "-" "Mozilla/5.0 AppleWebKit/537.36 (KHTML, like Gecko; compatible; bingbot/2.0; +http://www.bing.com/bingbot.htm) Chrome/116.0.1938.76 Safari/537.36"
66.249.70.164 - - [13/Sep/2026:02:54:26 +0300] "GET /halveti-tarikati-silsileleri/ HTTP/1.1" 404 796 "-" "Mozilla/5.0 (Linux; Android 6.0.1; Nexus 5X Build/MMB29P) AppleWebKit/537.36 (KHTML, like Gecko) Chrome/152.0.7977.82 Mobile Safari/537.36 (compatible; Googlebot/2.1; +http://www.google.com/bot.html)"
216.73.160.113 - - [13/Sep/2026:02:54:30 +0300] "GET /000.php HTTP/2" 404 796 "http://evliyalar.net/000.php" "Go-http-client/2.0"
216.73.160.113 - - [13/Sep/2026:02:54:30 +0300] "GET /wp-content/about.php HTTP/2" 200 0 "http://evliyalar.net/wp-content/about.php" "Go-http-client/2.0"
216.73.160.113 - - [13/Sep/2026:02:54:31 +0300] "GET /wp-admin/css/admin.php HTTP/2" 404 796 "http://evliyalar.net/wp-admin/css/admin.php" "Go-http-client/2.0"
216.73.160.113 - - [13/Sep/2026:02:54:31 +0300] "GET //wp-admin/css/about.php HTTP/2" 404 796 "http://evliyalar.net//wp-admin/css/about.php" "Go-http-client/2.0"
216.73.160.113 - - [13/Sep/2026:02:54:32 +0300] "GET /wp-content/wp-setting.php HTTP/2" 200 0 "http://evliyalar.net/wp-content/wp-setting.php#admin@admin" "Go-http-client/2.0"
216.73.160.113 - - [13/Sep/2026:02:54:32 +0300] "GET /wp-includes/hp2.php HTTP/2" 404 796 "http://evliyalar.net/wp-includes/hp2.php" "Go-http-client/2.0"
216.73.160.113 - - [13/Sep/2026:02:54:33 +0300] "GET /bless.php HTTP/2" 404 796 "http://evliyalar.net/bless.php#888xyz999" "Go-http-client/2.0"
216.73.160.113 - - [13/Sep/2026:02:54:33 +0300] "GET /wp-content/goods.php HTTP/2" 200 0 "http://evliyalar.net/wp-content/goods.php" "Go-http-client/2.0"
216.73.160.113 - - [13/Sep/2026:02:54:34 +0300] "GET /blurbs.php HTTP/2" 404 796 "http://evliyalar.net/blurbs.php#888xyz999" "Go-http-client/2.0"
216.73.160.113 - - [13/Sep/2026:02:54:34 +0300] "GET /wp-admin/css/goods.php HTTP/2" 404 796 "http://evliyalar.net/wp-admin/css/goods.php" "Go-http-client/2.0"
216.73.160.113 - - [13/Sep/2026:02:54:35 +0300] "GET /abcd.php HTTP/2" 404 796 "http://evliyalar.net/abcd.php" "Go-http-client/2.0"
216.73.160.113 - - [13/Sep/2026:02:54:35 +0300] "GET /wp-admin/css/colors/wp-login.php HTTP/2" 404 796 "http://evliyalar.net/wp-admin/css/colors/wp-login.php" "Go-http-client/2.0"
216.73.160.113 - - [13/Sep/2026:02:54:35 +0300] "GET /dex.php HTTP/2" 404 796 "http://evliyalar.net/dex.php" "Go-http-client/2.0"
216.73.160.113 - - [13/Sep/2026:02:54:36 +0300] "GET /wp-admin/admin-ajax.php HTTP/2" 403 787 "http://evliyalar.net/wp-admin/admin-ajax.php" "Go-http-client/2.0"
216.73.160.113 - - [13/Sep/2026:02:54:36 +0300] "GET /wp-admin/css/index.php HTTP/2" 404 796 "http://evliyalar.net/wp-admin/css/index.php" "Go-http-client/2.0"
216.73.160.113 - - [13/Sep/2026:02:54:37 +0300] "GET /wp-admin/index.php HTTP/2" 403 787 "http://evliyalar.net/wp-admin/index.php" "Go-http-client/2.0"
216.73.160.113 - - [13/Sep/2026:02:54:37 +0300] "GET /wp-content/plugins/index.php HTTP/2" 200 0 "http://evliyalar.net/wp-content/plugins/index.php" "Go-http-client/2.0"
216.73.160.113 - - [13/Sep/2026:02:54:38 +0300] "GET /wp-content/index.php HTTP/2" 200 0 "http://evliyalar.net/wp-content/index.php" "Go-http-client/2.0"
216.73.160.113 - - [13/Sep/2026:02:54:38 +0300] "GET /wp-content/plugins/fix/000.php HTTP/2" 200 0 "http://evliyalar.net/wp-content/plugins/fix/000.php" "Go-http-client/2.0"
216.73.160.113 - - [13/Sep/2026:02:54:39 +0300] "GET /file.php HTTP/2" 404 796 "http://evliyalar.net/file.php" "Go-http-client/2.0"
216.73.160.113 - - [13/Sep/2026:02:54:39 +0300] "GET //wp-content/plugins/fix/up.php HTTP/2" 200 0 "http://evliyalar.net//wp-content/plugins/fix/up.php" "Go-http-client/2.0"
17.166.22.86 - - [13/Sep/2026:02:54:41 +0300] "GET /kategori/dunya/filistin/?filter_by=random_posts HTTP/2" 404 796 "-" "Mozilla/5.0 (Macintosh; Intel Mac OS X 10_15_7) AppleWebKit/605.1.15 (KHTML, like Gecko) Version/17.4 Safari/605.1.15 (Applebot/0.1; +http://www.apple.com/go/applebot)"
216.73.160.113 - - [13/Sep/2026:02:54:40 +0300] "GET /wp-mail.php HTTP/2" 403 1132 "http://evliyalar.net/wp-mail.php" "Go-http-client/2.0"
216.73.160.113 - - [13/Sep/2026:02:54:42 +0300] "GET /ioxi-o.php HTTP/2" 404 796 "http://evliyalar.net/ioxi-o.php" "Go-http-client/2.0"
216.73.160.113 - - [13/Sep/2026:02:54:42 +0300] "GET /wp-content/ioxi-o.php HTTP/2" 200 0 "http://evliyalar.net/wp-content/ioxi-o.php" "Go-http-client/2.0"
216.73.160.113 - - [13/Sep/2026:02:54:43 +0300] "GET /style.php HTTP/2" 404 796 "http://evliyalar.net/style.php" "Go-http-client/2.0"
216.73.160.113 - - [13/Sep/2026:02:54:43 +0300] "GET /wp-content/style.php HTTP/2" 200 0 "http://evliyalar.net/wp-content/style.php" "Go-http-client/2.0"
216.73.160.113 - - [13/Sep/2026:02:54:44 +0300] "GET /wp-editor.php HTTP/2" 404 796 "http://evliyalar.net/wp-editor.php#lufix" "Go-http-client/2.0"
216.73.160.113 - - [13/Sep/2026:02:54:44 +0300] "GET /lufix.php HTTP/2" 404 796 "http://evliyalar.net/lufix.php#lufix" "Go-http-client/2.0"
216.73.160.113 - - [13/Sep/2026:02:54:45 +0300] "GET /txets.php HTTP/2" 404 796 "http://evliyalar.net/txets.php" "Go-http-client/2.0"
216.73.160.113 - - [13/Sep/2026:02:54:45 +0300] "GET /wp-content/themes/txets.php HTTP/2" 200 0 "http://evliyalar.net/wp-content/themes/txets.php" "Go-http-client/2.0"
216.73.160.113 - - [13/Sep/2026:02:54:46 +0300] "GET /wp-admin/txets.php HTTP/2" 404 796 "http://evliyalar.net/wp-admin/txets.php" "Go-http-client/2.0"
216.73.160.113 - - [13/Sep/2026:02:54:46 +0300] "GET /wp-includes/txets.php HTTP/2" 404 796 "http://evliyalar.net/wp-includes/txets.php" "Go-http-client/2.0"
216.73.160.113 - - [13/Sep/2026:02:54:47 +0300] "GET /goods.php HTTP/2" 404 796 "http://evliyalar.net/goods.php" "Go-http-client/2.0"
216.73.160.113 - - [13/Sep/2026:02:54:47 +0300] "GET /php8.php HTTP/2" 404 796 "http://evliyalar.net/php8.php#xleet" "Go-http-client/2.0"
40.77.167.24 - - [13/Sep/2026:02:55:06 +0300] "GET /?s=u+of+mn+score HTTP/2" 200 2054 "-" "Mozilla/5.0 AppleWebKit/537.36 (KHTML, like Gecko; compatible; bingbot/2.0; +http://www.bing.com/bingbot.htm) Chrome/116.0.1938.76 Safari/537.36"
52.167.144.213 - - [13/Sep/2026:02:55:09 +0300] "GET /?p=10273 HTTP/2" 200 2054 "-" "Mozilla/5.0 AppleWebKit/537.36 (KHTML, like Gecko; compatible; bingbot/2.0; +http://www.bing.com/bingbot.htm) Chrome/116.0.1938.76 Safari/537.36"
40.77.167.24 - - [13/Sep/2026:02:55:09 +0300] "GET /?p=67566 HTTP/2" 200 2054 "-" "Mozilla/5.0 AppleWebKit/537.36 (KHTML, like Gecko; compatible; bingbot/2.0; +http://www.bing.com/bingbot.htm) Chrome/116.0.1938.76 Safari/537.36"
52.167.144.213 - - [13/Sep/2026:02:55:09 +0300] "GET /?p=13772 HTTP/2" 200 2025 "-" "Mozilla/5.0 AppleWebKit/537.36 (KHTML, like Gecko; compatible; bingbot/2.0; +http://www.bing.com/bingbot.htm) Chrome/116.0.1938.76 Safari/537.36"
66.249.70.163 - - [13/Sep/2026:02:55:09 +0300] "GET /_autoindex/assets/icons/folder-fill.svg HTTP/1.1" 200 333 "https://www.evliyalar.net/?p=58588" "Mozilla/5.0 (Linux; Android 6.0.1; Nexus 5X Build/MMB29P) AppleWebKit/537.36 (KHTML, like Gecko) Chrome/152.0.7977.82 Mobile Safari/537.36 (compatible; Googlebot/2.1; +http://www.google.com/bot.html)"
52.167.144.213 - - [13/Sep/2026:02:55:09 +0300] "GET /?p=66292 HTTP/2" 200 2025 "-" "Mozilla/5.0 AppleWebKit/537.36 (KHTML, like Gecko; compatible; bingbot/2.0; +http://www.bing.com/bingbot.htm) Chrome/116.0.1938.76 Safari/537.36"
52.167.144.213 - - [13/Sep/2026:02:55:10 +0300] "GET /12/ HTTP/2" 404 796 "-" "Mozilla/5.0 AppleWebKit/537.36 (KHTML, like Gecko; compatible; bingbot/2.0; +http://www.bing.com/bingbot.htm) Chrome/116.0.1938.76 Safari/537.36"
66.249.70.165 - - [13/Sep/2026:02:53:41 +0300] "GET /?p=500 HTTP/1.1" 200 2052 "-" "Mozilla/5.0 (Linux; Android 6.0.1; Nexus 5X Build/MMB29P) AppleWebKit/537.36 (KHTML, like Gecko) Chrome/152.0.7977.82 Mobile Safari/537.36 (compatible; Googlebot/2.1; +http://www.google.com/bot.html)"
66.249.70.165 - - [13/Sep/2026:02:54:04 +0300] "GET /_autoindex/assets/icons/folder-fill.svg HTTP/1.1" 200 333 "https://www.evliyalar.net/?p=53840&refurl=https://www.evliyalar.net/?p=3135" "Mozilla/5.0 (Linux; Android 6.0.1; Nexus 5X Build/MMB29P) AppleWebKit/537.36 (KHTML, like Gecko) Chrome/152.0.7977.82 Mobile Safari/537.36 (compatible; Googlebot/2.1; +http://www.google.com/bot.html)"
52.167.144.169 - - [13/Sep/2026:02:54:06 +0300] "GET /wp-content/uploads/2022/10/Ahmed-Muhtar-Efendi.jpeg HTTP/2" 200 3025650 "-" "Mozilla/5.0 AppleWebKit/537.36 (KHTML, like Gecko; compatible; bingbot/2.0; +http://www.bing.com/bingbot.htm) Chrome/116.0.1938.76 Safari/537.36"
89.43.31.214 - - [13/Sep/2026:02:54:41 +0300] "POST /wp-cron.php?doing_wp_cron=1789257281.7227621078491210937500 HTTP/1.1" 200 0 "-" "WordPress/6.5.10; https://www.evliyalar.net"
17.166.24.42 - - [13/Sep/2026:02:55:09 +0300] "GET /etiket/evliya/page/37/ HTTP/2" 404 796 "-" "Mozilla/5.0 (Macintosh; Intel Mac OS X 10_15_7) AppleWebKit/605.1.15 (KHTML, like Gecko) Version/17.4 Safari/605.1.15 (Applebot/0.1; +http://www.apple.com/go/applebot)"
52.167.144.169 - - [13/Sep/2026:02:55:32 +0300] "GET /wp-content/uploads/2016/07/IMG_4640-768x512.jpg HTTP/2" 200 64991 "-" "Mozilla/5.0 AppleWebKit/537.36 (KHTML, like Gecko; compatible; bingbot/2.0; +http://www.bing.com/bingbot.htm) Chrome/116.0.1938.76 Safari/537.36"
40.77.167.24 - - [13/Sep/2026:02:55:39 +0300] "GET /?p=56717 HTTP/2" 200 2054 "-" "Mozilla/5.0 AppleWebKit/537.36 (KHTML, like Gecko; compatible; bingbot/2.0; +http://www.bing.com/bingbot.htm) Chrome/116.0.1938.76 Safari/537.36"
52.167.144.169 - - [13/Sep/2026:02:55:43 +0300] "GET /?p=77069 HTTP/2" 200 2054 "-" "Mozilla/5.0 AppleWebKit/537.36 (KHTML, like Gecko; compatible; bingbot/2.0; +http://www.bing.com/bingbot.htm) Chrome/116.0.1938.76 Safari/537.36"
52.167.144.169 - - [13/Sep/2026:02:55:44 +0300] "GET /?p=20146 HTTP/2" 200 2054 "-" "Mozilla/5.0 AppleWebKit/537.36 (KHTML, like Gecko; compatible; bingbot/2.0; +http://www.bing.com/bingbot.htm) Chrome/116.0.1938.76 Safari/537.36"
40.77.167.24 - - [13/Sep/2026:02:55:49 +0300] "GET /wp-content/uploads/2020/03/hayreddin-tokadi8-265x198.jpg HTTP/2" 200 9419 "-" "Mozilla/5.0 AppleWebKit/537.36 (KHTML, like Gecko; compatible; bingbot/2.0; +http://www.bing.com/bingbot.htm) Chrome/116.0.1938.76 Safari/537.36"
40.77.167.24 - - [13/Sep/2026:02:55:51 +0300] "GET /?p=25802 HTTP/2" 200 2054 "-" "Mozilla/5.0 AppleWebKit/537.36 (KHTML, like Gecko; compatible; bingbot/2.0; +http://www.bing.com/bingbot.htm) Chrome/116.0.1938.76 Safari/537.36"
66.249.70.165 - - [13/Sep/2026:02:56:02 +0300] "GET /etiket/tasavvuf/page/5/ HTTP/1.1" 404 796 "-" "Mozilla/5.0 (Linux; Android 6.0.1; Nexus 5X Build/MMB29P) AppleWebKit/537.36 (KHTML, like Gecko) Chrome/152.0.7977.82 Mobile Safari/537.36 (compatible; Googlebot/2.1; +http://www.google.com/bot.html)"
66.249.70.163 - - [13/Sep/2026:02:56:21 +0300] "GET /?p=60631 HTTP/1.1" 200 2054 "-" "Mozilla/5.0 (Linux; Android 6.0.1; Nexus 5X Build/MMB29P) AppleWebKit/537.36 (KHTML, like Gecko) Chrome/152.0.7977.82 Mobile Safari/537.36 (compatible; Googlebot/2.1; +http://www.google.com/bot.html)"
114.119.146.185 - - [13/Sep/2026:02:56:39 +0300] "GET /siyam-efendi/ HTTP/1.1" 404 796 "https://www.evliyalar.net/etiket/konya-evliyalari" "Mozilla/5.0 (Linux; Android 7.0;) AppleWebKit/537.36 (HTML, like Gecko) Mobile Safari/537.36 (compatible; PetalBot;+https://webmaster.petalsearch.com/site/petalbot)"
162.120.188.192 - - [13/Sep/2026:02:56:44 +0300] "GET /etiket/seyfi-dede/ HTTP/2" 404 796 "https://www.google.com/" "Mozilla/5.0 (Linux; Android 10; K) AppleWebKit/537.36 (KHTML, like Gecko) Chrome/152.0.0.0 Mobile Safari/537.36"
52.167.144.213 - - [13/Sep/2026:02:55:10 +0300] "GET /?p=6683 HTTP/2" 200 2054 "-" "Mozilla/5.0 AppleWebKit/537.36 (KHTML, like Gecko; compatible; bingbot/2.0; +http://www.bing.com/bingbot.htm) Chrome/116.0.1938.76 Safari/537.36"
52.167.144.169 - - [13/Sep/2026:02:55:13 +0300] "GET /?p=5108 HTTP/2" 200 2054 "-" "Mozilla/5.0 AppleWebKit/537.36 (KHTML, like Gecko; compatible; bingbot/2.0; +http://www.bing.com/bingbot.htm) Chrome/116.0.1938.76 Safari/537.36"
52.167.144.169 - - [13/Sep/2026:02:55:13 +0300] "GET /?p=41409 HTTP/2" 200 2054 "-" "Mozilla/5.0 AppleWebKit/537.36 (KHTML, like Gecko; compatible; bingbot/2.0; +http://www.bing.com/bingbot.htm) Chrome/116.0.1938.76 Safari/537.36"
52.167.144.169 - - [13/Sep/2026:02:55:14 +0300] "GET /?p=75078 HTTP/2" 200 2054 "-" "Mozilla/5.0 AppleWebKit/537.36 (KHTML, like Gecko; compatible; bingbot/2.0; +http://www.bing.com/bingbot.htm) Chrome/116.0.1938.76 Safari/537.36"
52.167.144.169 - - [13/Sep/2026:02:55:14 +0300] "GET /?p=9308 HTTP/2" 200 2054 "-" "Mozilla/5.0 AppleWebKit/537.36 (KHTML, like Gecko; compatible; bingbot/2.0; +http://www.bing.com/bingbot.htm) Chrome/116.0.1938.76 Safari/537.36"
52.167.144.169 - - [13/Sep/2026:02:55:14 +0300] "GET /?p=39360 HTTP/2" 200 2054 "-" "Mozilla/5.0 AppleWebKit/537.36 (KHTML, like Gecko; compatible; bingbot/2.0; +http://www.bing.com/bingbot.htm) Chrome/116.0.1938.76 Safari/537.36"
52.167.144.169 - - [13/Sep/2026:02:55:18 +0300] "GET /?p=19529 HTTP/2" 200 2054 "-" "Mozilla/5.0 AppleWebKit/537.36 (KHTML, like Gecko; compatible; bingbot/2.0; +http://www.bing.com/bingbot.htm) Chrome/116.0.1938.76 Safari/537.36"
52.167.144.169 - - [13/Sep/2026:02:55:18 +0300] "GET /?p=12141 HTTP/2" 200 2054 "-" "Mozilla/5.0 AppleWebKit/537.36 (KHTML, like Gecko; compatible; bingbot/2.0; +http://www.bing.com/bingbot.htm) Chrome/116.0.1938.76 Safari/537.36"
34.122.154.31 - - [13/Sep/2026:02:55:19 +0300] "GET /wp-content/uploads/2017/10/%C3%87omak-Dede-Ni%C4%9Fde-.jpg HTTP/2" 200 492528 "-" "Mozilla/5.0 AppleWebKit/537.36 (KHTML, like Gecko; compatible; Reflectionbot/1.0; +https://reflection.ai/bot) Chrome/151.0.0.0 Safari/537.36"
52.167.144.213 - - [13/Sep/2026:02:55:37 +0300] "GET /?p=1389 HTTP/2" 200 2054 "-" "Mozilla/5.0 AppleWebKit/537.36 (KHTML, like Gecko; compatible; bingbot/2.0; +http://www.bing.com/bingbot.htm) Chrome/116.0.1938.76 Safari/537.36"
52.167.144.213 - - [13/Sep/2026:02:55:53 +0300] "GET /?p=12450 HTTP/2" 200 2054 "-" "Mozilla/5.0 AppleWebKit/537.36 (KHTML, like Gecko; compatible; bingbot/2.0; +http://www.bing.com/bingbot.htm) Chrome/116.0.1938.76 Safari/537.36"
52.167.144.213 - - [13/Sep/2026:02:55:54 +0300] "GET /?p=72989 HTTP/2" 200 2054 "-" "Mozilla/5.0 AppleWebKit/537.36 (KHTML, like Gecko; compatible; bingbot/2.0; +http://www.bing.com/bingbot.htm) Chrome/116.0.1938.76 Safari/537.36"
43.131.243.61 - - [13/Sep/2026:02:57:07 +0300] "GET /index.php_sep12 HTTP/1.1" 403 787 "-" "Mozilla/5.0 (iPhone; CPU iPhone OS 13_2_3 like Mac OS X) AppleWebKit/605.1.15 (KHTML, like Gecko) Version/13.0.3 Mobile/15E148 Safari/604.1"
52.167.144.25 - - [13/Sep/2026:02:57:18 +0300] "GET /?p=67658 HTTP/2" 200 2054 "-" "Mozilla/5.0 AppleWebKit/537.36 (KHTML, like Gecko; compatible; bingbot/2.0; +http://www.bing.com/bingbot.htm) Chrome/116.0.1938.76 Safari/537.36"
66.249.70.163 - - [13/Sep/2026:02:57:25 +0300] "GET /seyh-nusrettin-tezveren-dede/ HTTP/1.1" 404 796 "-" "Mozilla/5.0 (Linux; Android 6.0.1; Nexus 5X Build/MMB29P) AppleWebKit/537.36 (KHTML, like Gecko) Chrome/152.0.7977.82 Mobile Safari/537.36 (compatible; Googlebot/2.1; +http://www.google.com/bot.html)"
178.247.81.87 - - [13/Sep/2026:02:58:00 +0300] "GET /wp-content/uploads/2020/03/Kas%C4%B1m-bin-%C4%B0mam-Kas%C4%B1m-5.jpg HTTP/2" 200 102361 "https://www.google.com/" "Mozilla/5.0 (Linux; Android 10; K) AppleWebKit/537.36 (KHTML, like Gecko) Chrome/152.0.0.0 Mobile Safari/537.36"
3.226.51.67 - - [13/Sep/2026:02:57:02 +0300] "GET /kategori/anadolu-evliyalari/sakarya-evliyalari HTTP/1.1" 404 796 "-" "IAS Crawler (ias_crawler; http://integralads.com/site-indexing-policy/)"
52.167.144.173 - - [13/Sep/2026:02:57:05 +0300] "GET /?p=35806 HTTP/2" 200 2025 "-" "Mozilla/5.0 AppleWebKit/537.36 (KHTML, like Gecko; compatible; bingbot/2.0; +http://www.bing.com/bingbot.htm) Chrome/116.0.1938.76 Safari/537.36"
52.167.144.173 - - [13/Sep/2026:02:57:07 +0300] "GET /wp-content/uploads/2014/09/ayni-ali-baba-2048x1536.jpg HTTP/2" 200 0 "-" "Mozilla/5.0 AppleWebKit/537.36 (KHTML, like Gecko; compatible; bingbot/2.0; +http://www.bing.com/bingbot.htm) Chrome/116.0.1938.76 Safari/537.36"
52.167.144.173 - - [13/Sep/2026:02:57:07 +0300] "GET /wp-content/uploads/2016/05/DSC02325-150x150.jpg HTTP/2" 200 10472 "-" "Mozilla/5.0 AppleWebKit/537.36 (KHTML, like Gecko; compatible; bingbot/2.0; +http://www.bing.com/bingbot.htm) Chrome/116.0.1938.76 Safari/537.36"
52.167.144.173 - - [13/Sep/2026:02:57:07 +0300] "GET /?p=25557 HTTP/2" 200 2054 "-" "Mozilla/5.0 AppleWebKit/537.36 (KHTML, like Gecko; compatible; bingbot/2.0; +http://www.bing.com/bingbot.htm) Chrome/116.0.1938.76 Safari/537.36"
52.167.144.173 - - [13/Sep/2026:02:57:07 +0300] "GET /?p=19312 HTTP/2" 200 2054 "-" "Mozilla/5.0 AppleWebKit/537.36 (KHTML, like Gecko; compatible; bingbot/2.0; +http://www.bing.com/bingbot.htm) Chrome/116.0.1938.76 Safari/537.36"
52.167.144.173 - - [13/Sep/2026:02:57:18 +0300] "GET /?p=45737 HTTP/2" 200 2054 "-" "Mozilla/5.0 AppleWebKit/537.36 (KHTML, like Gecko; compatible; bingbot/2.0; +http://www.bing.com/bingbot.htm) Chrome/116.0.1938.76 Safari/537.36"
176.220.42.174 - - [13/Sep/2026:02:57:34 +0300] "GET /wp-content/uploads/2014/10/Musa-Peygamber16-scaled.jpg HTTP/2" 200 596538 "https://www.google.com/" "Mozilla/5.0 (Linux; Android 11; TECNO KF6p Build/RP1A.200720.011; wv) AppleWebKit/537.36 (KHTML, like Gecko) Version/4.0 Chrome/151.0.7922.199 Mobile Safari/537.36 GoogleApp/16.12.42.ve.arm64"
66.249.70.163 - - [13/Sep/2026:02:57:36 +0300] "GET /?p=5700 HTTP/1.1" 200 2054 "-" "Mozilla/5.0 (Linux; Android 6.0.1; Nexus 5X Build/MMB29P) AppleWebKit/537.36 (KHTML, like Gecko) Chrome/152.0.7977.82 Mobile Safari/537.36 (compatible; Googlebot/2.1; +http://www.google.com/bot.html)"
52.167.144.173 - - [13/Sep/2026:02:57:41 +0300] "GET /wp-content/uploads/2018/04/26168290_1436738069782971_8022274667716288211_n.jpg HTTP/2" 200 59867 "-" "Mozilla/5.0 AppleWebKit/537.36 (KHTML, like Gecko; compatible; bingbot/2.0; +http://www.bing.com/bingbot.htm) Chrome/116.0.1938.76 Safari/537.36"
52.167.144.25 - - [13/Sep/2026:02:57:55 +0300] "GET /ahmed-izzet-efendi-k-s/dscf1657/ HTTP/2" 404 796 "-" "Mozilla/5.0 AppleWebKit/537.36 (KHTML, like Gecko; compatible; bingbot/2.0; +http://www.bing.com/bingbot.htm) Chrome/116.0.1938.76 Safari/537.36"
52.167.144.213 - - [13/Sep/2026:02:58:00 +0300] "GET /?p=61955 HTTP/2" 200 2054 "-" "Mozilla/5.0 AppleWebKit/537.36 (KHTML, like Gecko; compatible; bingbot/2.0; +http://www.bing.com/bingbot.htm) Chrome/116.0.1938.76 Safari/537.36"
52.167.144.213 - - [13/Sep/2026:02:58:00 +0300] "GET /etiket/ekmekcibasi-muhyiddin-mehmed-celebi/ HTTP/2" 404 796 "-" "Mozilla/5.0 AppleWebKit/537.36 (KHTML, like Gecko; compatible; bingbot/2.0; +http://www.bing.com/bingbot.htm) Chrome/116.0.1938.76 Safari/537.36"
52.167.144.213 - - [13/Sep/2026:02:58:02 +0300] "GET /?s=%E6%9C%AA%E8%83%BD%E5%88%9B%E5%BB%BA%E6%96%87%E7%89%A9%EF%BC%9A%E6%96%87%E7%89%A9%E5%AD%98%E5%82%A8%E9%85%8D%E9%A2%9D%E5%B7%B2%E8%BE%BE%E6%A0%87 HTTP/2" 200 2054 "-" "Mozilla/5.0 AppleWebKit/537.36 (KHTML, like Gecko; compatible; bingbot/2.0; +http://www.bing.com/bingbot.htm) Chrome/116.0.1938.76 Safari/537.36"
52.167.144.25 - - [13/Sep/2026:02:58:20 +0300] "GET /?p=59339 HTTP/2" 200 2054 "-" "Mozilla/5.0 AppleWebKit/537.36 (KHTML, like Gecko; compatible; bingbot/2.0; +http://www.bing.com/bingbot.htm) Chrome/116.0.1938.76 Safari/537.36"
52.167.144.25 - - [13/Sep/2026:02:58:25 +0300] "GET /?p=49691 HTTP/2" 200 2025 "-" "Mozilla/5.0 AppleWebKit/537.36 (KHTML, like Gecko; compatible; bingbot/2.0; +http://www.bing.com/bingbot.htm) Chrome/116.0.1938.76 Safari/537.36"
136.111.191.51 - - [13/Sep/2026:02:58:28 +0300] "GET /haci-ali-turbesi/ HTTP/2" 404 796 "-" "Mozilla/5.0 AppleWebKit/537.36 (KHTML, like Gecko; compatible; Reflectionbot/1.0; +https://reflection.ai/bot) Chrome/151.0.0.0 Safari/537.36"
52.167.144.25 - - [13/Sep/2026:02:58:29 +0300] "GET /ali-fakih-nimel-ceys/ali-fakih5/ HTTP/2" 404 796 "-" "Mozilla/5.0 AppleWebKit/537.36 (KHTML, like Gecko; compatible; bingbot/2.0; +http://www.bing.com/bingbot.htm) Chrome/116.0.1938.76 Safari/537.36"
195.172.200.57 - - [13/Sep/2026:02:58:36 +0300] "GET /semun-el-gazi/ HTTP/2" 404 796 "-" "Mozilla/5.0 (Macintosh; Intel Mac OS X 10_15_7) AppleWebKit/605.1.15 (KHTML, like Gecko) Version/26.2 Safari/605.1.15"
52.167.144.213 - - [13/Sep/2026:02:58:40 +0300] "GET /?p=10664 HTTP/2" 200 2025 "-" "Mozilla/5.0 AppleWebKit/537.36 (KHTML, like Gecko; compatible; bingbot/2.0; +http://www.bing.com/bingbot.htm) Chrome/116.0.1938.76 Safari/537.36"
136.113.99.238 - - [13/Sep/2026:02:59:25 +0300] "GET /yahya-pasa-turbesi/ HTTP/2" 404 796 "-" "Mozilla/5.0 AppleWebKit/537.36 (KHTML, like Gecko; compatible; Reflectionbot/1.0; +https://reflection.ai/bot) Chrome/151.0.0.0 Safari/537.36"
114.119.155.235 - - [13/Sep/2026:02:59:26 +0300] "GET /bukagli-dede-seyh-muhammed-bagdadi-k-s/bukagli-dede5/ HTTP/1.1" 404 796 "https://www.evliyalar.net/bukagli-dede-seyh-muhammed-bagdadi-k-s/bukagli-dede5/" "Mozilla/5.0 (Linux; Android 7.0;) AppleWebKit/537.36 (HTML, like Gecko) Mobile Safari/537.36 (compatible; PetalBot;+https://webmaster.petalsearch.com/site/petalbot)"
52.167.144.173 - - [13/Sep/2026:02:59:51 +0300] "GET /wp-content/uploads/2017/04/Arslan-Baba-9-150x150.jpg HTTP/2" 200 5028 "-" "Mozilla/5.0 AppleWebKit/537.36 (KHTML, like Gecko; compatible; bingbot/2.0; +http://www.bing.com/bingbot.htm) Chrome/116.0.1938.76 Safari/537.36"
52.167.144.213 - - [13/Sep/2026:03:00:04 +0300] "GET /wp-content/uploads/2023/04/Mecnun-Dede5-696x522.jpg HTTP/2" 200 71381 "-" "Mozilla/5.0 AppleWebKit/537.36 (KHTML, like Gecko; compatible; bingbot/2.0; +http://www.bing.com/bingbot.htm) Chrome/116.0.1938.76 Safari/537.36"
17.166.25.240 - - [13/Sep/2026:03:00:08 +0300] "GET /etiket/seyh-muslihuddin-efendi/ HTTP/2" 404 796 "-" "Mozilla/5.0 (Macintosh; Intel Mac OS X 10_15_7) AppleWebKit/605.1.15 (KHTML, like Gecko) Version/17.4 Safari/605.1.15 (Applebot/0.1; +http://www.apple.com/go/applebot)"
47.79.207.128 - - [13/Sep/2026:03:00:23 +0300] "GET /etiket/sultan-iii-mehmed-turbesi/feed HTTP/1.1" 404 796 "https://www.google.com/" "Mozilla/5.0 (Linux; Android 10; K) AppleWebKit/537.36 (KHTML, like Gecko) Chrome/133.0.0.0 Mobile Safari/537.36"
51.83.6.238 - - [13/Sep/2026:03:00:26 +0300] "GET /robots.txt HTTP/1.1" 200 77 "-" "Mozilla/5.0 (compatible; MJ12bot/v1.4.8; http://mj12bot.com/)"
51.83.6.238 - - [13/Sep/2026:03:00:27 +0300] "GET /?MD HTTP/1.1" 200 2065 "-" "Mozilla/5.0 (compatible; MJ12bot/v1.4.8; http://mj12bot.com/)"
66.249.70.163 - - [13/Sep/2026:03:00:28 +0300] "GET /?p=6873 HTTP/1.1" 200 2054 "-" "Mozilla/5.0 (Linux; Android 6.0.1; Nexus 5X Build/MMB29P) AppleWebKit/537.36 (KHTML, like Gecko) Chrome/152.0.7977.82 Mobile Safari/537.36 (compatible; Googlebot/2.1; +http://www.google.com/bot.html)"
17.166.234.186 - - [13/Sep/2026:03:01:03 +0300] "GET /wp-content/uploads/2017/01/Evlice-Baba-3.jpg HTTP/2" 200 304502 "-" "Mozilla/5.0 (Macintosh; Intel Mac OS X 10_15_7) AppleWebKit/605.1.15 (KHTML, like Gecko) Version/17.4 Safari/605.1.15 (Applebot/0.1; +http://www.apple.com/go/applebot)"
66.249.70.165 - - [13/Sep/2026:03:01:14 +0300] "GET /?p=14608 HTTP/1.1" 200 2025 "-" "Mozilla/5.0 (Linux; Android 6.0.1; Nexus 5X Build/MMB29P) AppleWebKit/537.36 (KHTML, like Gecko) Chrome/152.0.7977.82 Mobile Safari/537.36 (compatible; Googlebot/2.1; +http://www.google.com/bot.html)"
114.119.155.54 - - [13/Sep/2026:02:58:02 +0300] "GET /kategori/iller/istanbul/page/18 HTTP/1.1" 404 796 "https://www.evliyalar.net/kategori/iller/istanbul/page/18" "Mozilla/5.0 (Linux; Android 7.0;) AppleWebKit/537.36 (HTML, like Gecko) Mobile Safari/537.36 (compatible; PetalBot;+https://webmaster.petalsearch.com/site/petalbot)"
209.127.112.174 - - [13/Sep/2026:02:58:12 +0300] "GET /semun-el-gazi/ HTTP/2" 404 796 "-" "Mozilla/5.0 (Macintosh; Intel Mac OS X 10_15_7) AppleWebKit/537.36 (KHTML, like Gecko) Chrome/142.0.0.0 Safari/537.36"
52.167.144.173 - - [13/Sep/2026:02:58:20 +0300] "GET /?p=69696 HTTP/2" 200 2025 "-" "Mozilla/5.0 AppleWebKit/537.36 (KHTML, like Gecko; compatible; bingbot/2.0; +http://www.bing.com/bingbot.htm) Chrome/116.0.1938.76 Safari/537.36"
66.249.70.163 - - [13/Sep/2026:02:58:44 +0300] "GET /?p=70043 HTTP/1.1" 200 2054 "-" "Mozilla/5.0 (Linux; Android 6.0.1; Nexus 5X Build/MMB29P) AppleWebKit/537.36 (KHTML, like Gecko) Chrome/152.0.7977.82 Mobile Safari/537.36 (compatible; Googlebot/2.1; +http://www.google.com/bot.html)"
17.166.150.163 - - [13/Sep/2026:02:59:31 +0300] "GET /kategori/yollar/naksibendiyye/halid-cezeri-yolu/page/2/ HTTP/2" 404 796 "-" "Mozilla/5.0 (Macintosh; Intel Mac OS X 10_15_7) AppleWebKit/605.1.15 (KHTML, like Gecko) Version/17.4 Safari/605.1.15 (Applebot/0.1; +http://www.apple.com/go/applebot)"
71.77.21.15 - - [13/Sep/2026:03:00:08 +0300] "GET /wp-json/oembed/1.0/embed?url=https%3A%2F%2Fwww.evliyalar.net%2Fmanisa-evliyalari%2F&format=xml HTTP/2" 404 796 "-" "Mozilla/5.0 (Windows NT 10.0; WOW64) AppleWebKit/537.36 (KHTML, like Gecko) Safari/58.0.2397.74 Safari/537.36"
47.79.200.110 - - [13/Sep/2026:03:00:24 +0300] "GET /etiket/ufu-turbesi/www.googletagmanager.com HTTP/1.1" 404 796 "https://www.google.com/" "Mozilla/5.0 (Linux; Android 10; K) AppleWebKit/537.36 (KHTML, like Gecko) Chrome/132.0.0.0 Mobile Safari/537.36"
51.83.6.238 - - [13/Sep/2026:03:00:29 +0300] "GET /robots.txt HTTP/1.1" 200 77 "-" "Mozilla/5.0 (compatible; MJ12bot/v1.4.8; http://mj12bot.com/)"
51.83.6.238 - - [13/Sep/2026:03:00:30 +0300] "GET /kategori/istanbul-evliyalari/fatih-evliyalari/page/8/ HTTP/1.1" 404 796 "-" "Mozilla/5.0 (compatible; MJ12bot/v1.4.8; http://mj12bot.com/)"
66.249.70.164 - - [13/Sep/2026:03:00:31 +0300] "GET /?p=65018 HTTP/1.1" 200 2054 "-" "Mozilla/5.0 (Linux; Android 6.0.1; Nexus 5X Build/MMB29P) AppleWebKit/537.36 (KHTML, like Gecko) Chrome/152.0.7977.82 Mobile Safari/537.36 (compatible; Googlebot/2.1; +http://www.google.com/bot.html)"
51.83.6.238 - - [13/Sep/2026:03:00:32 +0300] "GET /wp-includes/js/imagesloaded.min.js HTTP/1.1" 200 1687 "-" "Mozilla/5.0 (compatible; MJ12bot/v1.4.8; http://mj12bot.com/)"
51.83.6.238 - - [13/Sep/2026:03:00:41 +0300] "GET /wp-includes/js/masonry.min.js HTTP/1.1" 200 7117 "-" "Mozilla/5.0 (compatible; MJ12bot/v1.4.8; http://mj12bot.com/)"
51.83.6.238 - - [13/Sep/2026:03:00:43 +0300] "GET /wp-includes/js/mce-view.min.js HTTP/1.1" 200 3437 "-" "Mozilla/5.0 (compatible; MJ12bot/v1.4.8; http://mj12bot.com/)"
18.209.137.234 - - [13/Sep/2026:03:01:12 +0300] "GET /wp-content/uploads/2016/07/IMG_4628.jpg HTTP/1.1" 200 668136 "-" "Mozilla/5.0 AppleWebKit/537.36 (KHTML, like Gecko; compatible; Amazonbot/0.1; +https://developer.amazon.com/support/amazonbot) Chrome/119.0.6045.214 Safari/537.36"
52.167.144.213 - - [13/Sep/2026:03:01:14 +0300] "GET /wp-content/uploads/2016/11/IMG_8395-150x150.jpg HTTP/2" 200 5369 "-" "Mozilla/5.0 AppleWebKit/537.36 (KHTML, like Gecko; compatible; bingbot/2.0; +http://www.bing.com/bingbot.htm) Chrome/116.0.1938.76 Safari/537.36"
66.249.70.164 - - [13/Sep/2026:03:01:43 +0300] "GET /?p=69176 HTTP/1.1" 200 2025 "-" "Mozilla/5.0 (Linux; Android 6.0.1; Nexus 5X Build/MMB29P) AppleWebKit/537.36 (KHTML, like Gecko) Chrome/152.0.7977.82 Mobile Safari/537.36 (compatible; Googlebot/2.1; +http://www.google.com/bot.html)"
158.158.5.38 - - [13/Sep/2026:03:01:47 +0300] "GET / HTTP/2" 200 2049 "-" "Mozilla/5.0 AppleWebKit/537.36 (KHTML, like Gecko); compatible; ChatGPT-User/1.0; +https://openai.com/bot"
178.240.211.197 - - [13/Sep/2026:03:02:21 +0300] "GET /author/adminz/page/32/ HTTP/3" 404 796 "https://www.google.com/" "Mozilla/5.0 (iPhone; CPU iPhone OS 18_7 like Mac OS X) AppleWebKit/605.1.15 (KHTML, like Gecko) Version/26.5 Mobile/15E148 Safari/604.1"
154.222.96.237 - - [13/Sep/2026:03:02:27 +0300] "GET /kategori/anadolu-evliyalari/page/57/ HTTP/2" 404 796 "-" "Mozilla/5.0 (Macintosh; Intel Mac OS X 10_15_7) AppleWebKit/537.36 (KHTML, like Gecko) Chrome/149.0.0.0 Safari/537.36"
89.43.31.214 - - [13/Sep/2026:03:02:51 +0300] "POST /wp-cron.php?doing_wp_cron=1789257771.5083379745483398437500 HTTP/1.1" 200 0 "-" "WordPress/6.5.10; https://www.evliyalar.net"
41.249.153.149 - - [13/Sep/2026:03:02:50 +0300] "POST /xmlrpc.php HTTP/1.1" 200 412 "-" "Jetpack by WordPress.com"
41.249.153.149 - - [13/Sep/2026:03:02:59 +0300] "POST /xmlrpc.php HTTP/1.1" 200 412 "-" "Jetpack by WordPress.com (Jetpack 12.5; WordPress 6.3)"
41.249.153.149 - - [13/Sep/2026:03:03:09 +0300] "POST /xmlrpc.php HTTP/1.1" 200 412 "-" "Jetpack/12.5; WordPress/6.4; http://site11401040.com"
41.249.153.149 - - [13/Sep/2026:03:03:20 +0300] "POST /xmlrpc.php HTTP/1.1" 200 412 "-" "Jetpack/12.0; WordPress/6.2; http://site10179785.com"
45.78.204.119 - - [13/Sep/2026:03:03:31 +0300] "GET /wp-admin/admin-ajax.php?action=process_simple_like&nonce=05c1015776&post_id=17913&disabled=true&is_comment=0 HTTP/2" 403 787 "-" "Mozilla/5.0 (Windows NT 10.0; Win64; x64) AppleWebKit/537.36 (KHTML, like Gecko) Chrome/110.0.0.0 Safari/537.36"
41.249.153.149 - - [13/Sep/2026:03:03:31 +0300] "POST /xmlrpc.php HTTP/1.1" 200 412 "-" "WordPress.com; https://wordpress.com"
41.249.153.149 - - [13/Sep/2026:03:03:42 +0300] "POST /xmlrpc.php HTTP/1.1" 200 412 "-" "Jetpack/12.5; WordPress/6.3; http://site23671732.com"
41.249.153.149 - - [13/Sep/2026:03:03:53 +0300] "POST /xmlrpc.php HTTP/1.1" 200 412 "-" "Jetpack by WordPress.com (Jetpack 12.1; WordPress 6.4)"
91.246.176.14 - - [13/Sep/2026:03:03:54 +0300] "HEAD /wp-login.php HTTP/1.1" 200 0 "-" "python-requests/2.34.2"
85.208.96.212 - - [13/Sep/2026:03:03:57 +0300] "GET /etiket/sayram-evliyalari/ HTTP/1.1" 404 796 "-" "Mozilla/5.0 (compatible; SemrushBot/7~bl; +http://www.semrush.com/bot.html)"
17.166.25.64 - - [13/Sep/2026:03:04:01 +0300] "GET /wp-admin/admin-ajax.php?action=process_simple_like&nonce=e2b836099b&post_id=4870&disabled=true&is_comment=0 HTTP/2" 403 787 "-" "Mozilla/5.0 (Macintosh; Intel Mac OS X 10_15_7) AppleWebKit/605.1.15 (KHTML, like Gecko) Version/17.4 Safari/605.1.15 (Applebot/0.1; +http://www.apple.com/go/applebot)"
41.249.153.149 - - [13/Sep/2026:03:04:03 +0300] "POST /xmlrpc.php HTTP/1.1" 200 412 "-" "Jetpack by WordPress.com"
41.249.153.149 - - [13/Sep/2026:03:04:14 +0300] "POST /xmlrpc.php HTTP/1.1" 200 412 "-" "Jetpack by WordPress.com"
41.249.153.149 - - [13/Sep/2026:03:04:25 +0300] "POST /xmlrpc.php HTTP/1.1" 200 412 "-" "Jetpack by WordPress.com (Jetpack 12.1; WordPress 6.3)"
17.166.235.212 - - [13/Sep/2026:03:04:29 +0300] "GET /etiket/hz-abdurrahman-i-saminin-kabrine-nasil-gidilir/ HTTP/2" 404 796 "-" "Mozilla/5.0 (Macintosh; Intel Mac OS X 10_15_7) AppleWebKit/605.1.15 (KHTML, like Gecko) Version/17.4 Safari/605.1.15 (Applebot/0.1; +http://www.apple.com/go/applebot)"
41.249.153.149 - - [13/Sep/2026:03:04:36 +0300] "POST /xmlrpc.php HTTP/1.1" 200 412 "-" "WordPress.com; https://wordpress.com"
41.249.153.149 - - [13/Sep/2026:03:04:46 +0300] "POST /xmlrpc.php HTTP/1.1" 200 412 "-" "Jetpack by WordPress.com"
41.249.153.149 - - [13/Sep/2026:03:04:57 +0300] "POST /xmlrpc.php HTTP/1.1" 200 412 "-" "Jetpack/12.5; WordPress/6.2; http://site64883884.com"
41.249.153.149 - - [13/Sep/2026:03:05:08 +0300] "POST /xmlrpc.php HTTP/1.1" 200 412 "-" "Jetpack by WordPress.com"
41.249.153.149 - - [13/Sep/2026:03:05:19 +0300] "POST /xmlrpc.php HTTP/1.1" 200 412 "-" "Jetpack by WordPress.com"
41.249.153.149 - - [13/Sep/2026:03:05:30 +0300] "POST /xmlrpc.php HTTP/1.1" 200 412 "-" "Jetpack by WordPress.com (Jetpack 12.0; WordPress 6.2)"
198.244.226.8 - - [13/Sep/2026:03:01:19 +0300] "GET /toklu-ibrahim-dede/ HTTP/2" 404 796 "-" "Mozilla/5.0 (compatible; AhrefsBot/7.0; +http://ahrefs.com/robot/)"
52.167.144.25 - - [13/Sep/2026:03:01:57 +0300] "GET /?s=blade+2+ps2 HTTP/2" 200 2054 "-" "Mozilla/5.0 AppleWebKit/537.36 (KHTML, like Gecko; compatible; bingbot/2.0; +http://www.bing.com/bingbot.htm) Chrome/116.0.1938.76 Safari/537.36"
173.252.82.21 - - [13/Sep/2026:03:03:14 +0300] "GET /hasan-celaleddin-rumi/ HTTP/2" 404 796 "-" "Mozilla/5.0 (Windows NT 10.0; Win64; x64) AppleWebKit/537.36 (KHTML, like Gecko) Chrome/145.0.0.0 Safari/537.36 (compatible; meta-webindexer/1.1 (+https://developers.facebook.com/docs/sharing/webmasters/crawler))"
66.249.70.165 - - [13/Sep/2026:03:03:37 +0300] "GET /?p=27570 HTTP/1.1" 200 2053 "-" "Mozilla/5.0 (Linux; Android 6.0.1; Nexus 5X Build/MMB29P) AppleWebKit/537.36 (KHTML, like Gecko) Chrome/152.0.7977.82 Mobile Safari/537.36 (compatible; Googlebot/2.1; +http://www.google.com/bot.html)"
66.249.70.164 - - [13/Sep/2026:03:03:50 +0300] "GET /?p=22512 HTTP/1.1" 200 2049 "-" "Mozilla/5.0 (Linux; Android 6.0.1; Nexus 5X Build/MMB29P) AppleWebKit/537.36 (KHTML, like Gecko) Chrome/152.0.7977.82 Mobile Safari/537.36 (compatible; Googlebot/2.1; +http://www.google.com/bot.html)"
91.246.176.21 - - [13/Sep/2026:03:03:56 +0300] "GET /wp-login.php HTTP/1.1" 200 3230 "-" "python-requests/2.34.2"
86.244.85.9 - - [13/Sep/2026:03:04:13 +0300] "GET /wp-content/uploads/2015/07/HAVZA-12-2-150x150.jpg HTTP/1.1" 200 0 "https://google.com" "Mozilla/5.0 (Windows NT 10.0; Win64; x64; rv:66.0.1) Gecko/20100101 Firefox/66.0.1"
104.154.32.64 - - [13/Sep/2026:03:04:14 +0300] "GET /wp-content/uploads/2015/08/Geyikli-Baba-Turbesi-Hazire.jpg HTTP/2" 200 270555 "-" "Mozilla/5.0 AppleWebKit/537.36 (KHTML, like Gecko; compatible; Reflectionbot/1.0; +https://reflection.ai/bot) Chrome/151.0.0.0 Safari/537.36"
107.149.159.96 - - [13/Sep/2026:03:04:34 +0300] "GET /1234.php HTTP/1.1" 404 796 "-" "Mozilla/5.0 (Windows NT 10.0; WOW64; rv:48.0) Gecko/20100101 Firefox/48.0"
34.121.33.92 - - [13/Sep/2026:03:04:37 +0300] "GET /etiket/seyh-kutbuddin-izniki/ HTTP/2" 404 796 "-" "Mozilla/5.0 AppleWebKit/537.36 (KHTML, like Gecko; compatible; Reflectionbot/1.0; +https://reflection.ai/bot) Chrome/151.0.0.0 Safari/537.36"
38.237.242.104 - - [13/Sep/2026:03:04:46 +0300] "GET /location/demir-gomlek/ HTTP/2" 404 796 "-" "Mozilla/5.0 (Macintosh; Intel Mac OS X 10_15_7) AppleWebKit/537.36 (KHTML, like Gecko) Chrome/148.0.0.0 Safari/537.36 Edg/148.0.0.0"
52.167.144.25 - - [13/Sep/2026:03:04:58 +0300] "GET /wp-content/uploads/2020/03/Ashab-%C4%B1-Kehf-Azerbaycan-5-300x192.jpg HTTP/2" 200 14663 "-" "Mozilla/5.0 AppleWebKit/537.36 (KHTML, like Gecko; compatible; bingbot/2.0; +http://www.bing.com/bingbot.htm) Chrome/116.0.1938.76 Safari/537.36"
52.167.144.25 - - [13/Sep/2026:03:05:08 +0300] "GET /wp-content/uploads/2020/03/IMG_3597-1536x1024.jpg HTTP/2" 200 283750 "-" "Mozilla/5.0 AppleWebKit/537.36 (KHTML, like Gecko; compatible; bingbot/2.0; +http://www.bing.com/bingbot.htm) Chrome/116.0.1938.76 Safari/537.36"
27.125.249.38 - - [13/Sep/2026:03:05:37 +0300] "GET /wp-content/uploads/2020/04/%C4%B0smail-Rumi-ve-Hac%C4%B1-Piri-camii-Beyo%C4%9Flu-istanbul-5-mc.jpg HTTP/2" 200 61685 "https://www.google.com/" "Mozilla/5.0 (Linux; Android 10; K) AppleWebKit/537.36 (KHTML, like Gecko) Chrome/152.0.0.0 Mobile Safari/537.36"
18.224.169.50 - - [13/Sep/2026:03:06:15 +0300] "GET /wp-content/uploads/2015/10/DSC02111.jpg HTTP/2" 200 1398479 "-" "QuiverRasterResearch/1.0"
94.228.29.181 - - [13/Sep/2026:03:06:55 +0300] "GET /location/karaman-celal-baba/ HTTP/2" 404 796 "-" "Mozilla/5.0 (Macintosh; Intel Mac OS X 10_15_7) AppleWebKit/537.36 (KHTML, like Gecko) Chrome/148.0.0.0 Safari/537.36 Edg/148.0.0.0"
52.167.144.173 - - [13/Sep/2026:03:07:11 +0300] "GET /wp-content/uploads/2020/03/%C5%9Eeyh-Ali-Sebti-1-265x198.jpg HTTP/2" 200 6469 "-" "Mozilla/5.0 AppleWebKit/537.36 (KHTML, like Gecko; compatible; bingbot/2.0; +http://www.bing.com/bingbot.htm) Chrome/116.0.1938.76 Safari/537.36"
52.167.144.173 - - [13/Sep/2026:03:07:12 +0300] "GET /?p=38536 HTTP/2" 200 2052 "-" "Mozilla/5.0 AppleWebKit/537.36 (KHTML, like Gecko; compatible; bingbot/2.0; +http://www.bing.com/bingbot.htm) Chrome/116.0.1938.76 Safari/537.36"
52.167.144.173 - - [13/Sep/2026:03:07:12 +0300] "GET /?p=25453 HTTP/2" 200 2052 "-" "Mozilla/5.0 AppleWebKit/537.36 (KHTML, like Gecko; compatible; bingbot/2.0; +http://www.bing.com/bingbot.htm) Chrome/116.0.1938.76 Safari/537.36"
66.249.70.165 - - [13/Sep/2026:03:07:23 +0300] "GET /?p=75178 HTTP/1.1" 200 2053 "-" "Mozilla/5.0 (Linux; Android 6.0.1; Nexus 5X Build/MMB29P) AppleWebKit/537.36 (KHTML, like Gecko) Chrome/152.0.7977.82 Mobile Safari/537.36 (compatible; Googlebot/2.1; +http://www.google.com/bot.html)"
66.249.70.165 - - [13/Sep/2026:03:07:26 +0300] "GET /?p=65389 HTTP/1.1" 200 2053 "https://www.evliyalar.net/?p=27091" "Mozilla/5.0 (Linux; Android 6.0.1; Nexus 5X Build/MMB29P) AppleWebKit/537.36 (KHTML, like Gecko) Chrome/151.0.7922.173 Mobile Safari/537.36 (compatible; Googlebot/2.1; +http://www.google.com/bot.html)"
66.249.70.164 - - [13/Sep/2026:03:07:26 +0300] "GET /?p=34950 HTTP/1.1" 200 2053 "https://www.evliyalar.net/?p=27091" "Mozilla/5.0 (Linux; Android 6.0.1; Nexus 5X Build/MMB29P) AppleWebKit/537.36 (KHTML, like Gecko) Chrome/151.0.7922.173 Mobile Safari/537.36 (compatible; Googlebot/2.1; +http://www.google.com/bot.html)"
66.249.70.165 - - [13/Sep/2026:03:07:26 +0300] "GET /?p=86 HTTP/1.1" 200 2053 "https://www.evliyalar.net/?p=27091" "Mozilla/5.0 (Linux; Android 6.0.1; Nexus 5X Build/MMB29P) AppleWebKit/537.36 (KHTML, like Gecko) Chrome/151.0.7922.173 Mobile Safari/537.36 (compatible; Googlebot/2.1; +http://www.google.com/bot.html)"
66.249.70.163 - - [13/Sep/2026:03:07:26 +0300] "GET /?p=65300 HTTP/1.1" 200 2053 "https://www.evliyalar.net/?p=27091" "Mozilla/5.0 (Linux; Android 6.0.1; Nexus 5X Build/MMB29P) AppleWebKit/537.36 (KHTML, like Gecko) Chrome/151.0.7922.173 Mobile Safari/537.36 (compatible; Googlebot/2.1; +http://www.google.com/bot.html)"
17.166.152.69 - - [13/Sep/2026:03:07:37 +0300] "GET /wp-content/uploads/2018/09/Seyyid-Kas%C4%B1m-T%C3%BCrbesi-2-scaled.jpg HTTP/2" 200 284772 "-" "Mozilla/5.0 (Macintosh; Intel Mac OS X 10_15_7) AppleWebKit/605.1.15 (KHTML, like Gecko) Version/17.4 Safari/605.1.15 (Applebot/0.1; +http://www.apple.com/go/applebot)"
163.220.152.29 - - [13/Sep/2026:03:07:41 +0300] "GET /wp-content/uploads/2015/09/DSC01151-351x185.jpg HTTP/1.1" 206 4096 "-" "Mozilla/5.0 recap-datacomp-live-url-check"
40.77.167.32 - - [13/Sep/2026:03:07:51 +0300] "GET /?p=20352 HTTP/2" 200 2052 "-" "Mozilla/5.0 AppleWebKit/537.36 (KHTML, like Gecko; compatible; bingbot/2.0; +http://www.bing.com/bingbot.htm) Chrome/116.0.1938.76 Safari/537.36"
52.167.144.25 - - [13/Sep/2026:03:07:52 +0300] "GET /etiket/muhammed-b-sirin/ HTTP/2" 404 796 "-" "Mozilla/5.0 AppleWebKit/537.36 (KHTML, like Gecko; compatible; bingbot/2.0; +http://www.bing.com/bingbot.htm) Chrome/116.0.1938.76 Safari/537.36"
52.167.144.25 - - [13/Sep/2026:03:07:52 +0300] "GET /?p=58245 HTTP/2" 200 2052 "-" "Mozilla/5.0 AppleWebKit/537.36 (KHTML, like Gecko; compatible; bingbot/2.0; +http://www.bing.com/bingbot.htm) Chrome/116.0.1938.76 Safari/537.36"
41.249.153.149 - - [13/Sep/2026:03:07:50 +0300] "POST /xmlrpc.php HTTP/1.1" 200 412 "-" "Jetpack/12.1; WordPress/6.1; http://site91267703.com"
41.249.153.149 - - [13/Sep/2026:03:08:00 +0300] "POST /xmlrpc.php HTTP/1.1" 200 412 "-" "Jetpack/12.1; WordPress/6.1; http://site38723225.com"
136.115.161.33 - - [13/Sep/2026:03:08:06 +0300] "GET /etiket/hoca-hamza-turbesine-nasil-gidilir/ HTTP/2" 404 796 "-" "Mozilla/5.0 AppleWebKit/537.36 (KHTML, like Gecko; compatible; Reflectionbot/1.0; +https://reflection.ai/bot) Chrome/151.0.0.0 Safari/537.36"
108.131.4.52 - - [13/Sep/2026:03:08:15 +0300] "GET /bedreddin-baba HTTP/2" 404 796 "-" "weborama-fetcher (+http://www.weborama.com)"
41.249.153.149 - - [13/Sep/2026:03:08:11 +0300] "POST /xmlrpc.php HTTP/1.1" 200 0 "-" "Jetpack by WordPress.com"
