129.225.125.127 - - [13/Sep/2026:01:28:58 +0300] "POST /wp-login.php HTTP/1.1" 200 3321 "https://evliyalar.net/wp-login.php" "Mozilla/5.0 (Windows NT 6.1; Win64; x64; rv:90.0) Gecko/20100101 Firefox/90.0.1"
129.225.125.127 - - [13/Sep/2026:01:29:00 +0300] "GET /wp-admin/index.php HTTP/1.1" 403 787 "https://evliyalar.net/wp-login.php" "Mozilla/5.0 (Windows NT 6.1; Win64; x64) AppleWebKit/537.36 (KHTML, like Gecko) Chrome/92.0.4515.131 Safari/537.36"
129.225.125.127 - - [13/Sep/2026:01:29:00 +0300] "GET /wp-admin/index.php HTTP/1.1" 403 787 "https://evliyalar.net/wp-login.php" "Mozilla/5.0 (Windows NT 6.1; Win64; x64) AppleWebKit/537.36 (KHTML, like Gecko) Chrome/92.0.4515.131 Safari/537.36"
129.225.125.127 - - [13/Sep/2026:01:29:00 +0300] "POST /wp-login.php HTTP/1.1" 200 3321 "https://evliyalar.net/wp-login.php" "Mozilla/5.0 (Macintosh; Intel Mac OS X 10_15_7) AppleWebKit/605.1.15 (KHTML, like Gecko) Version/14.1 Safari/605.1.15"
129.225.125.127 - - [13/Sep/2026:01:29:02 +0300] "GET /wp-admin/index.php HTTP/1.1" 403 787 "https://evliyalar.net/wp-login.php" "Mozilla/5.0 (Windows NT 10.0; Win64; x64) AppleWebKit/605.1.15 (KHTML, like Gecko) Version/14.1.2 Safari/605.1.15"
129.225.125.127 - - [13/Sep/2026:01:29:03 +0300] "GET /wp-admin/index.php HTTP/1.1" 403 787 "https://evliyalar.net/wp-login.php" "Mozilla/5.0 (Windows NT 10.0; Win64; x64) AppleWebKit/605.1.15 (KHTML, like Gecko) Version/14.1.2 Safari/605.1.15"
129.225.125.127 - - [13/Sep/2026:01:29:03 +0300] "POST /wp-login.php HTTP/1.1" 200 3321 "https://evliyalar.net/wp-login.php" "Mozilla/5.0 (X11; Linux x86_64) AppleWebKit/537.36 (KHTML, like Gecko) Chrome/91.0.4472.124 Safari/537.36"
129.225.125.127 - - [13/Sep/2026:01:29:07 +0300] "GET /wp-admin/index.php HTTP/1.1" 403 787 "https://evliyalar.net/wp-login.php" "Mozilla/5.0 (Windows NT 6.1; Win64; x64) AppleWebKit/537.36 (KHTML, like Gecko) Chrome/93.0.4577.63 Safari/537.36"
129.225.125.127 - - [13/Sep/2026:01:29:07 +0300] "GET /wp-admin/index.php HTTP/1.1" 403 787 "https://evliyalar.net/wp-login.php" "Mozilla/5.0 (Windows NT 6.1; Win64; x64) AppleWebKit/537.36 (KHTML, like Gecko) Chrome/93.0.4577.63 Safari/537.36"
129.225.125.127 - - [13/Sep/2026:01:29:07 +0300] "POST /wp-login.php HTTP/1.1" 200 3321 "https://evliyalar.net/wp-login.php" "Mozilla/5.0 (Windows NT 10.0; Win64; x64) AppleWebKit/537.36 (KHTML, like Gecko) Chrome/94.0.4606.71 Safari/537.36"
129.225.125.127 - - [13/Sep/2026:01:29:11 +0300] "GET /wp-admin/index.php HTTP/1.1" 403 787 "https://evliyalar.net/wp-login.php" "Mozilla/5.0 (Windows NT 6.1; Win64; x64; rv:92.0) Gecko/20100101 Firefox/92.0"
129.225.125.127 - - [13/Sep/2026:01:29:11 +0300] "GET /wp-admin/index.php HTTP/1.1" 403 787 "https://evliyalar.net/wp-login.php" "Mozilla/5.0 (Windows NT 6.1; Win64; x64; rv:92.0) Gecko/20100101 Firefox/92.0"
129.225.125.127 - - [13/Sep/2026:01:29:12 +0300] "POST /wp-login.php HTTP/1.1" 200 3321 "https://evliyalar.net/wp-login.php" "Mozilla/5.0 (Macintosh; Intel Mac OS X 10_15_7) AppleWebKit/605.1.15 (KHTML, like Gecko) Version/15.0 Safari/605.1.15"
129.225.125.127 - - [13/Sep/2026:01:29:16 +0300] "GET /wp-admin/index.php HTTP/1.1" 403 787 "https://evliyalar.net/wp-login.php" "Mozilla/5.0 (Windows NT 10.0; Win64; x64) AppleWebKit/537.36 (KHTML, like Gecko) Chrome/94.0.4606.71 Safari/537.36"
129.225.125.127 - - [13/Sep/2026:01:29:16 +0300] "GET /wp-admin/index.php HTTP/1.1" 403 787 "https://evliyalar.net/wp-login.php" "Mozilla/5.0 (Windows NT 10.0; Win64; x64) AppleWebKit/537.36 (KHTML, like Gecko) Chrome/94.0.4606.71 Safari/537.36"
129.225.125.127 - - [13/Sep/2026:01:29:16 +0300] "POST /wp-login.php HTTP/1.1" 200 3321 "https://evliyalar.net/wp-login.php" "Mozilla/5.0 (Macintosh; Intel Mac OS X 10_15_7) AppleWebKit/537.36 (KHTML, like Gecko) Chrome/93.0.4577.63 Safari/537.36"
129.225.125.127 - - [13/Sep/2026:01:29:21 +0300] "GET /wp-admin/index.php HTTP/1.1" 403 787 "https://evliyalar.net/wp-login.php" "Mozilla/5.0 (Macintosh; Intel Mac OS X 10_15_7) AppleWebKit/605.1.15 (KHTML, like Gecko) Version/15.0 Safari/605.1.15"
129.225.125.127 - - [13/Sep/2026:01:29:21 +0300] "GET /wp-admin/index.php HTTP/1.1" 403 787 "https://evliyalar.net/wp-login.php" "Mozilla/5.0 (Macintosh; Intel Mac OS X 10_15_7) AppleWebKit/605.1.15 (KHTML, like Gecko) Version/15.0 Safari/605.1.15"
66.249.70.164 - - [13/Sep/2026:01:27:14 +0300] "GET /semun-el-gazi/ HTTP/1.1" 404 796 "-" "Mozilla/5.0 (compatible; Googlebot/2.1; +http://www.google.com/bot.html)"
66.249.70.163 - - [13/Sep/2026:01:27:14 +0300] "GET /semun-el-gazi/ HTTP/1.1" 404 796 "-" "Mozilla/5.0 (Linux; Android 6.0.1; Nexus 5X Build/MMB29P) AppleWebKit/537.36 (KHTML, like Gecko) Chrome/99.0.4844.84 Mobile Safari/537.36 (compatible; Googlebot/2.1; +http://www.google.com/bot.html)"
66.249.70.163 - - [13/Sep/2026:01:27:52 +0300] "GET /?p=8828 HTTP/1.1" 200 2051 "-" "Mozilla/5.0 (Linux; Android 6.0.1; Nexus 5X Build/MMB29P) AppleWebKit/537.36 (KHTML, like Gecko) Chrome/152.0.7977.82 Mobile Safari/537.36 (compatible; Googlebot/2.1; +http://www.google.com/bot.html)"
212.34.141.234 - - [13/Sep/2026:01:28:07 +0300] "GET /toparlak-baba-turbesi-seyh-i-zurvans/ HTTP/1.0" 404 796 "https://www.evliyalar.net/toparlak-baba-turbesi-seyh-i-zurvans/" "Mozilla/5.0 (Windows NT 10.0; Win64; x64) AppleWebKit/537.36 (KHTML, like Gecko) Chrome/129.0.0.0 Safari/537.36"
217.131.69.137 - - [13/Sep/2026:01:28:23 +0300] "GET /wp-content/uploads/2020/03/%C5%9Eeyh-Naz%C4%B1m-K%C4%B1br%C4%B1si-.jpg HTTP/2" 200 259244 "https://www.google.com/" "Mozilla/5.0 (Windows NT 10.0; Win64; x64) AppleWebKit/537.36 (KHTML, like Gecko) Chrome/153.0.0.0 Safari/537.36"
40.77.167.2 - - [13/Sep/2026:01:28:40 +0300] "GET /wp-content/uploads/2024/05/Okcu-Sinan-Bey-Turbesi-250x200.jpg HTTP/2" 200 18618 "-" "Mozilla/5.0 AppleWebKit/537.36 (KHTML, like Gecko; compatible; bingbot/2.0; +http://www.bing.com/bingbot.htm) Chrome/116.0.1938.76 Safari/537.36"
89.43.31.214 - - [13/Sep/2026:01:28:50 +0300] "POST /wp-cron.php?doing_wp_cron=1789252130.3286080360412597656250 HTTP/1.1" 200 0 "-" "WordPress/6.5.10; https://www.evliyalar.net"
162.120.188.95 - - [13/Sep/2026:01:29:00 +0300] "GET /kategori/anadolu-evliyalari/karabuk-evliyalari/safranbolu-evliyalari/ HTTP/2" 404 796 "https://www.google.com/" "Mozilla/5.0 (Linux; Android 10; K) AppleWebKit/537.36 (KHTML, like Gecko) Chrome/152.0.0.0 Mobile Safari/537.36"
66.249.70.165 - - [13/Sep/2026:01:29:00 +0300] "GET /wp-content/uploads/2015/05/DSC00137.jpg HTTP/1.1" 200 0 "-" "Googlebot-Image/1.0"
66.249.70.163 - - [13/Sep/2026:01:29:03 +0300] "GET /?p=45083 HTTP/1.1" 200 2053 "-" "Mozilla/5.0 (Linux; Android 6.0.1; Nexus 5X Build/MMB29P) AppleWebKit/537.36 (KHTML, like Gecko) Chrome/152.0.7977.82 Mobile Safari/537.36 (compatible; Googlebot/2.1; +http://www.google.com/bot.html)"
74.7.229.137 - - [13/Sep/2026:01:29:14 +0300] "GET /yahya-gazi-turbesi/ HTTP/2" 404 796 "-" "Mozilla/5.0 (Macintosh; Intel Mac OS X 10_15_7) AppleWebKit/537.36 (KHTML, like Gecko) Chrome/131.0.0.0 Safari/537.36; compatible; OAI-SearchBot/1.4; +https://openai.com/searchbot"
52.167.144.25 - - [13/Sep/2026:01:29:45 +0300] "GET /?s=david+rockefeller+abby+rockefeller+mauz%C3%A9 HTTP/2" 200 2051 "-" "Mozilla/5.0 AppleWebKit/537.36 (KHTML, like Gecko; compatible; bingbot/2.0; +http://www.bing.com/bingbot.htm) Chrome/116.0.1938.76 Safari/537.36"
17.166.22.100 - - [13/Sep/2026:01:29:47 +0300] "GET /kategori/anadolu-evliyalari/izmir-evliyalari/menderes-evliyalari/ HTTP/2" 404 796 "-" "Mozilla/5.0 (Macintosh; Intel Mac OS X 10_15_7) AppleWebKit/605.1.15 (KHTML, like Gecko) Version/17.4 Safari/605.1.15 (Applebot/0.1; +http://www.apple.com/go/applebot)"
66.249.70.164 - - [13/Sep/2026:01:29:48 +0300] "GET /wp-content/uploads/2015/10/DSC02154.jpg HTTP/1.1" 200 1001445 "-" "Googlebot-Image/1.0"
17.166.21.30 - - [13/Sep/2026:01:30:00 +0300] "GET /kategori/ansayfa-kategori/page/7/ HTTP/2" 404 796 "-" "Mozilla/5.0 (Macintosh; Intel Mac OS X 10_15_7) AppleWebKit/605.1.15 (KHTML, like Gecko) Version/17.4 Safari/605.1.15 (Applebot/0.1; +http://www.apple.com/go/applebot)"
114.119.133.12 - - [13/Sep/2026:01:30:00 +0300] "GET /etiket/bayraktar-turbesi/ HTTP/1.1" 404 796 "https://www.evliyalar.net/etiket/bayraktar-turbesi/" "Mozilla/5.0 (Linux; Android 7.0;) AppleWebKit/537.36 (HTML, like Gecko) Mobile Safari/537.36 (compatible; PetalBot;+https://webmaster.petalsearch.com/site/petalbot)"
129.225.125.127 - - [13/Sep/2026:01:29:47 +0300] "POST /wp-login.php HTTP/1.1" 200 3321 "https://evliyalar.net/wp-login.php" "Mozilla/5.0 (Macintosh; Intel Mac OS X 10_15_7) AppleWebKit/605.1.15 (KHTML, like Gecko) Version/14.1.1 Safari/605.1.15"
129.225.125.127 - - [13/Sep/2026:01:30:00 +0300] "GET /wp-admin/index.php HTTP/1.1" 403 787 "https://evliyalar.net/wp-login.php" "Mozilla/5.0 (Windows NT 10.0; Win64; x64) AppleWebKit/537.36 (KHTML, like Gecko) Chrome/91.0.4472.124 Safari/537.36"
129.225.125.127 - - [13/Sep/2026:01:30:01 +0300] "GET /wp-admin/index.php HTTP/1.1" 403 787 "https://evliyalar.net/wp-login.php" "Mozilla/5.0 (Windows NT 10.0; Win64; x64) AppleWebKit/537.36 (KHTML, like Gecko) Chrome/91.0.4472.124 Safari/537.36"
129.225.125.127 - - [13/Sep/2026:01:30:01 +0300] "POST /wp-login.php HTTP/1.1" 200 3321 "https://evliyalar.net/wp-login.php" "Mozilla/5.0 (Macintosh; Intel Mac OS X 10_15_7) AppleWebKit/605.1.15 (KHTML, like Gecko) Version/14.0.3 Safari/605.1.15"
129.225.125.127 - - [13/Sep/2026:01:30:05 +0300] "GET /wp-admin/index.php HTTP/1.1" 403 787 "https://evliyalar.net/wp-login.php" "Mozilla/5.0 (Windows NT 10.0; Win64; x64) AppleWebKit/537.36 (KHTML, like Gecko) Chrome/94.0.4606.71 Safari/537.36"
129.225.125.127 - - [13/Sep/2026:01:30:05 +0300] "GET /wp-admin/index.php HTTP/1.1" 403 787 "https://evliyalar.net/wp-login.php" "Mozilla/5.0 (Windows NT 10.0; Win64; x64) AppleWebKit/537.36 (KHTML, like Gecko) Chrome/94.0.4606.71 Safari/537.36"
129.225.125.127 - - [13/Sep/2026:01:30:06 +0300] "POST /wp-login.php HTTP/1.1" 200 3321 "https://evliyalar.net/wp-login.php" "Mozilla/5.0 (Macintosh; Intel Mac OS X 10_15_7) AppleWebKit/605.1.15 (KHTML, like Gecko) Version/15.0 Safari/605.1.15"
129.225.125.127 - - [13/Sep/2026:01:30:15 +0300] "GET /wp-admin/index.php HTTP/1.1" 403 787 "https://evliyalar.net/wp-login.php" "Mozilla/5.0 (Macintosh; Intel Mac OS X 10_15_7) AppleWebKit/537.36 (KHTML, like Gecko) Chrome/94.0.4606.71 Safari/537.36"
129.225.125.127 - - [13/Sep/2026:01:30:16 +0300] "GET /wp-admin/index.php HTTP/1.1" 403 787 "https://evliyalar.net/wp-login.php" "Mozilla/5.0 (Macintosh; Intel Mac OS X 10_15_7) AppleWebKit/537.36 (KHTML, like Gecko) Chrome/94.0.4606.71 Safari/537.36"
129.225.125.127 - - [13/Sep/2026:01:30:16 +0300] "POST /wp-login.php HTTP/1.1" 200 3321 "https://evliyalar.net/wp-login.php" "Mozilla/5.0 (Windows NT 10.0; Win64; x64) AppleWebKit/537.36 (KHTML, like Gecko) Chrome/92.0.4515.131 Safari/537.36"
129.225.125.127 - - [13/Sep/2026:01:30:21 +0300] "GET /wp-admin/index.php HTTP/1.1" 403 787 "https://evliyalar.net/wp-login.php" "Mozilla/5.0 (Windows NT 10.0; Win64; x64; rv:91.0) Gecko/20100101 Firefox/91.0"
129.225.125.127 - - [13/Sep/2026:01:30:21 +0300] "GET /wp-admin/index.php HTTP/1.1" 403 787 "https://evliyalar.net/wp-login.php" "Mozilla/5.0 (Windows NT 10.0; Win64; x64; rv:91.0) Gecko/20100101 Firefox/91.0"
129.225.125.127 - - [13/Sep/2026:01:30:21 +0300] "POST /wp-login.php HTTP/1.1" 200 3321 "https://evliyalar.net/wp-login.php" "Mozilla/5.0 (Windows NT 6.1; Win64; x64; rv:92.0) Gecko/20100101 Firefox/92.0"
129.225.125.127 - - [13/Sep/2026:01:30:31 +0300] "GET /wp-admin/index.php HTTP/1.1" 403 787 "https://evliyalar.net/wp-login.php" "Mozilla/5.0 (Windows NT 10.0; Win64; x64) AppleWebKit/537.36 (KHTML, like Gecko) Chrome/91.0.4472.124 Safari/537.36"
129.225.125.127 - - [13/Sep/2026:01:30:31 +0300] "GET /wp-admin/index.php HTTP/1.1" 403 787 "https://evliyalar.net/wp-login.php" "Mozilla/5.0 (Windows NT 10.0; Win64; x64) AppleWebKit/537.36 (KHTML, like Gecko) Chrome/91.0.4472.124 Safari/537.36"
129.225.125.127 - - [13/Sep/2026:01:30:31 +0300] "POST /wp-login.php HTTP/1.1" 200 3321 "https://evliyalar.net/wp-login.php" "Mozilla/5.0 (Windows NT 6.1; Win64; x64; rv:89.0) Gecko/20100101 Firefox/89.0.2"
129.225.125.127 - - [13/Sep/2026:01:30:38 +0300] "GET /wp-admin/index.php HTTP/1.1" 403 787 "https://evliyalar.net/wp-login.php" "Mozilla/5.0 (Macintosh; Intel Mac OS X 10_15_7) AppleWebKit/537.36 (KHTML, like Gecko) Chrome/93.0.4577.63 Safari/537.36"
129.225.125.127 - - [13/Sep/2026:01:30:38 +0300] "GET /wp-admin/index.php HTTP/1.1" 403 787 "https://evliyalar.net/wp-login.php" "Mozilla/5.0 (Macintosh; Intel Mac OS X 10_15_7) AppleWebKit/537.36 (KHTML, like Gecko) Chrome/93.0.4577.63 Safari/537.36"
129.225.125.127 - - [13/Sep/2026:01:30:38 +0300] "POST /wp-login.php HTTP/1.1" 200 0 "https://evliyalar.net/wp-login.php" "Mozilla/5.0 (Windows NT 10.0; Win64; x64) AppleWebKit/537.36 (KHTML, like Gecko) Chrome/90.0.4430.212 Safari/537.36"
74.7.243.23 - - [13/Sep/2026:01:30:54 +0300] "GET /kayseri-evliyalari/ HTTP/2" 404 796 "-" "Mozilla/5.0 (Macintosh; Intel Mac OS X 10_15_7) AppleWebKit/537.36 (KHTML, like Gecko) Chrome/131.0.0.0 Safari/537.36; compatible; OAI-SearchBot/1.4; +https://openai.com/searchbot"
66.249.70.163 - - [13/Sep/2026:01:30:59 +0300] "GET /wp-content/uploads/2015/06/IMG_53851.jpg HTTP/1.1" 200 0 "-" "Googlebot-Image/1.0"
66.249.70.164 - - [13/Sep/2026:01:31:08 +0300] "GET /etiket/haci-yusuf-turbesi/ HTTP/1.1" 404 796 "-" "Mozilla/5.0 (Linux; Android 6.0.1; Nexus 5X Build/MMB29P) AppleWebKit/537.36 (KHTML, like Gecko) Chrome/152.0.7977.82 Mobile Safari/537.36 (compatible; Googlebot/2.1; +http://www.google.com/bot.html)"
129.225.125.127 - - [13/Sep/2026:01:30:54 +0300] "POST /wp-login.php HTTP/1.1" 200 0 "https://evliyalar.net/wp-login.php" "Mozilla/5.0 (X11; Linux x86_64) AppleWebKit/537.36 (KHTML, like Gecko) Chrome/93.0.4577.63 Safari/537.36"
114.119.133.12 - - [13/Sep/2026:01:31:23 +0300] "GET /mencek-baba-k-s/mencek-baba-5/ HTTP/1.1" 404 796 "https://www.evliyalar.net/mencek-baba-k-s/mencek-baba-5/" "Mozilla/5.0 (Linux; Android 7.0;) AppleWebKit/537.36 (HTML, like Gecko) Mobile Safari/537.36 (compatible; PetalBot;+https://webmaster.petalsearch.com/site/petalbot)"
129.225.125.127 - - [13/Sep/2026:01:31:09 +0300] "POST /wp-login.php HTTP/1.1" 200 0 "https://evliyalar.net/wp-login.php" "Mozilla/5.0 (Macintosh; Intel Mac OS X 10_15_7; rv:89.0) Gecko/20100101 Firefox/89.0.2"
66.249.70.163 - - [13/Sep/2026:01:31:26 +0300] "GET /wp-content/uploads/2015/07/IMG_5648.jpg HTTP/1.1" 200 0 "-" "Googlebot-Image/1.0"
35.198.113.100 - - [13/Sep/2026:01:31:28 +0300] "GET /robots.txt HTTP/2" 200 77 "-" "LinkupBot/1.0 (LinkupBot for web indexing; https://linkup.so/bot; bot@linkup.so)"
35.198.113.100 - - [13/Sep/2026:01:31:29 +0300] "GET /kategori/suudi-arabistan/mekke-evliyalari/ HTTP/2" 404 796 "-" "LinkupBot/1.0 (LinkupBot for web indexing; https://linkup.so/bot; bot@linkup.so)"
35.198.113.100 - - [13/Sep/2026:01:31:30 +0300] "GET /kategori/anadolu-evliyalari/kayseri-evliyalari/tomarza-evliyalari/ HTTP/2" 404 796 "-" "LinkupBot/1.0 (LinkupBot for web indexing; https://linkup.so/bot; bot@linkup.so)"
35.198.113.100 - - [13/Sep/2026:01:31:31 +0300] "GET /omer-bari/ HTTP/2" 404 796 "-" "LinkupBot/1.0 (LinkupBot for web indexing; https://linkup.so/bot; bot@linkup.so)"
35.198.113.100 - - [13/Sep/2026:01:31:32 +0300] "GET /rabiatul-adeviyye-k-s-makami-kudus/ HTTP/2" 404 796 "-" "LinkupBot/1.0 (LinkupBot for web indexing; https://linkup.so/bot; bot@linkup.so)"
35.198.113.100 - - [13/Sep/2026:01:31:33 +0300] "GET /hz-seyh-resid-el-dersevi/ HTTP/2" 404 796 "-" "LinkupBot/1.0 (LinkupBot for web indexing; https://linkup.so/bot; bot@linkup.so)"
35.198.113.100 - - [13/Sep/2026:01:31:34 +0300] "GET /seyh-ali-kara/ HTTP/2" 404 796 "-" "LinkupBot/1.0 (LinkupBot for web indexing; https://linkup.so/bot; bot@linkup.so)"
35.198.113.100 - - [13/Sep/2026:01:31:35 +0300] "GET /zeynel-arap/ HTTP/2" 404 796 "-" "LinkupBot/1.0 (LinkupBot for web indexing; https://linkup.so/bot; bot@linkup.so)"
35.198.113.100 - - [13/Sep/2026:01:31:36 +0300] "GET /azizlerhan-isan/ HTTP/2" 404 796 "-" "LinkupBot/1.0 (LinkupBot for web indexing; https://linkup.so/bot; bot@linkup.so)"
52.167.144.25 - - [13/Sep/2026:01:31:47 +0300] "GET /wp-content/uploads/2022/12/Huseyin-Gazi6-790x420.jpg HTTP/2" 200 61885 "-" "Mozilla/5.0 AppleWebKit/537.36 (KHTML, like Gecko; compatible; bingbot/2.0; +http://www.bing.com/bingbot.htm) Chrome/116.0.1938.76 Safari/537.36"
83.135.162.139 - - [13/Sep/2026:01:31:55 +0300] "GET /kategori/anadolu-evliyalari/bolu-evliyalari/mudurnu-evliyalari/ HTTP/2" 404 796 "https://www.google.com/" "Mozilla/5.0 (Linux; Android 10; K) AppleWebKit/537.36 (KHTML, like Gecko) Chrome/152.0.0.0 Mobile Safari/537.36"
83.135.162.139 - - [13/Sep/2026:01:31:55 +0300] "GET /favicon.ico HTTP/2" 404 796 "https://www.evliyalar.net/kategori/anadolu-evliyalari/bolu-evliyalari/mudurnu-evliyalari/" "Mozilla/5.0 (Linux; Android 10; K) AppleWebKit/537.36 (KHTML, like Gecko) Chrome/152.0.0.0 Mobile Safari/537.36"
129.225.125.127 - - [13/Sep/2026:01:31:56 +0300] "POST /wp-login.php HTTP/1.1" 200 0 "https://evliyalar.net/wp-login.php" "Mozilla/5.0 (Macintosh; Intel Mac OS X 10_15_7) AppleWebKit/537.36 (KHTML, like Gecko) Chrome/94.0.4606.71 Safari/537.36"
52.167.144.21 - - [13/Sep/2026:01:32:17 +0300] "GET /wp-content/uploads/2021/09/Sultan-Carullah-T%C3%BCrbesi1.jpg HTTP/2" 200 0 "-" "Mozilla/5.0 AppleWebKit/537.36 (KHTML, like Gecko; compatible; bingbot/2.0; +http://www.bing.com/bingbot.htm) Chrome/116.0.1938.76 Safari/537.36"
88.229.209.153 - - [13/Sep/2026:01:32:24 +0300] "GET /wp-content/uploads/2014/09/elyesavezulkufas-scaled.jpg HTTP/2" 200 647283 "https://www.google.com/" "Mozilla/5.0 (iPhone; CPU iPhone OS 18_7 like Mac OS X) AppleWebKit/605.1.15 (KHTML, like Gecko) Version/26.5.2 Mobile/15E148 Safari/604.1"
176.220.220.63 - - [13/Sep/2026:01:32:26 +0300] "GET /bilecik-evliyalari/ HTTP/2" 404 796 "https://www.google.com/" "Mozilla/5.0 (Linux; Android 10; K) AppleWebKit/537.36 (KHTML, like Gecko) Chrome/151.0.0.0 Mobile Safari/537.36"
176.220.220.63 - - [13/Sep/2026:01:32:26 +0300] "GET /wp-content/cache/min/1/wp-content/plugins/contact-form-7/includes/css/styles.css?ver=1713381254 HTTP/2" 200 772 "-" "Mozilla/5.0 (Linux; Android 10; K) AppleWebKit/537.36 (KHTML, like Gecko) Chrome/151.0.0.0 Mobile Safari/537.36"
176.220.220.63 - - [13/Sep/2026:01:32:26 +0300] "GET /wp-content/themes/travel-agency/css/animate.min.css?ver=1.5.5 HTTP/2" 200 2502 "-" "Mozilla/5.0 (Linux; Android 10; K) AppleWebKit/537.36 (KHTML, like Gecko) Chrome/151.0.0.0 Mobile Safari/537.36"
176.220.220.63 - - [13/Sep/2026:01:32:26 +0300] "GET /wp-includes/css/dist/block-library/style.min.css?ver=6882c8fc093791f87d69fafed19ef10a HTTP/2" 200 14071 "-" "Mozilla/5.0 (Linux; Android 10; K) AppleWebKit/537.36 (KHTML, like Gecko) Chrome/151.0.0.0 Mobile Safari/537.36"
129.225.125.127 - - [13/Sep/2026:01:32:11 +0300] "POST /wp-login.php HTTP/1.1" 200 0 "https://evliyalar.net/wp-login.php" "Mozilla/5.0 (Macintosh; Intel Mac OS X 10_15_7) AppleWebKit/537.36 (KHTML, like Gecko) Chrome/90.0.4430.212 Safari/537.36"
176.220.220.63 - - [13/Sep/2026:01:32:27 +0300] "GET /favicon.ico HTTP/3" 404 796 "https://www.evliyalar.net/bilecik-evliyalari/" "Mozilla/5.0 (Linux; Android 10; K) AppleWebKit/537.36 (KHTML, like Gecko) Chrome/151.0.0.0 Mobile Safari/537.36"
129.225.125.127 - - [13/Sep/2026:01:32:27 +0300] "POST /wp-login.php HTTP/1.1" 200 3321 "https://evliyalar.net/wp-login.php" "Mozilla/5.0 (Macintosh; Intel Mac OS X 10_15_7) AppleWebKit/605.1.15 (KHTML, like Gecko) Version/14.1.2 Safari/605.1.15"
129.225.125.127 - - [13/Sep/2026:01:32:40 +0300] "GET /wp-admin/index.php HTTP/1.1" 403 787 "https://evliyalar.net/wp-login.php" "Mozilla/5.0 (Macintosh; Intel Mac OS X 10_15_7) AppleWebKit/605.1.15 (KHTML, like Gecko) Version/14.1.1 Safari/605.1.15"
129.225.125.127 - - [13/Sep/2026:01:32:40 +0300] "GET /wp-admin/index.php HTTP/1.1" 403 787 "https://evliyalar.net/wp-login.php" "Mozilla/5.0 (Macintosh; Intel Mac OS X 10_15_7) AppleWebKit/605.1.15 (KHTML, like Gecko) Version/14.1.1 Safari/605.1.15"
129.225.125.127 - - [13/Sep/2026:01:32:40 +0300] "POST /wp-login.php HTTP/1.1" 200 3321 "https://evliyalar.net/wp-login.php" "Mozilla/5.0 (Windows NT 10.0; Win64; x64) AppleWebKit/605.1.15 (KHTML, like Gecko) Version/14.1.2 Safari/605.1.15"
129.225.125.127 - - [13/Sep/2026:01:32:42 +0300] "GET /wp-admin/index.php HTTP/1.1" 403 787 "https://evliyalar.net/wp-login.php" "Mozilla/5.0 (Windows NT 6.1; Win64; x64) AppleWebKit/537.36 (KHTML, like Gecko) Chrome/90.0.4430.212 Safari/537.36"
129.225.125.127 - - [13/Sep/2026:01:32:42 +0300] "GET /wp-admin/index.php HTTP/1.1" 403 787 "https://evliyalar.net/wp-login.php" "Mozilla/5.0 (Windows NT 6.1; Win64; x64) AppleWebKit/537.36 (KHTML, like Gecko) Chrome/90.0.4430.212 Safari/537.36"
129.225.125.127 - - [13/Sep/2026:01:32:42 +0300] "POST /wp-login.php HTTP/1.1" 200 3321 "https://evliyalar.net/wp-login.php" "Mozilla/5.0 (Windows NT 10.0; Win64; x64) AppleWebKit/605.1.15 (KHTML, like Gecko) Version/14.1.1 Safari/605.1.15"
129.225.125.127 - - [13/Sep/2026:01:32:43 +0300] "GET /wp-admin/index.php HTTP/1.1" 403 787 "https://evliyalar.net/wp-login.php" "Mozilla/5.0 (Macintosh; Intel Mac OS X 10_15_7) AppleWebKit/605.1.15 (KHTML, like Gecko) Version/14.1.2 Safari/605.1.15"
129.225.125.127 - - [13/Sep/2026:01:32:43 +0300] "GET /wp-admin/index.php HTTP/1.1" 403 787 "https://evliyalar.net/wp-login.php" "Mozilla/5.0 (Macintosh; Intel Mac OS X 10_15_7) AppleWebKit/605.1.15 (KHTML, like Gecko) Version/14.1.2 Safari/605.1.15"
129.225.125.127 - - [13/Sep/2026:01:32:43 +0300] "POST /wp-login.php HTTP/1.1" 200 3321 "https://evliyalar.net/wp-login.php" "Mozilla/5.0 (Windows NT 6.1; Win64; x64) AppleWebKit/537.36 (KHTML, like Gecko) Chrome/93.0.4577.63 Safari/537.36"
129.225.125.127 - - [13/Sep/2026:01:32:44 +0300] "GET /wp-admin/index.php HTTP/1.1" 403 787 "https://evliyalar.net/wp-login.php" "Mozilla/5.0 (Macintosh; Intel Mac OS X 10_15_7) AppleWebKit/537.36 (KHTML, like Gecko) Chrome/94.0.4606.71 Safari/537.36"
129.225.125.127 - - [13/Sep/2026:01:32:44 +0300] "GET /wp-admin/index.php HTTP/1.1" 403 787 "https://evliyalar.net/wp-login.php" "Mozilla/5.0 (Macintosh; Intel Mac OS X 10_15_7) AppleWebKit/537.36 (KHTML, like Gecko) Chrome/94.0.4606.71 Safari/537.36"
129.225.125.127 - - [13/Sep/2026:01:32:45 +0300] "POST /wp-login.php HTTP/1.1" 200 3321 "https://evliyalar.net/wp-login.php" "Mozilla/5.0 (Macintosh; Intel Mac OS X 10_15_7; rv:90.0) Gecko/20100101 Firefox/90.0.1"
129.225.125.127 - - [13/Sep/2026:01:32:45 +0300] "GET /wp-admin/index.php HTTP/1.1" 403 787 "https://evliyalar.net/wp-login.php" "Mozilla/5.0 (X11; Linux x86_64; rv:89.0) Gecko/20100101 Firefox/89.0.2"
129.225.125.127 - - [13/Sep/2026:01:32:46 +0300] "GET /wp-admin/index.php HTTP/1.1" 403 787 "https://evliyalar.net/wp-login.php" "Mozilla/5.0 (X11; Linux x86_64; rv:89.0) Gecko/20100101 Firefox/89.0.2"
129.225.125.127 - - [13/Sep/2026:01:32:46 +0300] "POST /wp-login.php HTTP/1.1" 200 3321 "https://evliyalar.net/wp-login.php" "Mozilla/5.0 (Windows NT 10.0; Win64; x64) AppleWebKit/537.36 (KHTML, like Gecko) Chrome/94.0.4606.71 Safari/537.36"
129.225.125.127 - - [13/Sep/2026:01:32:47 +0300] "GET /wp-admin/index.php HTTP/1.1" 403 787 "https://evliyalar.net/wp-login.php" "Mozilla/5.0 (Windows NT 10.0; Win64; x64) AppleWebKit/605.1.15 (KHTML, like Gecko) Version/14.1.1 Safari/605.1.15"
129.225.125.127 - - [13/Sep/2026:01:32:47 +0300] "GET /wp-admin/index.php HTTP/1.1" 403 787 "https://evliyalar.net/wp-login.php" "Mozilla/5.0 (Windows NT 10.0; Win64; x64) AppleWebKit/605.1.15 (KHTML, like Gecko) Version/14.1.1 Safari/605.1.15"
129.225.125.127 - - [13/Sep/2026:01:32:47 +0300] "POST /wp-login.php HTTP/1.1" 200 3321 "https://evliyalar.net/wp-login.php" "Mozilla/5.0 (Windows NT 10.0; Win64; x64) AppleWebKit/605.1.15 (KHTML, like Gecko) Version/15.0 Safari/605.1.15"
129.225.125.127 - - [13/Sep/2026:01:32:49 +0300] "GET /wp-admin/index.php HTTP/1.1" 403 787 "https://evliyalar.net/wp-login.php" "Mozilla/5.0 (Macintosh; Intel Mac OS X 10_15_7) AppleWebKit/605.1.15 (KHTML, like Gecko) Version/14.0.3 Safari/605.1.15"
129.225.125.127 - - [13/Sep/2026:01:32:49 +0300] "GET /wp-admin/index.php HTTP/1.1" 403 787 "https://evliyalar.net/wp-login.php" "Mozilla/5.0 (Macintosh; Intel Mac OS X 10_15_7) AppleWebKit/605.1.15 (KHTML, like Gecko) Version/14.0.3 Safari/605.1.15"
66.249.70.165 - - [13/Sep/2026:01:29:24 +0300] "GET /wp-content/uploads/2015/06/Beyazid-Bistami8-scaled.jpg HTTP/1.1" 200 915399 "-" "Googlebot-Image/1.0"
129.225.125.127 - - [13/Sep/2026:01:29:21 +0300] "POST /wp-login.php HTTP/1.1" 200 3327 "https://evliyalar.net/wp-login.php" "Mozilla/5.0 (Windows NT 10.0; Win64; x64; rv:93.0) Gecko/20100101 Firefox/93.0"
129.225.125.127 - - [13/Sep/2026:01:29:31 +0300] "GET /wp-admin/index.php HTTP/1.1" 403 787 "https://evliyalar.net/wp-login.php" "Mozilla/5.0 (Macintosh; Intel Mac OS X 10_15_7) AppleWebKit/605.1.15 (KHTML, like Gecko) Version/14.1.2 Safari/605.1.15"
129.225.125.127 - - [13/Sep/2026:01:29:31 +0300] "GET /wp-admin/index.php HTTP/1.1" 403 787 "https://evliyalar.net/wp-login.php" "Mozilla/5.0 (Macintosh; Intel Mac OS X 10_15_7) AppleWebKit/605.1.15 (KHTML, like Gecko) Version/14.1.2 Safari/605.1.15"
129.225.125.127 - - [13/Sep/2026:01:29:31 +0300] "POST /wp-login.php HTTP/1.1" 200 3321 "https://evliyalar.net/wp-login.php" "Mozilla/5.0 (Windows NT 6.1; Win64; x64; rv:90.0) Gecko/20100101 Firefox/90.0.1"
40.77.167.2 - - [13/Sep/2026:01:30:12 +0300] "GET /wp-content/uploads/2015/03/%C3%87AR%C5%9EAMBA-4-2-100x70.jpg HTTP/2" 200 0 "-" "Mozilla/5.0 AppleWebKit/537.36 (KHTML, like Gecko; compatible; bingbot/2.0; +http://www.bing.com/bingbot.htm) Chrome/116.0.1938.76 Safari/537.36"
178.240.73.246 - - [13/Sep/2026:01:30:23 +0300] "GET /wp-content/uploads/2014/09/zulkufas-scaled.jpg HTTP/2" 200 410294 "https://www.google.com/" "Mozilla/5.0 (Linux; Android 10; K) AppleWebKit/537.36 (KHTML, like Gecko) Chrome/152.0.0.0 Mobile Safari/537.36"
85.208.96.211 - - [13/Sep/2026:01:30:55 +0300] "GET /fatsali-hamid-tarakci-hoca/ HTTP/1.1" 404 796 "-" "Mozilla/5.0 (compatible; SemrushBot/7~bl; +http://www.semrush.com/bot.html)"
52.167.144.21 - - [13/Sep/2026:01:31:27 +0300] "GET /wp-content/uploads/2022/03/Dirar-B.-Ezvar6-1536x868.jpg HTTP/2" 200 236146 "-" "Mozilla/5.0 AppleWebKit/537.36 (KHTML, like Gecko; compatible; bingbot/2.0; +http://www.bing.com/bingbot.htm) Chrome/116.0.1938.76 Safari/537.36"
85.208.96.199 - - [13/Sep/2026:01:31:33 +0300] "GET /kategori/anadolu-evliyalari/afyon-evliyalari/ihsaniye-evliyalari/ HTTP/1.1" 404 796 "-" "Mozilla/5.0 (compatible; SemrushBot/7~bl; +http://www.semrush.com/bot.html)"
136.112.235.68 - - [13/Sep/2026:01:31:35 +0300] "GET /wp-content/uploads/2014/10/fikirli-sinan-3-scaled.jpg HTTP/2" 200 778328 "-" "Mozilla/5.0 AppleWebKit/537.36 (KHTML, like Gecko; compatible; Reflectionbot/1.0; +https://reflection.ai/bot) Chrome/151.0.0.0 Safari/537.36"
129.225.125.127 - - [13/Sep/2026:01:31:25 +0300] "POST /wp-login.php HTTP/1.1" 200 0 "https://evliyalar.net/wp-login.php" "Mozilla/5.0 (Macintosh; Intel Mac OS X 10_15_7) AppleWebKit/537.36 (KHTML, like Gecko) Chrome/92.0.4515.131 Safari/537.36"
129.225.125.127 - - [13/Sep/2026:01:31:40 +0300] "POST /wp-login.php HTTP/1.1" 200 0 "https://evliyalar.net/wp-login.php" "Mozilla/5.0 (Windows NT 10.0; Win64; x64) AppleWebKit/605.1.15 (KHTML, like Gecko) Version/14.1.1 Safari/605.1.15"
136.116.14.89 - - [13/Sep/2026:01:32:17 +0300] "GET /wp-content/uploads/2015/09/DSC01880.jpg HTTP/2" 200 1708537 "-" "Mozilla/5.0 AppleWebKit/537.36 (KHTML, like Gecko; compatible; Reflectionbot/1.0; +https://reflection.ai/bot) Chrome/151.0.0.0 Safari/537.36"
114.119.133.12 - - [13/Sep/2026:01:32:46 +0300] "GET /seyh-abdurrahman-tagi-k-s/seyh-abdurrahman-tagi-81 HTTP/1.1" 404 796 "https://www.evliyalar.net/seyh-abdurrahman-tagi-k-s/seyh-abdurrahman-tagi-81" "Mozilla/5.0 (Linux; Android 7.0;) AppleWebKit/537.36 (HTML, like Gecko) Mobile Safari/537.36 (compatible; PetalBot;+https://webmaster.petalsearch.com/site/petalbot)"
9.205.25.130 - - [13/Sep/2026:01:32:55 +0300] "GET /kategori/silsile/page/3/ HTTP/2" 404 796 "-" "Mozilla/5.0 AppleWebKit/537.36 (KHTML, like Gecko); compatible; ChatGPT-User/1.0; +https://openai.com/bot"
89.43.31.214 - - [13/Sep/2026:01:32:51 +0300] "POST /wp-cron.php?doing_wp_cron=1789252371.9265520572662353515625 HTTP/1.1" 200 0 "-" "WordPress/6.5.10; https://www.evliyalar.net"
129.225.125.127 - - [13/Sep/2026:01:32:49 +0300] "POST /wp-login.php HTTP/1.1" 200 3321 "https://evliyalar.net/wp-login.php" "Mozilla/5.0 (Windows NT 6.1; Win64; x64; rv:90.0) Gecko/20100101 Firefox/90.0.1"
129.225.125.127 - - [13/Sep/2026:01:32:52 +0300] "GET /wp-admin/index.php HTTP/1.1" 403 787 "https://evliyalar.net/wp-login.php" "Mozilla/5.0 (Windows NT 10.0; Win64; x64; rv:90.0) Gecko/20100101 Firefox/90.0.1"
129.225.125.127 - - [13/Sep/2026:01:32:52 +0300] "GET /wp-admin/index.php HTTP/1.1" 403 787 "https://evliyalar.net/wp-login.php" "Mozilla/5.0 (Windows NT 10.0; Win64; x64; rv:90.0) Gecko/20100101 Firefox/90.0.1"
129.225.125.127 - - [13/Sep/2026:01:32:52 +0300] "POST /wp-login.php HTTP/1.1" 200 3321 "https://evliyalar.net/wp-login.php" "Mozilla/5.0 (Macintosh; Intel Mac OS X 10_15_7; rv:93.0) Gecko/20100101 Firefox/93.0"
129.225.125.127 - - [13/Sep/2026:01:32:55 +0300] "GET /wp-admin/index.php HTTP/1.1" 403 787 "https://evliyalar.net/wp-login.php" "Mozilla/5.0 (Windows NT 10.0; Win64; x64; rv:91.0) Gecko/20100101 Firefox/91.0"
129.225.125.127 - - [13/Sep/2026:01:32:55 +0300] "GET /wp-admin/index.php HTTP/1.1" 403 787 "https://evliyalar.net/wp-login.php" "Mozilla/5.0 (Windows NT 10.0; Win64; x64; rv:91.0) Gecko/20100101 Firefox/91.0"
66.249.70.163 - - [13/Sep/2026:01:33:00 +0300] "GET /wp-content/uploads/2014/11/DSCF5028-scaled.jpg HTTP/1.1" 200 0 "-" "Googlebot-Image/1.0"
66.249.70.165 - - [13/Sep/2026:01:33:00 +0300] "GET /wp-content/uploads/2016/01/1350061744.jpg HTTP/1.1" 200 39724 "-" "Googlebot-Image/1.0"
129.225.125.127 - - [13/Sep/2026:01:32:56 +0300] "POST /wp-login.php HTTP/1.1" 200 3321 "https://evliyalar.net/wp-login.php" "Mozilla/5.0 (Windows NT 10.0; Win64; x64) AppleWebKit/605.1.15 (KHTML, like Gecko) Version/14.1.2 Safari/605.1.15"
129.225.125.127 - - [13/Sep/2026:01:33:01 +0300] "GET /wp-admin/index.php HTTP/1.1" 403 787 "https://evliyalar.net/wp-login.php" "Mozilla/5.0 (Macintosh; Intel Mac OS X 10_15_7) AppleWebKit/605.1.15 (KHTML, like Gecko) Version/14.1.1 Safari/605.1.15"
129.225.125.127 - - [13/Sep/2026:01:33:01 +0300] "GET /wp-admin/index.php HTTP/1.1" 403 787 "https://evliyalar.net/wp-login.php" "Mozilla/5.0 (Macintosh; Intel Mac OS X 10_15_7) AppleWebKit/605.1.15 (KHTML, like Gecko) Version/14.1.1 Safari/605.1.15"
40.77.167.2 - - [13/Sep/2026:01:33:02 +0300] "GET /wp-content/uploads/2016/11/IMG_8386.jpg HTTP/2" 200 300095 "-" "Mozilla/5.0 AppleWebKit/537.36 (KHTML, like Gecko; compatible; bingbot/2.0; +http://www.bing.com/bingbot.htm) Chrome/116.0.1938.76 Safari/537.36"
129.225.125.127 - - [13/Sep/2026:01:33:01 +0300] "POST /wp-login.php HTTP/1.1" 200 3321 "https://evliyalar.net/wp-login.php" "Mozilla/5.0 (Windows NT 6.1; Win64; x64; rv:91.0) Gecko/20100101 Firefox/91.0"
129.225.125.127 - - [13/Sep/2026:01:33:04 +0300] "GET /wp-admin/index.php HTTP/1.1" 403 787 "https://evliyalar.net/wp-login.php" "Mozilla/5.0 (Windows NT 10.0; Win64; x64) AppleWebKit/537.36 (KHTML, like Gecko) Chrome/93.0.4577.63 Safari/537.36"
129.225.125.127 - - [13/Sep/2026:01:33:05 +0300] "GET /wp-admin/index.php HTTP/1.1" 403 787 "https://evliyalar.net/wp-login.php" "Mozilla/5.0 (Windows NT 10.0; Win64; x64) AppleWebKit/537.36 (KHTML, like Gecko) Chrome/93.0.4577.63 Safari/537.36"
129.225.125.127 - - [13/Sep/2026:01:33:05 +0300] "POST /wp-login.php HTTP/1.1" 200 3321 "https://evliyalar.net/wp-login.php" "Mozilla/5.0 (Windows NT 10.0; Win64; x64) AppleWebKit/537.36 (KHTML, like Gecko) Chrome/90.0.4430.212 Safari/537.36"
129.225.125.127 - - [13/Sep/2026:01:33:09 +0300] "GET /wp-admin/index.php HTTP/1.1" 403 787 "https://evliyalar.net/wp-login.php" "Mozilla/5.0 (Windows NT 10.0; Win64; x64) AppleWebKit/605.1.15 (KHTML, like Gecko) Version/14.1.2 Safari/605.1.15"
129.225.125.127 - - [13/Sep/2026:01:33:09 +0300] "GET /wp-admin/index.php HTTP/1.1" 403 787 "https://evliyalar.net/wp-login.php" "Mozilla/5.0 (Windows NT 10.0; Win64; x64) AppleWebKit/605.1.15 (KHTML, like Gecko) Version/14.1.2 Safari/605.1.15"
52.167.144.21 - - [13/Sep/2026:01:33:07 +0300] "GET /?s=%D8%B3%D8%A7%D9%85%D9%8A+%D8%A7%D9%84%D8%AC%D8%A7%D8%A8%D8%B1 HTTP/2" 200 2027 "-" "Mozilla/5.0 AppleWebKit/537.36 (KHTML, like Gecko; compatible; bingbot/2.0; +http://www.bing.com/bingbot.htm) Chrome/116.0.1938.76 Safari/537.36"
129.225.125.127 - - [13/Sep/2026:01:33:10 +0300] "POST /wp-login.php HTTP/1.1" 200 3321 "https://evliyalar.net/wp-login.php" "Mozilla/5.0 (Macintosh; Intel Mac OS X 10_15_7) AppleWebKit/537.36 (KHTML, like Gecko) Chrome/94.0.4606.71 Safari/537.36"
129.225.125.127 - - [13/Sep/2026:01:33:16 +0300] "GET /wp-admin/index.php HTTP/1.1" 403 787 "https://evliyalar.net/wp-login.php" "Mozilla/5.0 (Windows NT 6.1; Win64; x64) AppleWebKit/537.36 (KHTML, like Gecko) Chrome/94.0.4606.71 Safari/537.36"
129.225.125.127 - - [13/Sep/2026:01:33:16 +0300] "GET /wp-admin/index.php HTTP/1.1" 403 787 "https://evliyalar.net/wp-login.php" "Mozilla/5.0 (Windows NT 6.1; Win64; x64) AppleWebKit/537.36 (KHTML, like Gecko) Chrome/94.0.4606.71 Safari/537.36"
129.225.125.127 - - [13/Sep/2026:01:33:16 +0300] "POST /wp-login.php HTTP/1.1" 200 3321 "https://evliyalar.net/wp-login.php" "Mozilla/5.0 (Windows NT 10.0; Win64; x64) AppleWebKit/605.1.15 (KHTML, like Gecko) Version/14.1 Safari/605.1.15"
129.225.125.127 - - [13/Sep/2026:01:33:21 +0300] "GET /wp-admin/index.php HTTP/1.1" 403 787 "https://evliyalar.net/wp-login.php" "Mozilla/5.0 (Macintosh; Intel Mac OS X 10_15_7) AppleWebKit/605.1.15 (KHTML, like Gecko) Version/14.1 Safari/605.1.15"
129.225.125.127 - - [13/Sep/2026:01:33:21 +0300] "GET /wp-admin/index.php HTTP/1.1" 403 787 "https://evliyalar.net/wp-login.php" "Mozilla/5.0 (Macintosh; Intel Mac OS X 10_15_7) AppleWebKit/605.1.15 (KHTML, like Gecko) Version/14.1 Safari/605.1.15"
66.249.70.163 - - [13/Sep/2026:01:33:23 +0300] "GET /wp-content/uploads/2015/03/Seyh-Muhammed-Tomani3.jpg HTTP/1.1" 200 81585 "-" "Googlebot-Image/1.0"
129.225.125.127 - - [13/Sep/2026:01:33:21 +0300] "POST /wp-login.php HTTP/1.1" 200 3321 "https://evliyalar.net/wp-login.php" "Mozilla/5.0 (Windows NT 10.0; Win64; x64; rv:92.0) Gecko/20100101 Firefox/92.0"
129.225.125.127 - - [13/Sep/2026:01:33:27 +0300] "GET /wp-admin/index.php HTTP/1.1" 403 787 "https://evliyalar.net/wp-login.php" "Mozilla/5.0 (Windows NT 10.0; Win64; x64) AppleWebKit/605.1.15 (KHTML, like Gecko) Version/14.1.1 Safari/605.1.15"
129.225.125.127 - - [13/Sep/2026:01:33:27 +0300] "GET /wp-admin/index.php HTTP/1.1" 403 787 "https://evliyalar.net/wp-login.php" "Mozilla/5.0 (Windows NT 10.0; Win64; x64) AppleWebKit/605.1.15 (KHTML, like Gecko) Version/14.1.1 Safari/605.1.15"
204.217.220.184 - - [13/Sep/2026:01:33:30 +0300] "GET /etiket/bostanci-haci-ali-babanin-halifesi HTTP/2" 404 796 "-" "Mozilla/5.0 (Macintosh; Intel Mac OS X 10_15_7) AppleWebKit/537.36 (KHTML, like Gecko) Chrome/142.0.0.0 Safari/537.36"
129.225.125.127 - - [13/Sep/2026:01:33:27 +0300] "POST /wp-login.php HTTP/1.1" 200 3321 "https://evliyalar.net/wp-login.php" "Mozilla/5.0 (Macintosh; Intel Mac OS X 10_15_7) AppleWebKit/605.1.15 (KHTML, like Gecko) Version/14.0.3 Safari/605.1.15"
129.225.125.127 - - [13/Sep/2026:01:33:31 +0300] "GET /wp-admin/index.php HTTP/1.1" 403 787 "https://evliyalar.net/wp-login.php" "Mozilla/5.0 (Macintosh; Intel Mac OS X 10_15_7) AppleWebKit/605.1.15 (KHTML, like Gecko) Version/14.1 Safari/605.1.15"
129.225.125.127 - - [13/Sep/2026:01:33:31 +0300] "GET /wp-admin/index.php HTTP/1.1" 403 787 "https://evliyalar.net/wp-login.php" "Mozilla/5.0 (Macintosh; Intel Mac OS X 10_15_7) AppleWebKit/605.1.15 (KHTML, like Gecko) Version/14.1 Safari/605.1.15"
24.133.196.90 - - [13/Sep/2026:01:33:34 +0300] "GET /favicon.ico HTTP/3" 404 796 "https://www.evliyalar.net/location/seyh-seyyid-muhammed-nuranik-s/" "Mozilla/5.0 (Linux; Android 9; GT-N8005 Build/PQ3A.190801.002) AppleWebKit/537.36 (KHTML, like Gecko) Version/4.0 Chrome/96.0.4664.104 Safari/537.36"
129.225.125.127 - - [13/Sep/2026:01:33:32 +0300] "POST /wp-login.php HTTP/1.1" 200 3321 "https://evliyalar.net/wp-login.php" "Mozilla/5.0 (Macintosh; Intel Mac OS X 10_15_7) AppleWebKit/537.36 (KHTML, like Gecko) Chrome/92.0.4515.131 Safari/537.36"
129.225.125.127 - - [13/Sep/2026:01:33:37 +0300] "GET /wp-admin/index.php HTTP/1.1" 403 787 "https://evliyalar.net/wp-login.php" "Mozilla/5.0 (X11; Linux x86_64) AppleWebKit/537.36 (KHTML, like Gecko) Chrome/93.0.4577.63 Safari/537.36"
129.225.125.127 - - [13/Sep/2026:01:33:37 +0300] "GET /wp-admin/index.php HTTP/1.1" 403 787 "https://evliyalar.net/wp-login.php" "Mozilla/5.0 (X11; Linux x86_64) AppleWebKit/537.36 (KHTML, like Gecko) Chrome/93.0.4577.63 Safari/537.36"
129.225.125.127 - - [13/Sep/2026:01:33:38 +0300] "POST /wp-login.php HTTP/1.1" 200 3321 "https://evliyalar.net/wp-login.php" "Mozilla/5.0 (Windows NT 10.0; Win64; x64) AppleWebKit/537.36 (KHTML, like Gecko) Chrome/92.0.4515.131 Safari/537.36"
129.225.125.127 - - [13/Sep/2026:01:33:46 +0300] "GET /wp-admin/index.php HTTP/1.1" 403 787 "https://evliyalar.net/wp-login.php" "Mozilla/5.0 (X11; Linux x86_64) AppleWebKit/537.36 (KHTML, like Gecko) Chrome/91.0.4472.124 Safari/537.36"
129.225.125.127 - - [13/Sep/2026:01:33:47 +0300] "GET /wp-admin/index.php HTTP/1.1" 403 787 "https://evliyalar.net/wp-login.php" "Mozilla/5.0 (X11; Linux x86_64) AppleWebKit/537.36 (KHTML, like Gecko) Chrome/91.0.4472.124 Safari/537.36"
129.225.125.127 - - [13/Sep/2026:01:33:47 +0300] "POST /wp-login.php HTTP/1.1" 200 3327 "https://evliyalar.net/wp-login.php" "Mozilla/5.0 (X11; Linux x86_64; rv:93.0) Gecko/20100101 Firefox/93.0"
129.225.125.127 - - [13/Sep/2026:01:33:53 +0300] "GET /wp-admin/index.php HTTP/1.1" 403 787 "https://evliyalar.net/wp-login.php" "Mozilla/5.0 (Windows NT 10.0; Win64; x64) AppleWebKit/605.1.15 (KHTML, like Gecko) Version/14.0.3 Safari/605.1.15"
129.225.125.127 - - [13/Sep/2026:01:33:53 +0300] "GET /wp-admin/index.php HTTP/1.1" 403 787 "https://evliyalar.net/wp-login.php" "Mozilla/5.0 (Windows NT 10.0; Win64; x64) AppleWebKit/605.1.15 (KHTML, like Gecko) Version/14.0.3 Safari/605.1.15"
104.200.66.41 - - [13/Sep/2026:01:33:54 +0300] "GET /etiket/bostanci-haci-ali-babanin-halifesi HTTP/2" 404 796 "-" "Mozilla/5.0 (Macintosh; Intel Mac OS X 10_15_7) AppleWebKit/537.36 (KHTML, like Gecko) Chrome/143.0.0.0 Safari/537.36"
129.225.125.127 - - [13/Sep/2026:01:33:53 +0300] "POST /wp-login.php HTTP/1.1" 200 3321 "https://evliyalar.net/wp-login.php" "Mozilla/5.0 (X11; Linux x86_64) AppleWebKit/537.36 (KHTML, like Gecko) Chrome/94.0.4606.71 Safari/537.36"
129.225.125.127 - - [13/Sep/2026:01:34:01 +0300] "GET /wp-admin/index.php HTTP/1.1" 403 787 "https://evliyalar.net/wp-login.php" "Mozilla/5.0 (Macintosh; Intel Mac OS X 10_15_7) AppleWebKit/605.1.15 (KHTML, like Gecko) Version/14.0.3 Safari/605.1.15"
129.225.125.127 - - [13/Sep/2026:01:34:01 +0300] "GET /wp-admin/index.php HTTP/1.1" 403 787 "https://evliyalar.net/wp-login.php" "Mozilla/5.0 (Macintosh; Intel Mac OS X 10_15_7) AppleWebKit/605.1.15 (KHTML, like Gecko) Version/14.0.3 Safari/605.1.15"
129.225.125.127 - - [13/Sep/2026:01:34:02 +0300] "POST /wp-login.php HTTP/1.1" 200 3321 "https://evliyalar.net/wp-login.php" "Mozilla/5.0 (Macintosh; Intel Mac OS X 10_15_7) AppleWebKit/605.1.15 (KHTML, like Gecko) Version/14.1 Safari/605.1.15"
129.225.125.127 - - [13/Sep/2026:01:34:07 +0300] "GET /wp-admin/index.php HTTP/1.1" 403 787 "https://evliyalar.net/wp-login.php" "Mozilla/5.0 (X11; Linux x86_64; rv:93.0) Gecko/20100101 Firefox/93.0"
129.225.125.127 - - [13/Sep/2026:01:34:07 +0300] "GET /wp-admin/index.php HTTP/1.1" 403 787 "https://evliyalar.net/wp-login.php" "Mozilla/5.0 (X11; Linux x86_64; rv:93.0) Gecko/20100101 Firefox/93.0"
129.225.125.127 - - [13/Sep/2026:01:34:08 +0300] "POST /wp-login.php HTTP/1.1" 200 3321 "https://evliyalar.net/wp-login.php" "Mozilla/5.0 (Windows NT 10.0; Win64; x64) AppleWebKit/605.1.15 (KHTML, like Gecko) Version/15.0 Safari/605.1.15"
129.225.125.127 - - [13/Sep/2026:01:34:17 +0300] "GET /wp-admin/index.php HTTP/1.1" 403 787 "https://evliyalar.net/wp-login.php" "Mozilla/5.0 (Windows NT 6.1; Win64; x64) AppleWebKit/537.36 (KHTML, like Gecko) Chrome/93.0.4577.63 Safari/537.36"
129.225.125.127 - - [13/Sep/2026:01:34:17 +0300] "GET /wp-admin/index.php HTTP/1.1" 403 787 "https://evliyalar.net/wp-login.php" "Mozilla/5.0 (Windows NT 6.1; Win64; x64) AppleWebKit/537.36 (KHTML, like Gecko) Chrome/93.0.4577.63 Safari/537.36"
66.249.70.164 - - [13/Sep/2026:01:34:20 +0300] "GET /kategori/anadolu-evliyalari/page/70/ HTTP/1.1" 404 796 "-" "Mozilla/5.0 (Linux; Android 6.0.1; Nexus 5X Build/MMB29P) AppleWebKit/537.36 (KHTML, like Gecko) Chrome/152.0.7977.82 Mobile Safari/537.36 (compatible; Googlebot/2.1; +http://www.google.com/bot.html)"
129.225.125.127 - - [13/Sep/2026:01:34:17 +0300] "POST /wp-login.php HTTP/1.1" 200 3321 "https://evliyalar.net/wp-login.php" "Mozilla/5.0 (Macintosh; Intel Mac OS X 10_15_7) AppleWebKit/605.1.15 (KHTML, like Gecko) Version/14.1 Safari/605.1.15"
129.225.125.127 - - [13/Sep/2026:01:34:23 +0300] "GET /wp-admin/index.php HTTP/1.1" 403 787 "https://evliyalar.net/wp-login.php" "Mozilla/5.0 (Windows NT 6.1; Win64; x64; rv:90.0) Gecko/20100101 Firefox/90.0.1"
129.225.125.127 - - [13/Sep/2026:01:34:23 +0300] "GET /wp-admin/index.php HTTP/1.1" 403 787 "https://evliyalar.net/wp-login.php" "Mozilla/5.0 (Windows NT 6.1; Win64; x64; rv:90.0) Gecko/20100101 Firefox/90.0.1"
129.225.125.127 - - [13/Sep/2026:01:34:23 +0300] "POST /wp-login.php HTTP/1.1" 200 3321 "https://evliyalar.net/wp-login.php" "Mozilla/5.0 (Macintosh; Intel Mac OS X 10_15_7; rv:89.0) Gecko/20100101 Firefox/89.0.2"
129.225.125.127 - - [13/Sep/2026:01:34:31 +0300] "GET /wp-admin/index.php HTTP/1.1" 403 787 "https://evliyalar.net/wp-login.php" "Mozilla/5.0 (Windows NT 10.0; Win64; x64; rv:90.0) Gecko/20100101 Firefox/90.0.1"
129.225.125.127 - - [13/Sep/2026:01:34:31 +0300] "GET /wp-admin/index.php HTTP/1.1" 403 787 "https://evliyalar.net/wp-login.php" "Mozilla/5.0 (Windows NT 10.0; Win64; x64; rv:90.0) Gecko/20100101 Firefox/90.0.1"
129.225.125.127 - - [13/Sep/2026:01:34:32 +0300] "POST /wp-login.php HTTP/1.1" 200 3321 "https://evliyalar.net/wp-login.php" "Mozilla/5.0 (Windows NT 10.0; Win64; x64) AppleWebKit/537.36 (KHTML, like Gecko) Chrome/91.0.4472.124 Safari/537.36"
129.225.125.127 - - [13/Sep/2026:01:34:37 +0300] "GET /wp-admin/index.php HTTP/1.1" 403 787 "https://evliyalar.net/wp-login.php" "Mozilla/5.0 (Macintosh; Intel Mac OS X 10_15_7) AppleWebKit/537.36 (KHTML, like Gecko) Chrome/93.0.4577.63 Safari/537.36"
129.225.125.127 - - [13/Sep/2026:01:34:38 +0300] "GET /wp-admin/index.php HTTP/1.1" 403 787 "https://evliyalar.net/wp-login.php" "Mozilla/5.0 (Macintosh; Intel Mac OS X 10_15_7) AppleWebKit/537.36 (KHTML, like Gecko) Chrome/93.0.4577.63 Safari/537.36"
129.225.125.127 - - [13/Sep/2026:01:34:38 +0300] "POST /wp-login.php HTTP/1.1" 200 3321 "https://evliyalar.net/wp-login.php" "Mozilla/5.0 (Windows NT 10.0; Win64; x64) AppleWebKit/605.1.15 (KHTML, like Gecko) Version/14.1 Safari/605.1.15"
129.225.125.127 - - [13/Sep/2026:01:34:47 +0300] "GET /wp-admin/index.php HTTP/1.1" 403 787 "https://evliyalar.net/wp-login.php" "Mozilla/5.0 (Windows NT 6.1; Win64; x64) AppleWebKit/537.36 (KHTML, like Gecko) Chrome/91.0.4472.124 Safari/537.36"
129.225.125.127 - - [13/Sep/2026:01:34:47 +0300] "GET /wp-admin/index.php HTTP/1.1" 403 787 "https://evliyalar.net/wp-login.php" "Mozilla/5.0 (Windows NT 6.1; Win64; x64) AppleWebKit/537.36 (KHTML, like Gecko) Chrome/91.0.4472.124 Safari/537.36"
129.225.125.127 - - [13/Sep/2026:01:34:47 +0300] "POST /wp-login.php HTTP/1.1" 200 3321 "https://evliyalar.net/wp-login.php" "Mozilla/5.0 (X11; Linux x86_64) AppleWebKit/537.36 (KHTML, like Gecko) Chrome/91.0.4472.124 Safari/537.36"
129.225.125.127 - - [13/Sep/2026:01:34:53 +0300] "GET /wp-admin/index.php HTTP/1.1" 403 787 "https://evliyalar.net/wp-login.php" "Mozilla/5.0 (Macintosh; Intel Mac OS X 10_15_7; rv:91.0) Gecko/20100101 Firefox/91.0"
129.225.125.127 - - [13/Sep/2026:01:34:53 +0300] "GET /wp-admin/index.php HTTP/1.1" 403 787 "https://evliyalar.net/wp-login.php" "Mozilla/5.0 (Macintosh; Intel Mac OS X 10_15_7; rv:91.0) Gecko/20100101 Firefox/91.0"
129.225.125.127 - - [13/Sep/2026:01:34:53 +0300] "POST /wp-login.php HTTP/1.1" 200 3321 "https://evliyalar.net/wp-login.php" "Mozilla/5.0 (Windows NT 6.1; Win64; x64) AppleWebKit/537.36 (KHTML, like Gecko) Chrome/93.0.4577.63 Safari/537.36"
129.225.125.127 - - [13/Sep/2026:01:35:02 +0300] "GET /wp-admin/index.php HTTP/1.1" 403 787 "https://evliyalar.net/wp-login.php" "Mozilla/5.0 (Macintosh; Intel Mac OS X 10_15_7) AppleWebKit/537.36 (KHTML, like Gecko) Chrome/90.0.4430.212 Safari/537.36"
129.225.125.127 - - [13/Sep/2026:01:35:02 +0300] "GET /wp-admin/index.php HTTP/1.1" 403 787 "https://evliyalar.net/wp-login.php" "Mozilla/5.0 (Macintosh; Intel Mac OS X 10_15_7) AppleWebKit/537.36 (KHTML, like Gecko) Chrome/90.0.4430.212 Safari/537.36"
66.249.70.164 - - [13/Sep/2026:01:35:03 +0300] "GET /wp-content/uploads/2014/12/DSCF5704.jpg HTTP/1.1" 200 0 "-" "Googlebot-Image/1.0"
52.167.144.25 - - [13/Sep/2026:01:35:07 +0300] "GET /wp-content/uploads/2015/04/%C3%87AR%C5%9EAMBA-10-1-100x70.jpg HTTP/2" 200 0 "-" "Mozilla/5.0 AppleWebKit/537.36 (KHTML, like Gecko; compatible; bingbot/2.0; +http://www.bing.com/bingbot.htm) Chrome/116.0.1938.76 Safari/537.36"
52.167.144.25 - - [13/Sep/2026:01:35:07 +0300] "GET /abdal-mehmed-bursa/ HTTP/2" 404 796 "-" "Mozilla/5.0 AppleWebKit/537.36 (KHTML, like Gecko; compatible; bingbot/2.0; +http://www.bing.com/bingbot.htm) Chrome/116.0.1938.76 Safari/537.36"
129.225.125.127 - - [13/Sep/2026:01:35:02 +0300] "POST /wp-login.php HTTP/1.1" 200 3321 "https://evliyalar.net/wp-login.php" "Mozilla/5.0 (Windows NT 6.1; Win64; x64) AppleWebKit/537.36 (KHTML, like Gecko) Chrome/90.0.4430.212 Safari/537.36"
129.225.125.127 - - [13/Sep/2026:01:35:08 +0300] "GET /wp-admin/index.php HTTP/1.1" 403 787 "https://evliyalar.net/wp-login.php" "Mozilla/5.0 (Windows NT 6.1; Win64; x64) AppleWebKit/537.36 (KHTML, like Gecko) Chrome/94.0.4606.71 Safari/537.36"
129.225.125.127 - - [13/Sep/2026:01:35:08 +0300] "GET /wp-admin/index.php HTTP/1.1" 403 787 "https://evliyalar.net/wp-login.php" "Mozilla/5.0 (Windows NT 6.1; Win64; x64) AppleWebKit/537.36 (KHTML, like Gecko) Chrome/94.0.4606.71 Safari/537.36"
3.224.215.150 - - [13/Sep/2026:01:35:12 +0300] "GET /wp-content/uploads/2022/11/Elekli-Baba6-768x491.jpg HTTP/1.1" 200 74896 "-" "Mozilla/5.0 AppleWebKit/537.36 (KHTML, like Gecko; compatible; Amazonbot/0.1; +https://developer.amazon.com/support/amazonbot) Chrome/119.0.6045.214 Safari/537.36"
89.43.31.214 - - [13/Sep/2026:01:35:16 +0300] "POST /wp-cron.php?doing_wp_cron=1789252516.7063241004943847656250 HTTP/1.1" 200 0 "-" "WordPress/6.5.10; https://www.evliyalar.net"
129.225.125.127 - - [13/Sep/2026:01:35:08 +0300] "POST /wp-login.php HTTP/1.1" 200 3321 "https://evliyalar.net/wp-login.php" "Mozilla/5.0 (Macintosh; Intel Mac OS X 10_15_7) AppleWebKit/605.1.15 (KHTML, like Gecko) Version/14.0.3 Safari/605.1.15"
129.225.125.127 - - [13/Sep/2026:01:35:16 +0300] "GET /wp-admin/index.php HTTP/1.1" 403 787 "https://evliyalar.net/wp-login.php" "Mozilla/5.0 (Windows NT 6.1; Win64; x64; rv:92.0) Gecko/20100101 Firefox/92.0"
129.225.125.127 - - [13/Sep/2026:01:35:17 +0300] "GET /wp-admin/index.php HTTP/1.1" 403 787 "https://evliyalar.net/wp-login.php" "Mozilla/5.0 (Windows NT 6.1; Win64; x64; rv:92.0) Gecko/20100101 Firefox/92.0"
129.225.125.127 - - [13/Sep/2026:01:35:17 +0300] "POST /wp-login.php HTTP/1.1" 200 3321 "https://evliyalar.net/wp-login.php" "Mozilla/5.0 (Windows NT 6.1; Win64; x64) AppleWebKit/537.36 (KHTML, like Gecko) Chrome/90.0.4430.212 Safari/537.36"
159.146.25.144 - - [13/Sep/2026:01:33:01 +0300] "GET /wp-content/uploads/2014/09/Seyh-Ali-Semerkandi-hz-2-is-ak.jpg HTTP/2" 200 197964 "-" "Mozilla/5.0 (Web0S; Linux/SmartTV) AppleWebKit/537.36 (KHTML, like Gecko) Chrome/87.0.4280.88 Safari/537.36 WebAppManager"
51.195.215.9 - - [13/Sep/2026:01:33:13 +0300] "GET /sekerci-halil-akkus-efendi/ HTTP/2" 404 796 "-" "Mozilla/5.0 (compatible; AhrefsBot/7.0; +http://ahrefs.com/robot/)"
78.180.48.169 - - [13/Sep/2026:01:33:15 +0300] "GET /wp-content/uploads/2014/10/uzun-evliya-2-scaled.jpg HTTP/2" 200 1012511 "https://www.google.com/" "Mozilla/5.0 (Linux; Android 16; SM-S931B Build/BP2A.250605.031.A3; wv) AppleWebKit/537.36 (KHTML, like Gecko) Version/4.0 Chrome/152.0.7977.87 Mobile Safari/537.36 GoogleApp/17.46.15.ve.arm64"
40.77.167.2 - - [13/Sep/2026:01:33:21 +0300] "GET /wp-content/uploads/2015/09/DSC01161.jpg HTTP/2" 200 1435825 "-" "Mozilla/5.0 AppleWebKit/537.36 (KHTML, like Gecko; compatible; bingbot/2.0; +http://www.bing.com/bingbot.htm) Chrome/116.0.1938.76 Safari/537.36"
54.159.18.27 - - [13/Sep/2026:01:33:32 +0300] "GET /wp-json/oembed/1.0/embed?format=xml&url=https://www.evliyalar.net/location/pehlivan-dede/ HTTP/1.1" 404 796 "-" "Mozilla/5.0 AppleWebKit/537.36 (KHTML, like Gecko; compatible; Amazonbot/0.1; +https://developer.amazon.com/support/amazonbot) Chrome/119.0.6045.214 Safari/537.36"
24.133.196.90 - - [13/Sep/2026:01:33:34 +0300] "GET /location/seyh-seyyid-muhammed-nuranik-s/ HTTP/2" 404 796 "https://www.google.com/" "Mozilla/5.0 (Linux; Android 9; GT-N8005 Build/PQ3A.190801.002) AppleWebKit/537.36 (KHTML, like Gecko) Version/4.0 Chrome/96.0.4664.104 Safari/537.36"
