Your IP : 216.73.216.28


Current Path : /home/evliyala/access-logs/
Upload File :
Current File : /home/evliyala/access-logs/evliyalar.net-ssl_log

40.77.167.32 - - [12/Sep/2026:23:33:26 +0300] "GET /wp-content/uploads/2017/01/14656337_1122587461192872_277128369194902856_n.jpg HTTP/2" 200 74204 "-" "Mozilla/5.0 AppleWebKit/537.36 (KHTML, like Gecko; compatible; bingbot/2.0; +http://www.bing.com/bingbot.htm) Chrome/116.0.1938.76 Safari/537.36"
66.249.70.163 - - [12/Sep/2026:23:33:49 +0300] "GET /?p=63271 HTTP/1.1" 200 2024 "-" "Mozilla/5.0 (Linux; Android 6.0.1; Nexus 5X Build/MMB29P) AppleWebKit/537.36 (KHTML, like Gecko) Chrome/152.0.7977.82 Mobile Safari/537.36 (compatible; Googlebot/2.1; +http://www.google.com/bot.html)"
74.7.242.137 - - [12/Sep/2026:23:33:49 +0300] "GET /kategori/silsile/silsile-i-aliyye/page/17/ HTTP/2" 404 796 "-" "Mozilla/5.0 (Macintosh; Intel Mac OS X 10_15_7) AppleWebKit/537.36 (KHTML, like Gecko) Chrome/131.0.0.0 Safari/537.36; compatible; OAI-SearchBot/1.4; +https://openai.com/searchbot"
213.186.147.191 - - [12/Sep/2026:23:33:53 +0300] "GET /kategori/anadolu-evliyalari/adana-evliyalari/ HTTP/3" 404 796 "https://www.google.com/" "Mozilla/5.0 (Linux; Android 10; K) AppleWebKit/537.36 (KHTML, like Gecko) Chrome/152.0.0.0 Mobile Safari/537.36"
66.249.70.163 - - [12/Sep/2026:23:33:54 +0300] "GET /?p=18003 HTTP/1.1" 200 2051 "-" "Mozilla/5.0 (Linux; Android 6.0.1; Nexus 5X Build/MMB29P) AppleWebKit/537.36 (KHTML, like Gecko) Chrome/152.0.7977.82 Mobile Safari/537.36 (compatible; Googlebot/2.1; +http://www.google.com/bot.html)"
65.55.210.180 - - [12/Sep/2026:23:33:55 +0300] "POST /cdn-cgi/rum? HTTP/2" 404 796 "https://www.evliyalar.net/?p=7305" "Mozilla/5.0 (Windows NT 10.0; Win64; x64) AppleWebKit/537.36 (KHTML, like Gecko) HeadlessChrome/146.0.7680.165 Safari/537.36"
66.249.70.163 - - [12/Sep/2026:23:33:57 +0300] "GET /?p=45753 HTTP/1.1" 200 2051 "-" "Mozilla/5.0 (Linux; Android 6.0.1; Nexus 5X Build/MMB29P) AppleWebKit/537.36 (KHTML, like Gecko) Chrome/152.0.7977.82 Mobile Safari/537.36 (compatible; Googlebot/2.1; +http://www.google.com/bot.html)"
40.77.167.32 - - [12/Sep/2026:23:34:04 +0300] "GET /?p=11699 HTTP/2" 200 2051 "https://www.evliyalar.net/?p=7305" "Mozilla/5.0 AppleWebKit/537.36 (KHTML, like Gecko; compatible; bingbot/2.0; +http://www.bing.com/bingbot.htm) Chrome/136.0.0.0 Safari/537.36 AppleWebKit/537.36 (KHTML, like Gecko; compatible; bingbot/2.0; +http://www.bing.com/bingbot.htm) Chrome/116.0.1938.76 Safari/537.36"
40.77.167.32 - - [12/Sep/2026:23:34:05 +0300] "GET /?p=61268 HTTP/2" 200 2051 "https://www.evliyalar.net/?p=7305" "Mozilla/5.0 AppleWebKit/537.36 (KHTML, like Gecko; compatible; bingbot/2.0; +http://www.bing.com/bingbot.htm) Chrome/136.0.0.0 Safari/537.36 AppleWebKit/537.36 (KHTML, like Gecko; compatible; bingbot/2.0; +http://www.bing.com/bingbot.htm) Chrome/116.0.1938.76 Safari/537.36"
66.249.70.165 - - [12/Sep/2026:23:34:06 +0300] "GET /_autoindex/assets/icons/file.svg HTTP/1.1" 200 354 "https://www.evliyalar.net/?p=18003" "Mozilla/5.0 (Linux; Android 6.0.1; Nexus 5X Build/MMB29P) AppleWebKit/537.36 (KHTML, like Gecko) Chrome/152.0.7977.82 Mobile Safari/537.36 (compatible; Googlebot/2.1; +http://www.google.com/bot.html)"
52.167.144.20 - - [12/Sep/2026:23:34:08 +0300] "GET /?p=29635 HTTP/2" 200 2051 "https://www.evliyalar.net/?p=7305" "Mozilla/5.0 AppleWebKit/537.36 (KHTML, like Gecko; compatible; bingbot/2.0; +http://www.bing.com/bingbot.htm) Chrome/136.0.0.0 Safari/537.36 AppleWebKit/537.36 (KHTML, like Gecko; compatible; bingbot/2.0; +http://www.bing.com/bingbot.htm) Chrome/116.0.1938.76 Safari/537.36"
52.167.144.20 - - [12/Sep/2026:23:34:09 +0300] "GET /?s=sandra+barty HTTP/2" 200 2024 "-" "Mozilla/5.0 AppleWebKit/537.36 (KHTML, like Gecko; compatible; bingbot/2.0; +http://www.bing.com/bingbot.htm) Chrome/116.0.1938.76 Safari/537.36"
52.167.144.20 - - [12/Sep/2026:23:34:09 +0300] "GET /wp-content/uploads/2023/01/Orta-Tekke-Turbesi1-768x522.jpg HTTP/2" 200 34472 "-" "Mozilla/5.0 AppleWebKit/537.36 (KHTML, like Gecko; compatible; bingbot/2.0; +http://www.bing.com/bingbot.htm) Chrome/116.0.1938.76 Safari/537.36"
52.167.144.20 - - [12/Sep/2026:23:34:10 +0300] "GET /?p=24224 HTTP/2" 200 2051 "https://www.evliyalar.net/?p=7305" "Mozilla/5.0 AppleWebKit/537.36 (KHTML, like Gecko; compatible; bingbot/2.0; +http://www.bing.com/bingbot.htm) Chrome/136.0.0.0 Safari/537.36 AppleWebKit/537.36 (KHTML, like Gecko; compatible; bingbot/2.0; +http://www.bing.com/bingbot.htm) Chrome/116.0.1938.76 Safari/537.36"
35.198.113.100 - - [12/Sep/2026:23:34:36 +0300] "GET /robots.txt HTTP/2" 200 77 "-" "LinkupBot/1.0 (LinkupBot for web indexing; https://linkup.so/bot; bot@linkup.so)"
35.198.113.100 - - [12/Sep/2026:23:34:36 +0300] "GET /kategori/silsile/silsile-i-kadiriyye/ HTTP/2" 404 796 "-" "LinkupBot/1.0 (LinkupBot for web indexing; https://linkup.so/bot; bot@linkup.so)"
35.198.113.100 - - [12/Sep/2026:23:34:39 +0300] "GET /yazihan-turbeleri/ HTTP/2" 404 796 "-" "LinkupBot/1.0 (LinkupBot for web indexing; https://linkup.so/bot; bot@linkup.so)"
35.198.113.100 - - [12/Sep/2026:23:34:40 +0300] "GET /kategori/anadolu-evliyalari/malatya-evliyalari/akcadag-evliyalari/ HTTP/2" 404 796 "-" "LinkupBot/1.0 (LinkupBot for web indexing; https://linkup.so/bot; bot@linkup.so)"
66.249.70.163 - - [12/Sep/2026:23:34:42 +0300] "GET /osman-dede-turbesi/ HTTP/1.1" 404 796 "-" "Mozilla/5.0 (Linux; Android 6.0.1; Nexus 5X Build/MMB29P) AppleWebKit/537.36 (KHTML, like Gecko) Chrome/152.0.7977.82 Mobile Safari/537.36 (compatible; Googlebot/2.1; +http://www.google.com/bot.html)"
35.198.113.100 - - [12/Sep/2026:23:34:46 +0300] "GET /pinarbasi-turbeleri/ HTTP/2" 404 796 "-" "LinkupBot/1.0 (LinkupBot for web indexing; https://linkup.so/bot; bot@linkup.so)"
35.198.113.100 - - [12/Sep/2026:23:34:47 +0300] "GET /sehit-veli-efendi-turbesi/ HTTP/2" 404 796 "-" "LinkupBot/1.0 (LinkupBot for web indexing; https://linkup.so/bot; bot@linkup.so)"
35.198.113.100 - - [12/Sep/2026:23:34:48 +0300] "GET /kategori/anadolu-evliyalari/canakkale-evliyalari/eceabat-evliyalari/ HTTP/2" 404 796 "-" "LinkupBot/1.0 (LinkupBot for web indexing; https://linkup.so/bot; bot@linkup.so)"
35.198.113.100 - - [12/Sep/2026:23:34:49 +0300] "GET /etiket/kilitbahir-evliyalari/ HTTP/2" 404 796 "-" "LinkupBot/1.0 (LinkupBot for web indexing; https://linkup.so/bot; bot@linkup.so)"
35.198.113.100 - - [12/Sep/2026:23:34:50 +0300] "GET /kategori/anadolu-evliyalari/malatya-evliyalari/ HTTP/2" 404 796 "-" "LinkupBot/1.0 (LinkupBot for web indexing; https://linkup.so/bot; bot@linkup.so)"
66.249.70.163 - - [12/Sep/2026:23:34:55 +0300] "GET /?p=68149 HTTP/1.1" 200 2051 "-" "Mozilla/5.0 (Linux; Android 6.0.1; Nexus 5X Build/MMB29P) AppleWebKit/537.36 (KHTML, like Gecko) Chrome/152.0.7977.82 Mobile Safari/537.36 (compatible; Googlebot/2.1; +http://www.google.com/bot.html)"
78.163.185.1 - - [12/Sep/2026:23:34:57 +0300] "GET /wp-content/uploads/2016/10/DSC02996.jpg HTTP/2" 200 400227 "https://www.google.com/" "Mozilla/5.0 (Linux; Android 12; M2003J15SC Build/SP1A.210812.016; wv) AppleWebKit/537.36 (KHTML, like Gecko) Version/4.0 Chrome/151.0.7922.199 Mobile Safari/537.36 GoogleApp/17.32.30.ve.arm64"
78.163.185.1 - - [12/Sep/2026:23:35:00 +0300] "GET /wp-content/uploads/2016/10/DSC02999.jpg HTTP/2" 200 396218 "https://www.google.com/" "Mozilla/5.0 (Linux; Android 12; M2003J15SC Build/SP1A.210812.016; wv) AppleWebKit/537.36 (KHTML, like Gecko) Version/4.0 Chrome/151.0.7922.199 Mobile Safari/537.36 GoogleApp/17.32.30.ve.arm64"
78.163.185.1 - - [12/Sep/2026:23:35:06 +0300] "GET /wp-content/uploads/2016/10/DSC03001.jpg HTTP/3" 200 244103 "https://www.google.com/" "Mozilla/5.0 (Linux; Android 12; M2003J15SC Build/SP1A.210812.016; wv) AppleWebKit/537.36 (KHTML, like Gecko) Version/4.0 Chrome/151.0.7922.199 Mobile Safari/537.36 GoogleApp/17.32.30.ve.arm64"
78.163.185.1 - - [12/Sep/2026:23:35:08 +0300] "GET /wp-content/uploads/2016/10/DSC02997.jpg HTTP/3" 200 330534 "https://www.google.com/" "Mozilla/5.0 (Linux; Android 12; M2003J15SC Build/SP1A.210812.016; wv) AppleWebKit/537.36 (KHTML, like Gecko) Version/4.0 Chrome/151.0.7922.199 Mobile Safari/537.36 GoogleApp/17.32.30.ve.arm64"
78.163.185.1 - - [12/Sep/2026:23:35:11 +0300] "GET /wp-content/uploads/2016/10/DSC03002.jpg HTTP/3" 200 160151 "https://www.google.com/" "Mozilla/5.0 (Linux; Android 12; M2003J15SC Build/SP1A.210812.016; wv) AppleWebKit/537.36 (KHTML, like Gecko) Version/4.0 Chrome/151.0.7922.199 Mobile Safari/537.36 GoogleApp/17.32.30.ve.arm64"
213.186.147.191 - - [12/Sep/2026:23:33:49 +0300] "GET /wp-content/uploads/2024/05/Hasan-Dede-Turbesi-Adana.jpg HTTP/3" 200 178152 "https://www.google.com/" "Mozilla/5.0 (Linux; Android 13; 22101316I Build/TP1A.220624.014; wv) AppleWebKit/537.36 (KHTML, like Gecko) Version/4.0 Chrome/151.0.7922.199 Mobile Safari/537.36 GoogleApp/17.56.15.ve.arm64"
136.115.29.49 - - [12/Sep/2026:23:33:49 +0300] "GET /wp-content/uploads/2015/07/Seyh-Muhammed-Medeni6-scaled.jpg HTTP/2" 200 960144 "-" "Mozilla/5.0 AppleWebKit/537.36 (KHTML, like Gecko; compatible; Reflectionbot/1.0; +https://reflection.ai/bot) Chrome/151.0.0.0 Safari/537.36"
40.77.167.42 - - [12/Sep/2026:23:34:14 +0300] "GET /?p=59266 HTTP/2" 200 2024 "https://www.evliyalar.net/?p=7305" "Mozilla/5.0 AppleWebKit/537.36 (KHTML, like Gecko; compatible; bingbot/2.0; +http://www.bing.com/bingbot.htm) Chrome/136.0.0.0 Safari/537.36 AppleWebKit/537.36 (KHTML, like Gecko; compatible; bingbot/2.0; +http://www.bing.com/bingbot.htm) Chrome/116.0.1938.76 Safari/537.36"
66.249.70.164 - - [12/Sep/2026:23:34:18 +0300] "GET /?p=57858 HTTP/1.1" 200 2051 "-" "Mozilla/5.0 (Linux; Android 6.0.1; Nexus 5X Build/MMB29P) AppleWebKit/537.36 (KHTML, like Gecko) Chrome/152.0.7977.82 Mobile Safari/537.36 (compatible; Googlebot/2.1; +http://www.google.com/bot.html)"
77.88.47.28 - - [12/Sep/2026:23:34:24 +0300] "GET /kategori/anadolu-evliyalari/antalya-evliyalari/?filter_by=featured HTTP/1.1" 404 796 "-" "Mozilla/5.0 (compatible; YandexBot/3.0; +http://yandex.com/bots) AppleWebKit/537.36 (KHTML, like Gecko) Chrome/108.0.0.0"
52.167.144.20 - - [12/Sep/2026:23:34:26 +0300] "GET /wp-content/uploads/2020/04/H%C3%BCseyin-Gazi-1-300x225.jpg HTTP/2" 200 8244 "-" "Mozilla/5.0 AppleWebKit/537.36 (KHTML, like Gecko; compatible; bingbot/2.0; +http://www.bing.com/bingbot.htm) Chrome/116.0.1938.76 Safari/537.36"
162.120.187.46 - - [12/Sep/2026:23:35:23 +0300] "GET /ankara-evliyalari/ HTTP/2" 404 796 "https://www.google.com/" "Mozilla/5.0 (Linux; Android 10; K) AppleWebKit/537.36 (KHTML, like Gecko) Chrome/151.0.0.0 Mobile Safari/537.36"
40.77.167.32 - - [12/Sep/2026:23:35:26 +0300] "GET /wp-content/uploads/2022/03/Sadi-Tekkesi1-1536x974.jpg HTTP/2" 200 163905 "-" "Mozilla/5.0 AppleWebKit/537.36 (KHTML, like Gecko; compatible; bingbot/2.0; +http://www.bing.com/bingbot.htm) Chrome/116.0.1938.76 Safari/537.36"
40.77.167.32 - - [12/Sep/2026:23:35:27 +0300] "GET /?p=35623 HTTP/2" 200 2024 "-" "Mozilla/5.0 AppleWebKit/537.36 (KHTML, like Gecko; compatible; bingbot/2.0; +http://www.bing.com/bingbot.htm) Chrome/116.0.1938.76 Safari/537.36"
193.186.4.38 - - [12/Sep/2026:23:35:30 +0300] "GET /abali-seyh-buyuk-haci-isa-efendi/ HTTP/2" 404 796 "https://www.google.com/" "Mozilla/5.0 (Linux; Android 10; K) AppleWebKit/537.36 (KHTML, like Gecko) Chrome/152.0.0.0 Mobile Safari/537.36"
52.167.144.20 - - [12/Sep/2026:23:35:30 +0300] "GET /?p=23202 HTTP/2" 200 2051 "-" "Mozilla/5.0 AppleWebKit/537.36 (KHTML, like Gecko; compatible; bingbot/2.0; +http://www.bing.com/bingbot.htm) Chrome/116.0.1938.76 Safari/537.36"
40.77.167.42 - - [12/Sep/2026:23:35:36 +0300] "GET /wp-content/uploads/2020/03/Hz.-%C5%9Euayb-a.s.--768x380.jpg HTTP/2" 200 18160 "-" "Mozilla/5.0 AppleWebKit/537.36 (KHTML, like Gecko; compatible; bingbot/2.0; +http://www.bing.com/bingbot.htm) Chrome/116.0.1938.76 Safari/537.36"
52.167.144.20 - - [12/Sep/2026:23:35:40 +0300] "GET /?p=3367 HTTP/2" 200 2024 "-" "Mozilla/5.0 AppleWebKit/537.36 (KHTML, like Gecko; compatible; bingbot/2.0; +http://www.bing.com/bingbot.htm) Chrome/116.0.1938.76 Safari/537.36"
12.200.110.90 - - [12/Sep/2026:23:35:57 +0300] "GET /wp-content/uploads/2015/10/DSC02209-1078x516.jpg HTTP/1.1" 200 161459 "-" "t2i-data-curation/1.0 (research dataset ingest; contact: ximensun) requests"
40.77.167.42 - - [12/Sep/2026:23:36:05 +0300] "GET /wp-content/uploads/2016/10/IMG_4374.jpg HTTP/2" 200 257362 "-" "Mozilla/5.0 AppleWebKit/537.36 (KHTML, like Gecko; compatible; bingbot/2.0; +http://www.bing.com/bingbot.htm) Chrome/116.0.1938.76 Safari/537.36"
66.249.70.164 - - [12/Sep/2026:23:36:07 +0300] "GET /?p=48663 HTTP/1.1" 200 2051 "-" "Mozilla/5.0 (Linux; Android 6.0.1; Nexus 5X Build/MMB29P) AppleWebKit/537.36 (KHTML, like Gecko) Chrome/152.0.7977.82 Mobile Safari/537.36 (compatible; Googlebot/2.1; +http://www.google.com/bot.html)"
66.249.70.164 - - [12/Sep/2026:23:36:10 +0300] "GET /?p=13509 HTTP/1.1" 200 2051 "-" "Mozilla/5.0 (Linux; Android 6.0.1; Nexus 5X Build/MMB29P) AppleWebKit/537.36 (KHTML, like Gecko) Chrome/152.0.7977.82 Mobile Safari/537.36 (compatible; Googlebot/2.1; +http://www.google.com/bot.html)"
77.88.47.28 - - [12/Sep/2026:23:36:12 +0300] "GET /wp-content/uploads/2014/10/muhammed-hasani-2-315x420.jpg HTTP/2" 200 0 "-" "Mozilla/5.0 (compatible; YandexBot/3.0; +http://yandex.com/bots)"
40.77.167.32 - - [12/Sep/2026:23:36:12 +0300] "GET /etiket/seyh-ahmet-efendi/ HTTP/2" 404 796 "-" "Mozilla/5.0 AppleWebKit/537.36 (KHTML, like Gecko; compatible; bingbot/2.0; +http://www.bing.com/bingbot.htm) Chrome/116.0.1938.76 Safari/537.36"
40.77.167.32 - - [12/Sep/2026:23:36:13 +0300] "GET /?p=47201 HTTP/2" 200 2051 "-" "Mozilla/5.0 AppleWebKit/537.36 (KHTML, like Gecko; compatible; bingbot/2.0; +http://www.bing.com/bingbot.htm) Chrome/116.0.1938.76 Safari/537.36"
162.120.187.95 - - [12/Sep/2026:23:36:13 +0300] "GET /kategori/anadolu-evliyalari/canakkale-evliyalari/gelibolu-evliyalari/ HTTP/2" 404 796 "https://www.google.com/" "Mozilla/5.0 (Linux; Android 10; K) AppleWebKit/537.36 (KHTML, like Gecko) Chrome/152.0.0.0 Mobile Safari/537.36"
40.77.167.32 - - [12/Sep/2026:23:36:14 +0300] "GET /?p=19088 HTTP/2" 200 2051 "-" "Mozilla/5.0 AppleWebKit/537.36 (KHTML, like Gecko; compatible; bingbot/2.0; +http://www.bing.com/bingbot.htm) Chrome/116.0.1938.76 Safari/537.36"
40.77.167.32 - - [12/Sep/2026:23:36:14 +0300] "GET /?p=24452 HTTP/2" 200 2051 "-" "Mozilla/5.0 AppleWebKit/537.36 (KHTML, like Gecko; compatible; bingbot/2.0; +http://www.bing.com/bingbot.htm) Chrome/116.0.1938.76 Safari/537.36"
40.77.167.32 - - [12/Sep/2026:23:36:14 +0300] "GET /?p=17384 HTTP/2" 200 2051 "-" "Mozilla/5.0 AppleWebKit/537.36 (KHTML, like Gecko; compatible; bingbot/2.0; +http://www.bing.com/bingbot.htm) Chrome/116.0.1938.76 Safari/537.36"
40.77.167.32 - - [12/Sep/2026:23:36:14 +0300] "GET /?p=29497 HTTP/2" 200 2051 "-" "Mozilla/5.0 AppleWebKit/537.36 (KHTML, like Gecko; compatible; bingbot/2.0; +http://www.bing.com/bingbot.htm) Chrome/116.0.1938.76 Safari/537.36"
176.233.65.213 - - [12/Sep/2026:23:36:15 +0300] "GET /kategori/anadolu-evliyalari/canakkale-evliyalari/gelibolu-evliyalari/ HTTP/2" 404 796 "https://www.google.com/" "Mozilla/5.0 (Linux; Android 10; K) AppleWebKit/537.36 (KHTML, like Gecko) Chrome/152.0.0.0 Mobile Safari/537.36"
176.233.65.213 - - [12/Sep/2026:23:36:15 +0300] "GET /favicon.ico HTTP/2" 404 796 "https://www.evliyalar.net/kategori/anadolu-evliyalari/canakkale-evliyalari/gelibolu-evliyalari/" "Mozilla/5.0 (Linux; Android 10; K) AppleWebKit/537.36 (KHTML, like Gecko) Chrome/152.0.0.0 Mobile Safari/537.36"
195.155.170.10 - - [12/Sep/2026:23:36:17 +0300] "GET /ankara-evliyalari/ HTTP/2" 404 796 "https://www.google.com/" "Mozilla/5.0 (Linux; Android 10; K) AppleWebKit/537.36 (KHTML, like Gecko) Chrome/151.0.0.0 Mobile Safari/537.36"
195.155.170.10 - - [12/Sep/2026:23:36:17 +0300] "GET /favicon.ico HTTP/2" 404 796 "https://www.evliyalar.net/ankara-evliyalari/" "Mozilla/5.0 (Linux; Android 10; K) AppleWebKit/537.36 (KHTML, like Gecko) Chrome/151.0.0.0 Mobile Safari/537.36"
72.14.201.37 - - [12/Sep/2026:23:36:20 +0300] "GET /kategori/anadolu-evliyalari/canakkale-evliyalari/gelibolu-evliyalari/ HTTP/2" 404 796 "https://www.google.com/" "Mozilla/5.0 (Linux; Android 10; K) AppleWebKit/537.36 (KHTML, like Gecko) Chrome/152.0.0.0 Mobile Safari/537.36"
40.77.167.42 - - [12/Sep/2026:23:36:22 +0300] "GET /?p=56542 HTTP/2" 200 2051 "-" "Mozilla/5.0 AppleWebKit/537.36 (KHTML, like Gecko; compatible; bingbot/2.0; +http://www.bing.com/bingbot.htm) Chrome/116.0.1938.76 Safari/537.36"
66.249.70.163 - - [12/Sep/2026:23:35:23 +0300] "GET /?p=77375 HTTP/1.1" 200 2051 "-" "Mozilla/5.0 (Linux; Android 6.0.1; Nexus 5X Build/MMB29P) AppleWebKit/537.36 (KHTML, like Gecko) Chrome/152.0.7977.82 Mobile Safari/537.36 (compatible; Googlebot/2.1; +http://www.google.com/bot.html)"
162.120.188.174 - - [12/Sep/2026:23:35:30 +0300] "GET /etiket/muhammed-nurullah-seyda-hazretlerinin-silsilesi/ HTTP/2" 404 796 "https://www.google.com/" "Mozilla/5.0 (Windows NT 10.0; Win64; x64) AppleWebKit/537.36 (KHTML, like Gecko) Chrome/152.0.0.0 Safari/537.36"
77.88.47.21 - - [12/Sep/2026:23:35:43 +0300] "GET /etiket/kefce-dede-turbesine-nasil-gidilir/ HTTP/1.1" 404 796 "-" "Mozilla/5.0 (compatible; YandexBot/3.0; +http://yandex.com/bots) AppleWebKit/537.36 (KHTML, like Gecko) Chrome/108.0.0.0"
198.244.183.160 - - [12/Sep/2026:23:35:45 +0300] "GET /kategori/iran-evliyalari/harakan-evliyalari/ HTTP/2" 404 796 "-" "Mozilla/5.0 (compatible; AhrefsBot/7.0; +http://ahrefs.com/robot/)"
66.249.70.165 - - [12/Sep/2026:23:36:00 +0300] "GET /?p=70625 HTTP/1.1" 200 2051 "-" "Mozilla/5.0 (Linux; Android 6.0.1; Nexus 5X Build/MMB29P) AppleWebKit/537.36 (KHTML, like Gecko) Chrome/152.0.7977.82 Mobile Safari/537.36 (compatible; Googlebot/2.1; +http://www.google.com/bot.html)"
77.88.47.8 - - [12/Sep/2026:23:36:11 +0300] "GET /wp-content/uploads/2014/10/muhammed-hasani-2-315x420.jpg HTTP/2" 200 0 "-" "Mozilla/5.0 (compatible; YandexImages/3.0; +http://yandex.com/bots)"
74.7.242.137 - - [12/Sep/2026:23:36:14 +0300] "GET /location/evliyaullah-bingazi-turbesi/ HTTP/2" 404 796 "-" "Mozilla/5.0 (Macintosh; Intel Mac OS X 10_15_7) AppleWebKit/537.36 (KHTML, like Gecko) Chrome/131.0.0.0 Safari/537.36; compatible; OAI-SearchBot/1.4; +https://openai.com/searchbot"
52.167.144.20 - - [12/Sep/2026:23:36:16 +0300] "GET /?p=50087 HTTP/2" 200 2051 "-" "Mozilla/5.0 AppleWebKit/537.36 (KHTML, like Gecko; compatible; bingbot/2.0; +http://www.bing.com/bingbot.htm) Chrome/116.0.1938.76 Safari/537.36"
52.167.144.20 - - [12/Sep/2026:23:36:17 +0300] "GET /?p=50743 HTTP/2" 200 2051 "-" "Mozilla/5.0 AppleWebKit/537.36 (KHTML, like Gecko; compatible; bingbot/2.0; +http://www.bing.com/bingbot.htm) Chrome/116.0.1938.76 Safari/537.36"
66.249.70.163 - - [12/Sep/2026:23:36:23 +0300] "GET /etiket/gelibolu-evliyalari/ HTTP/1.1" 404 796 "-" "Mozilla/5.0 (Linux; Android 6.0.1; Nexus 5X Build/MMB29P) AppleWebKit/537.36 (KHTML, like Gecko) Chrome/152.0.7977.82 Mobile Safari/537.36 (compatible; Googlebot/2.1; +http://www.google.com/bot.html)"
222.252.4.126 - - [12/Sep/2026:23:36:23 +0300] "GET /wp-login.php HTTP/2" 200 2962 "-" "Mozilla/5.0 (Windows NT 10.0; Win64; x64) AppleWebKit/537.36 (KHTML, like Gecko) Chrome/151.0.0.0 Safari/537.36"
222.252.4.126 - - [12/Sep/2026:23:36:24 +0300] "POST /wp-login.php HTTP/2" 200 3072 "https://www.evliyalar.net/wp-login.php" "Mozilla/5.0 (Windows NT 10.0; Win64; x64) AppleWebKit/537.36 (KHTML, like Gecko) Chrome/151.0.0.0 Safari/537.36"
89.43.31.214 - - [12/Sep/2026:23:36:26 +0300] "GET /etiket/yerkoy-evliyalari/ HTTP/1.1" 404 796 "-" "WP Rocket/Preload"
89.43.31.214 - - [12/Sep/2026:23:36:28 +0300] "GET /etiket/bektas-baba/ HTTP/1.1" 404 796 "-" "WP Rocket/Preload"
89.43.31.214 - - [12/Sep/2026:23:36:28 +0300] "GET /etiket/seyh-abdurrahman/ HTTP/1.1" 404 796 "-" "WP Rocket/Preload"
89.43.31.214 - - [12/Sep/2026:23:36:31 +0300] "GET /kategori/silsile/silsile-i-aliyye/sislile-i-tavili/ HTTP/1.1" 404 796 "-" "WP Rocket/Preload"
89.43.31.214 - - [12/Sep/2026:23:36:32 +0300] "GET /kategori/yollar/naksibendiyye/hulusi-efendi-kolu/page/3/ HTTP/1.1" 404 796 "-" "WP Rocket/Preload"
89.43.31.214 - - [12/Sep/2026:23:36:32 +0300] "GET /kategori/yollar/naksibendiyye/arinci-kolu/ HTTP/1.1" 404 796 "-" "WP Rocket/Preload"
89.43.31.214 - - [12/Sep/2026:23:36:33 +0300] "GET /kategori/irak-evliyalari/ HTTP/1.1" 404 796 "-" "WP Rocket/Preload"
89.43.31.214 - - [12/Sep/2026:23:36:34 +0300] "GET /kategori/kosova-evliyalari/cakova-evliyalari/ HTTP/1.1" 404 796 "-" "WP Rocket/Preload"
40.77.167.42 - - [12/Sep/2026:23:36:22 +0300] "GET /?p=63479 HTTP/2" 200 2051 "-" "Mozilla/5.0 AppleWebKit/537.36 (KHTML, like Gecko; compatible; bingbot/2.0; +http://www.bing.com/bingbot.htm) Chrome/116.0.1938.76 Safari/537.36"
40.77.167.42 - - [12/Sep/2026:23:36:22 +0300] "GET /?p=30304 HTTP/2" 200 2051 "-" "Mozilla/5.0 AppleWebKit/537.36 (KHTML, like Gecko; compatible; bingbot/2.0; +http://www.bing.com/bingbot.htm) Chrome/116.0.1938.76 Safari/537.36"
40.77.167.42 - - [12/Sep/2026:23:36:23 +0300] "GET /?p=68301 HTTP/2" 200 2051 "-" "Mozilla/5.0 AppleWebKit/537.36 (KHTML, like Gecko; compatible; bingbot/2.0; +http://www.bing.com/bingbot.htm) Chrome/116.0.1938.76 Safari/537.36"
40.77.167.42 - - [12/Sep/2026:23:36:23 +0300] "GET /?p=21873 HTTP/2" 200 2051 "-" "Mozilla/5.0 AppleWebKit/537.36 (KHTML, like Gecko; compatible; bingbot/2.0; +http://www.bing.com/bingbot.htm) Chrome/116.0.1938.76 Safari/537.36"
89.43.31.214 - - [12/Sep/2026:23:36:24 +0300] "POST /wp-cron.php?doing_wp_cron=1789245384.4574699401855468750000 HTTP/1.1" 200 0 "-" "WordPress/6.5.10; https://www.evliyalar.net"
89.43.31.214 - - [12/Sep/2026:23:36:25 +0300] "GET /etiket/seyh-nazim-kibrisi/ HTTP/1.1" 404 796 "-" "WP Rocket/Preload"
89.43.31.214 - - [12/Sep/2026:23:36:25 +0300] "GET /etiket/aktimur/ HTTP/1.1" 404 796 "-" "WP Rocket/Preload"
89.43.31.214 - - [12/Sep/2026:23:36:26 +0300] "GET /etiket/misir-evliyalari/ HTTP/1.1" 404 796 "-" "WP Rocket/Preload"
89.43.31.214 - - [12/Sep/2026:23:36:27 +0300] "GET /etiket/seyh-omer-fuadi/ HTTP/1.1" 404 796 "-" "WP Rocket/Preload"
89.43.31.214 - - [12/Sep/2026:23:36:29 +0300] "GET /kategori/anadolu-evliyalari/izmir-evliyalari/urla/ HTTP/1.1" 404 796 "-" "WP Rocket/Preload"
89.43.31.214 - - [12/Sep/2026:23:36:29 +0300] "GET /kategori/anadolu-evliyalari/bingol-evliyalari/page/2/ HTTP/1.1" 404 796 "-" "WP Rocket/Preload"
89.43.31.214 - - [12/Sep/2026:23:36:30 +0300] "GET /kategori/anadolu-evliyalari/karaman-evliyalari/ermenek-evliyalari/ HTTP/1.1" 404 796 "-" "WP Rocket/Preload"
89.43.31.214 - - [12/Sep/2026:23:36:30 +0300] "GET /kategori/silsile/page/13/ HTTP/1.1" 404 796 "-" "WP Rocket/Preload"
89.43.31.214 - - [12/Sep/2026:23:36:31 +0300] "GET /kategori/sahabeler/irak-sahabeleri-sahabeler/ HTTP/1.1" 404 796 "-" "WP Rocket/Preload"
40.77.167.42 - - [12/Sep/2026:23:36:32 +0300] "GET /seyh-fethullah-efendi/ HTTP/2" 404 796 "-" "Mozilla/5.0 AppleWebKit/537.36 (KHTML, like Gecko; compatible; bingbot/2.0; +http://www.bing.com/bingbot.htm) Chrome/136.0.0.0 Safari/537.36 AppleWebKit/537.36 (KHTML, like Gecko; compatible; bingbot/2.0; +http://www.bing.com/bingbot.htm) Chrome/116.0.1938.76 Safari/537.36"
89.43.31.214 - - [12/Sep/2026:23:36:33 +0300] "GET /kategori/istanbul-evliyalari/fatih-evliyalari/ HTTP/1.1" 404 796 "-" "WP Rocket/Preload"
89.43.31.214 - - [12/Sep/2026:23:36:34 +0300] "GET /kategori/dunya/urdun-evliyalari/page/2/ HTTP/1.1" 404 796 "-" "WP Rocket/Preload"
89.43.31.214 - - [12/Sep/2026:23:36:37 +0300] "GET /sarialan-turbesi/ HTTP/1.1" 404 796 "-" "WP Rocket/Preload"
52.167.144.20 - - [12/Sep/2026:23:36:38 +0300] "GET /wp-content/uploads/2017/01/IMG_3460.jpg HTTP/2" 200 646734 "-" "Mozilla/5.0 AppleWebKit/537.36 (KHTML, like Gecko; compatible; bingbot/2.0; +http://www.bing.com/bingbot.htm) Chrome/116.0.1938.76 Safari/537.36"
66.249.70.164 - - [12/Sep/2026:23:37:10 +0300] "GET /?p=22548 HTTP/1.1" 200 2055 "-" "Mozilla/5.0 (Linux; Android 6.0.1; Nexus 5X Build/MMB29P) AppleWebKit/537.36 (KHTML, like Gecko) Chrome/152.0.7977.82 Mobile Safari/537.36 (compatible; Googlebot/2.1; +http://www.google.com/bot.html)"
66.249.70.164 - - [12/Sep/2026:23:37:27 +0300] "GET /?p=66088 HTTP/1.1" 200 2029 "-" "Mozilla/5.0 (Linux; Android 6.0.1; Nexus 5X Build/MMB29P) AppleWebKit/537.36 (KHTML, like Gecko) Chrome/152.0.7977.82 Mobile Safari/537.36 (compatible; Googlebot/2.1; +http://www.google.com/bot.html)"
89.43.31.214 - - [12/Sep/2026:23:36:35 +0300] "GET /kategori/turbeler/malatya-turbeleri/ HTTP/1.1" 404 796 "-" "WP Rocket/Preload"
89.43.31.214 - - [12/Sep/2026:23:36:35 +0300] "GET /hz-safvan-b-muattal-r-a-adiyaman/ HTTP/1.1" 404 796 "-" "WP Rocket/Preload"
89.43.31.214 - - [12/Sep/2026:23:36:36 +0300] "GET /gazi-gunduzalp/ HTTP/1.1" 404 796 "-" "WP Rocket/Preload"
89.43.31.214 - - [12/Sep/2026:23:36:37 +0300] "GET /mirati-dede-turbesi/ HTTP/1.1" 404 796 "-" "WP Rocket/Preload"
199.30.25.249 - - [12/Sep/2026:23:36:42 +0300] "GET /seyh-fethullah-efendi/ HTTP/2" 404 796 "-" "Mozilla/5.0 AppleWebKit/537.36 (KHTML, like Gecko; compatible; bingbot/2.0; +http://www.bing.com/bingbot.htm) Chrome/136.0.0.0 Safari/537.36"
66.249.70.163 - - [12/Sep/2026:23:36:48 +0300] "GET /?p=71186 HTTP/1.1" 200 2055 "-" "Mozilla/5.0 (Linux; Android 6.0.1; Nexus 5X Build/MMB29P) AppleWebKit/537.36 (KHTML, like Gecko) Chrome/152.0.7977.82 Mobile Safari/537.36 (compatible; Googlebot/2.1; +http://www.google.com/bot.html)"
77.88.47.30 - - [12/Sep/2026:23:36:49 +0300] "GET /tosyali-seyh-haci-mehmet-efendi/abdulgafur-efendi-1/ HTTP/1.1" 404 796 "-" "Mozilla/5.0 (compatible; YandexBot/3.0; +http://yandex.com/bots) AppleWebKit/537.36 (KHTML, like Gecko) Chrome/108.0.0.0"
66.249.70.163 - - [12/Sep/2026:23:36:49 +0300] "GET /assetsv3/img/logo-team/ligue1.png HTTP/1.1" 404 796 "-" "Googlebot-Image/1.0"
40.77.167.42 - - [12/Sep/2026:23:37:23 +0300] "GET /wp-content/uploads/2017/01/IMG_2709-768x512.jpg HTTP/2" 200 69412 "-" "Mozilla/5.0 AppleWebKit/537.36 (KHTML, like Gecko; compatible; bingbot/2.0; +http://www.bing.com/bingbot.htm) Chrome/116.0.1938.76 Safari/537.36"
35.89.49.254 - - [12/Sep/2026:23:37:59 +0300] "GET /data:image/svg+xml,%3Csvg%20xmlns='http://www.w3.org/2000/svg'%20viewBox='0%200%20127%20170'%3E%3C/svg%3E HTTP/2" 404 796 "-" "Mozilla/5.0 (Windows NT 10.0; Win64; x64) AppleWebKit/537.36 (KHTML, like Gecko) Chrome/144.0.0.0 Safari/537.36"
66.249.70.164 - - [12/Sep/2026:23:38:16 +0300] "GET /?p=48905 HTTP/1.1" 200 2055 "-" "Mozilla/5.0 (Linux; Android 6.0.1; Nexus 5X Build/MMB29P) AppleWebKit/537.36 (KHTML, like Gecko) Chrome/152.0.7977.82 Mobile Safari/537.36 (compatible; Googlebot/2.1; +http://www.google.com/bot.html)"
66.249.70.163 - - [12/Sep/2026:23:38:25 +0300] "GET /?p=45909 HTTP/1.1" 200 2055 "-" "Mozilla/5.0 (Linux; Android 6.0.1; Nexus 5X Build/MMB29P) AppleWebKit/537.36 (KHTML, like Gecko) Chrome/152.0.7977.82 Mobile Safari/537.36 (compatible; Googlebot/2.1; +http://www.google.com/bot.html)"
77.88.47.29 - - [12/Sep/2026:23:39:05 +0300] "GET /?p=27407 HTTP/2" 200 2385 "-" "Mozilla/5.0 (compatible; YandexBot/3.0; +http://yandex.com/bots)"
40.77.167.14 - - [12/Sep/2026:23:39:18 +0300] "GET /wp-content/uploads/2023/03/Gazi-Yakup-Bey4.jpg HTTP/2" 200 118573 "-" "Mozilla/5.0 AppleWebKit/537.36 (KHTML, like Gecko; compatible; bingbot/2.0; +http://www.bing.com/bingbot.htm) Chrome/116.0.1938.76 Safari/537.36"
40.77.167.14 - - [12/Sep/2026:23:39:19 +0300] "GET /?p=70691 HTTP/2" 200 2055 "-" "Mozilla/5.0 AppleWebKit/537.36 (KHTML, like Gecko; compatible; bingbot/2.0; +http://www.bing.com/bingbot.htm) Chrome/116.0.1938.76 Safari/537.36"
40.77.167.14 - - [12/Sep/2026:23:39:20 +0300] "GET /?p=70691 HTTP/2" 200 2055 "-" "Mozilla/5.0 AppleWebKit/537.36 (KHTML, like Gecko; compatible; bingbot/2.0; +http://www.bing.com/bingbot.htm) Chrome/116.0.1938.76 Safari/537.36"
40.77.167.14 - - [12/Sep/2026:23:39:20 +0300] "GET /?p=24887 HTTP/2" 200 2029 "-" "Mozilla/5.0 AppleWebKit/537.36 (KHTML, like Gecko; compatible; bingbot/2.0; +http://www.bing.com/bingbot.htm) Chrome/116.0.1938.76 Safari/537.36"
40.77.167.14 - - [12/Sep/2026:23:39:20 +0300] "GET /?p=24887 HTTP/2" 200 2055 "-" "Mozilla/5.0 AppleWebKit/537.36 (KHTML, like Gecko; compatible; bingbot/2.0; +http://www.bing.com/bingbot.htm) Chrome/116.0.1938.76 Safari/537.36"
40.77.167.255 - - [12/Sep/2026:23:39:22 +0300] "GET /?p=69792 HTTP/2" 200 2055 "-" "Mozilla/5.0 AppleWebKit/537.36 (KHTML, like Gecko; compatible; bingbot/2.0; +http://www.bing.com/bingbot.htm) Chrome/116.0.1938.76 Safari/537.36"
66.249.70.163 - - [12/Sep/2026:23:37:56 +0300] "GET /?p=592 HTTP/1.1" 200 2029 "-" "Mozilla/5.0 (Linux; Android 6.0.1; Nexus 5X Build/MMB29P) AppleWebKit/537.36 (KHTML, like Gecko) Chrome/152.0.7977.82 Mobile Safari/537.36 (compatible; Googlebot/2.1; +http://www.google.com/bot.html)"
66.249.70.165 - - [12/Sep/2026:23:38:02 +0300] "GET /?p=36592 HTTP/1.1" 200 2055 "-" "Mozilla/5.0 (Linux; Android 6.0.1; Nexus 5X Build/MMB29P) AppleWebKit/537.36 (KHTML, like Gecko) Chrome/152.0.7977.82 Mobile Safari/537.36 (compatible; Googlebot/2.1; +http://www.google.com/bot.html)"
74.7.243.44 - - [12/Sep/2026:23:38:09 +0300] "GET /etiket/istanbul-evliyalari-2/page/22/ HTTP/2" 404 796 "-" "Mozilla/5.0 (Macintosh; Intel Mac OS X 10_15_7) AppleWebKit/537.36 (KHTML, like Gecko) Chrome/131.0.0.0 Safari/537.36; compatible; OAI-SearchBot/1.4; +https://openai.com/searchbot"
17.166.21.251 - - [12/Sep/2026:23:38:10 +0300] "GET /2015/10/page/2/ HTTP/2" 404 796 "-" "Mozilla/5.0 (Macintosh; Intel Mac OS X 10_15_7) AppleWebKit/605.1.15 (KHTML, like Gecko) Version/17.4 Safari/605.1.15 (Applebot/0.1; +http://www.apple.com/go/applebot)"
52.167.144.20 - - [12/Sep/2026:23:38:28 +0300] "GET /wp-content/uploads/2022/12/Zagnos-Pasa-3-1536x988.jpg HTTP/2" 200 209230 "-" "Mozilla/5.0 AppleWebKit/537.36 (KHTML, like Gecko; compatible; bingbot/2.0; +http://www.bing.com/bingbot.htm) Chrome/116.0.1938.76 Safari/537.36"
40.77.167.25 - - [12/Sep/2026:23:38:33 +0300] "GET /wp-content/uploads/2020/03/EYL%C3%9CL-28-29-30-KULA-U%C5%9EAK-AFYON-BEY%C5%9EEH%C4%B0R-ISPARTA-1092-631x420.jpg HTTP/2" 200 41346 "-" "Mozilla/5.0 AppleWebKit/537.36 (KHTML, like Gecko; compatible; bingbot/2.0; +http://www.bing.com/bingbot.htm) Chrome/116.0.1938.76 Safari/537.36"
40.77.167.25 - - [12/Sep/2026:23:38:34 +0300] "GET /?p=31032 HTTP/2" 200 2055 "-" "Mozilla/5.0 AppleWebKit/537.36 (KHTML, like Gecko; compatible; bingbot/2.0; +http://www.bing.com/bingbot.htm) Chrome/116.0.1938.76 Safari/537.36"
40.77.167.25 - - [12/Sep/2026:23:38:34 +0300] "GET /?p=39478 HTTP/2" 200 2055 "-" "Mozilla/5.0 AppleWebKit/537.36 (KHTML, like Gecko; compatible; bingbot/2.0; +http://www.bing.com/bingbot.htm) Chrome/116.0.1938.76 Safari/537.36"
66.249.70.163 - - [12/Sep/2026:23:38:44 +0300] "GET /haci-hafiz-recep-ese-tosyevi/ HTTP/1.1" 404 796 "-" "Mozilla/5.0 (compatible; Googlebot/2.1; +http://www.google.com/bot.html)"
66.249.70.163 - - [12/Sep/2026:23:38:44 +0300] "GET /?p=33846 HTTP/1.1" 200 2055 "-" "Mozilla/5.0 (Linux; Android 6.0.1; Nexus 5X Build/MMB29P) AppleWebKit/537.36 (KHTML, like Gecko) Chrome/152.0.7977.82 Mobile Safari/537.36 (compatible; Googlebot/2.1; +http://www.google.com/bot.html)"
77.88.47.30 - - [12/Sep/2026:23:39:01 +0300] "GET /wp-content/uploads/2014/10/Muhammed-Emin-Er-80x60.png HTTP/2" 200 0 "-" "Mozilla/5.0 (compatible; YandexImages/3.0; +http://yandex.com/bots)"
77.88.47.11 - - [12/Sep/2026:23:39:02 +0300] "GET /wp-content/uploads/2014/10/Muhammed-Emin-Er-80x60.png HTTP/2" 200 0 "-" "Mozilla/5.0 (compatible; YandexBot/3.0; +http://yandex.com/bots)"
66.249.70.165 - - [12/Sep/2026:23:39:06 +0300] "GET /?p=4762 HTTP/1.1" 200 2029 "-" "Mozilla/5.0 (Linux; Android 6.0.1; Nexus 5X Build/MMB29P) AppleWebKit/537.36 (KHTML, like Gecko) Chrome/152.0.7977.82 Mobile Safari/537.36 (compatible; Googlebot/2.1; +http://www.google.com/bot.html)"
213.186.147.191 - - [12/Sep/2026:23:39:18 +0300] "GET /kategori/anadolu-evliyalari/adana-evliyalari/ HTTP/2" 404 796 "https://www.google.com/" "Mozilla/5.0 (Linux; Android 10; K) AppleWebKit/537.36 (KHTML, like Gecko) Chrome/152.0.0.0 Mobile Safari/537.36"
66.249.70.163 - - [12/Sep/2026:23:39:34 +0300] "GET /?p=43400 HTTP/1.1" 200 2029 "-" "Mozilla/5.0 (Linux; Android 6.0.1; Nexus 5X Build/MMB29P) AppleWebKit/537.36 (KHTML, like Gecko) Chrome/152.0.7977.82 Mobile Safari/537.36 (compatible; Googlebot/2.1; +http://www.google.com/bot.html)"
40.77.167.255 - - [12/Sep/2026:23:39:23 +0300] "GET /?p=69792 HTTP/2" 200 2055 "-" "Mozilla/5.0 AppleWebKit/537.36 (KHTML, like Gecko; compatible; bingbot/2.0; +http://www.bing.com/bingbot.htm) Chrome/116.0.1938.76 Safari/537.36"
40.77.167.255 - - [12/Sep/2026:23:39:23 +0300] "GET /?p=74493 HTTP/2" 200 2055 "-" "Mozilla/5.0 AppleWebKit/537.36 (KHTML, like Gecko; compatible; bingbot/2.0; +http://www.bing.com/bingbot.htm) Chrome/116.0.1938.76 Safari/537.36"
40.77.167.255 - - [12/Sep/2026:23:39:23 +0300] "GET /?p=29432 HTTP/2" 200 2029 "-" "Mozilla/5.0 AppleWebKit/537.36 (KHTML, like Gecko; compatible; bingbot/2.0; +http://www.bing.com/bingbot.htm) Chrome/116.0.1938.76 Safari/537.36"
40.77.167.255 - - [12/Sep/2026:23:39:23 +0300] "GET /?p=74493 HTTP/2" 200 2055 "-" "Mozilla/5.0 AppleWebKit/537.36 (KHTML, like Gecko; compatible; bingbot/2.0; +http://www.bing.com/bingbot.htm) Chrome/116.0.1938.76 Safari/537.36"
40.77.167.14 - - [12/Sep/2026:23:39:29 +0300] "GET /?p=50520 HTTP/2" 200 2055 "-" "Mozilla/5.0 AppleWebKit/537.36 (KHTML, like Gecko; compatible; bingbot/2.0; +http://www.bing.com/bingbot.htm) Chrome/116.0.1938.76 Safari/537.36"
40.77.167.14 - - [12/Sep/2026:23:39:29 +0300] "GET /?p=61319 HTTP/2" 200 2055 "-" "Mozilla/5.0 AppleWebKit/537.36 (KHTML, like Gecko; compatible; bingbot/2.0; +http://www.bing.com/bingbot.htm) Chrome/116.0.1938.76 Safari/537.36"
40.77.167.14 - - [12/Sep/2026:23:39:30 +0300] "GET /?p=50520 HTTP/2" 200 2055 "-" "Mozilla/5.0 AppleWebKit/537.36 (KHTML, like Gecko; compatible; bingbot/2.0; +http://www.bing.com/bingbot.htm) Chrome/116.0.1938.76 Safari/537.36"
40.77.167.14 - - [12/Sep/2026:23:39:30 +0300] "GET /?p=61319 HTTP/2" 200 2055 "-" "Mozilla/5.0 AppleWebKit/537.36 (KHTML, like Gecko; compatible; bingbot/2.0; +http://www.bing.com/bingbot.htm) Chrome/116.0.1938.76 Safari/537.36"
66.249.70.163 - - [12/Sep/2026:23:39:44 +0300] "GET /?p=35347 HTTP/1.1" 200 2055 "-" "Mozilla/5.0 (Linux; Android 6.0.1; Nexus 5X Build/MMB29P) AppleWebKit/537.36 (KHTML, like Gecko) Chrome/152.0.7977.82 Mobile Safari/537.36 (compatible; Googlebot/2.1; +http://www.google.com/bot.html)"
40.77.167.255 - - [12/Sep/2026:23:39:45 +0300] "GET /?p=29432 HTTP/2" 200 2055 "-" "Mozilla/5.0 AppleWebKit/537.36 (KHTML, like Gecko; compatible; bingbot/2.0; +http://www.bing.com/bingbot.htm) Chrome/116.0.1938.76 Safari/537.36"
66.249.70.163 - - [12/Sep/2026:23:39:45 +0300] "GET /seyh-ulas-samsun/ HTTP/1.1" 404 796 "-" "Mozilla/5.0 (Linux; Android 6.0.1; Nexus 5X Build/MMB29P) AppleWebKit/537.36 (KHTML, like Gecko) Chrome/152.0.7977.82 Mobile Safari/537.36 (compatible; Googlebot/2.1; +http://www.google.com/bot.html)"
80.94.95.236 - - [12/Sep/2026:23:39:48 +0300] "GET / HTTP/1.1" 200 2385 "-" "Mozilla/5.0 (Windows NT 5.2) AppleWebKit/534.30 (KHTML, like Gecko) Chrome/12.0.742.112 Safari/534.30"
77.25.44.155 - - [12/Sep/2026:23:39:54 +0300] "GET /wp-content/uploads/2023/01/Dr.-Munir-Derman1.jpg HTTP/2" 200 147363 "https://www.google.com/" "Mozilla/5.0 (Linux; Android 16; SM-S921B Build/BP4A.251205.006; wv) AppleWebKit/537.36 (KHTML, like Gecko) Version/4.0 Chrome/151.0.7922.202 Mobile Safari/537.36 GoogleApp/17.56.15.ve.arm64"
17.166.20.93 - - [12/Sep/2026:23:40:00 +0300] "GET /wp-content/uploads/2020/03/Behl%C3%BCl-Dana.jpg HTTP/2" 200 70772 "-" "Mozilla/5.0 (Macintosh; Intel Mac OS X 10_15_7) AppleWebKit/605.1.15 (KHTML, like Gecko) Version/17.4 Safari/605.1.15 (Applebot/0.1; +http://www.apple.com/go/applebot)"
66.249.70.164 - - [12/Sep/2026:23:40:07 +0300] "GET /?p=24886 HTTP/1.1" 200 2055 "-" "Mozilla/5.0 (Linux; Android 6.0.1; Nexus 5X Build/MMB29P) AppleWebKit/537.36 (KHTML, like Gecko) Chrome/152.0.7977.82 Mobile Safari/537.36 (compatible; Googlebot/2.1; +http://www.google.com/bot.html)"
77.88.47.8 - - [12/Sep/2026:23:40:18 +0300] "GET /etiket/uckuzular-turbesi/ HTTP/1.1" 404 796 "-" "Mozilla/5.0 (compatible; YandexBot/3.0; +http://yandex.com/bots) AppleWebKit/537.36 (KHTML, like Gecko) Chrome/108.0.0.0"
40.77.167.25 - - [12/Sep/2026:23:40:09 +0300] "GET /?p=31032 HTTP/2" 200 2055 "-" "Mozilla/5.0 AppleWebKit/537.36 (KHTML, like Gecko; compatible; bingbot/2.0; +http://www.bing.com/bingbot.htm) Chrome/116.0.1938.76 Safari/537.36"
77.88.47.9 - - [12/Sep/2026:23:40:19 +0300] "GET /wp-content/uploads/2014/10/kavsar-baba-camii.jpg HTTP/2" 200 197410 "-" "Mozilla/5.0 (compatible; YandexImages/3.0; +http://yandex.com/bots)"
40.77.167.25 - - [12/Sep/2026:23:40:26 +0300] "GET /?p=39478 HTTP/2" 200 2029 "-" "Mozilla/5.0 AppleWebKit/537.36 (KHTML, like Gecko; compatible; bingbot/2.0; +http://www.bing.com/bingbot.htm) Chrome/116.0.1938.76 Safari/537.36"
9.129.22.37 - - [12/Sep/2026:23:40:46 +0300] "GET /seyh-ali-kara/ HTTP/2" 404 796 "-" "Mozilla/5.0 AppleWebKit/537.36 (KHTML, like Gecko); compatible; ChatGPT-User/1.0; +https://openai.com/bot"
66.249.70.163 - - [12/Sep/2026:23:40:46 +0300] "GET /?p=14729 HTTP/1.1" 200 2055 "-" "Mozilla/5.0 (Linux; Android 6.0.1; Nexus 5X Build/MMB29P) AppleWebKit/537.36 (KHTML, like Gecko) Chrome/152.0.7977.82 Mobile Safari/537.36 (compatible; Googlebot/2.1; +http://www.google.com/bot.html)"
195.174.244.228 - - [12/Sep/2026:23:41:02 +0300] "GET /wp-content/uploads/2015/12/IMG_4108.jpg HTTP/2" 200 443628 "https://www.google.com/" "Mozilla/5.0 (iPhone; CPU iPhone OS 18_7 like Mac OS X) AppleWebKit/605.1.15 (KHTML, like Gecko) Version/18.7.5 Mobile/15E148 Safari/604.1"
66.249.70.164 - - [12/Sep/2026:23:41:16 +0300] "GET /?p=37730 HTTP/1.1" 200 2055 "-" "Mozilla/5.0 (Linux; Android 6.0.1; Nexus 5X Build/MMB29P) AppleWebKit/537.36 (KHTML, like Gecko) Chrome/152.0.7977.82 Mobile Safari/537.36 (compatible; Googlebot/2.1; +http://www.google.com/bot.html)"
77.88.47.30 - - [12/Sep/2026:23:41:17 +0300] "GET /kategori/yollar/suhreverdiyye/?filter_by=popular HTTP/2" 404 796 "-" "Mozilla/5.0 (compatible; YandexBot/3.0; +http://yandex.com/bots)"
72.14.201.38 - - [12/Sep/2026:23:41:25 +0300] "GET /kategori/anadolu-evliyalari/eskisehir-evliyalari/beylikova-evliyalari/ HTTP/2" 404 796 "https://www.google.com/" "Mozilla/5.0 (Linux; Android 10; K) AppleWebKit/537.36 (KHTML, like Gecko) Chrome/152.0.0.0 Mobile Safari/537.36"
77.88.47.8 - - [12/Sep/2026:23:41:30 +0300] "GET /wp-content/uploads/2016/11/IMG_2848.jpg HTTP/2" 304 0 "-" "Mozilla/5.0 (compatible; YandexImages/3.0; +http://yandex.com/bots)"
66.249.70.163 - - [12/Sep/2026:23:41:38 +0300] "GET /?p=39991 HTTP/1.1" 200 2055 "-" "Mozilla/5.0 (Linux; Android 6.0.1; Nexus 5X Build/MMB29P) AppleWebKit/537.36 (KHTML, like Gecko) Chrome/152.0.7977.82 Mobile Safari/537.36 (compatible; Googlebot/2.1; +http://www.google.com/bot.html)"
77.88.47.10 - - [12/Sep/2026:23:41:40 +0300] "GET /seyh-mehmet-efendi-kastamonu/ HTTP/1.1" 404 796 "-" "Mozilla/5.0 (iPhone; CPU iPhone OS 18_7 like Mac OS X) AppleWebKit/605.1.15 (KHTML, like Gecko) Version/26.2 Mobile/15E148 Safari/604.1 (compatible; YandexBot/3.0; +http://yandex.com/bots)"
5.176.92.220 - - [12/Sep/2026:23:41:51 +0300] "GET /wp-content/uploads/2021/11/Abdurrahimarvasi2.jpg HTTP/2" 200 52829 "-" "com.google.GoogleMobile/436.4 iPhone/26.6.1 hw/iPhone12_1"
40.77.167.25 - - [12/Sep/2026:23:41:51 +0300] "GET /?s=ca+angels+white+navy HTTP/2" 200 2055 "-" "Mozilla/5.0 AppleWebKit/537.36 (KHTML, like Gecko; compatible; bingbot/2.0; +http://www.bing.com/bingbot.htm) Chrome/116.0.1938.76 Safari/537.36"
162.120.188.222 - - [12/Sep/2026:23:42:09 +0300] "GET /kategori/anadolu-evliyalari/corum-evliyalari/ HTTP/2" 404 796 "https://www.google.com/" "Mozilla/5.0 (Linux; Android 10; K) AppleWebKit/537.36 (KHTML, like Gecko) Chrome/152.0.0.0 Mobile Safari/537.36"
66.249.70.164 - - [12/Sep/2026:23:42:25 +0300] "GET /?p=68912 HTTP/1.1" 200 2055 "-" "Mozilla/5.0 (Linux; Android 6.0.1; Nexus 5X Build/MMB29P) AppleWebKit/537.36 (KHTML, like Gecko) Chrome/152.0.7977.82 Mobile Safari/537.36 (compatible; Googlebot/2.1; +http://www.google.com/bot.html)"
66.249.70.164 - - [12/Sep/2026:23:40:28 +0300] "GET /?p=7876 HTTP/1.1" 200 2055 "-" "Mozilla/5.0 (Linux; Android 6.0.1; Nexus 5X Build/MMB29P) AppleWebKit/537.36 (KHTML, like Gecko) Chrome/152.0.7977.82 Mobile Safari/537.36 (compatible; Googlebot/2.1; +http://www.google.com/bot.html)"
77.88.47.31 - - [12/Sep/2026:23:40:31 +0300] "GET /etiket/sari-saltuk-hazretlerinin-makamlari-nerede/ HTTP/1.1" 404 796 "-" "Mozilla/5.0 (compatible; YandexBot/3.0; +http://yandex.com/bots) AppleWebKit/537.36 (KHTML, like Gecko) Chrome/108.0.0.0"
129.226.146.146 - - [12/Sep/2026:23:40:35 +0300] "GET /assets/ HTTP/1.1" 403 46 "-" "Mozilla/5.0 (iPhone; CPU iPhone OS 13_2_3 like Mac OS X) AppleWebKit/605.1.15 (KHTML, like Gecko) Version/13.0.3 Mobile/15E148 Safari/604.1"
40.77.188.176 - - [12/Sep/2026:23:40:51 +0300] "POST /cdn-cgi/rum? HTTP/2" 404 796 "https://www.evliyalar.net/?p=74223" "Mozilla/5.0 (Windows NT 10.0; Win64; x64) AppleWebKit/537.36 (KHTML, like Gecko) HeadlessChrome/146.0.7680.165 Safari/537.36"
213.186.147.191 - - [12/Sep/2026:23:40:59 +0300] "GET /kategori/anadolu-evliyalari/adana-evliyalari/ HTTP/2" 404 796 "https://www.google.com/" "Mozilla/5.0 (Linux; Android 10; K) AppleWebKit/537.36 (KHTML, like Gecko) Chrome/152.0.0.0 Mobile Safari/537.36"
85.103.107.99 - - [12/Sep/2026:23:41:01 +0300] "GET /wp-content/uploads/2022/03/Yus%CC%A7a-Peygamber2.jpg HTTP/2" 200 92853 "https://www.google.com/" "Mozilla/5.0 (Linux; Android 16; SM-A376B Build/BP4A.251205.006; wv) AppleWebKit/537.36 (KHTML, like Gecko) Version/4.0 Chrome/152.0.7977.88 Mobile Safari/537.36 GoogleApp/17.56.15.ve.arm64"
66.249.70.164 - - [12/Sep/2026:23:41:04 +0300] "GET /hz-muhammed-el-ensari-r-a/ HTTP/1.1" 404 796 "-" "Mozilla/5.0 (Linux; Android 6.0.1; Nexus 5X Build/MMB29P) AppleWebKit/537.36 (KHTML, like Gecko) Chrome/152.0.7977.82 Mobile Safari/537.36 (compatible; Googlebot/2.1; +http://www.google.com/bot.html)"
77.88.47.10 - - [12/Sep/2026:23:41:18 +0300] "GET /wp-content/uploads/2017/01/14457375_1097056320412653_532970968715116655_n.jpg HTTP/2" 304 0 "-" "Mozilla/5.0 (compatible; YandexImages/3.0; +http://yandex.com/bots)"
66.249.93.168 - - [12/Sep/2026:23:41:25 +0300] "GET /.well-known/traffic-advice HTTP/1.1" 404 796 "-" "Chrome Privacy Preserving Prefetch Proxy"
216.73.216.28 - - [12/Sep/2026:23:41:39 +0300] "GET /location/hz-ali-k-v-irak HTTP/2" 404 796 "http://www.evliyalar.net/location/hz-ali-k-v-irak" "Mozilla/5.0 AppleWebKit/537.36 (KHTML, like Gecko; compatible; ClaudeBot/1.0; +claudebot@anthropic.com)"
77.88.47.27 - - [12/Sep/2026:23:41:39 +0300] "GET /seyh-mehmet-efendi-kastamonu/ HTTP/1.1" 404 796 "-" "Mozilla/5.0 (compatible; YandexBot/3.0; +http://yandex.com/bots) AppleWebKit/537.36 (KHTML, like Gecko) Chrome/108.0.0.0"
77.88.47.19 - - [12/Sep/2026:23:41:40 +0300] "GET /seyh-mehmet-efendi-kastamonu/ HTTP/1.1" 404 796 "-" "Mozilla/5.0 (compatible; YandexBot/3.0; +http://yandex.com/bots) AppleWebKit/537.36 (KHTML, like Gecko) Chrome/108.0.0.0"
66.249.70.164 - - [12/Sep/2026:23:42:04 +0300] "GET /?p=45268 HTTP/1.1" 200 2055 "-" "Mozilla/5.0 (Linux; Android 6.0.1; Nexus 5X Build/MMB29P) AppleWebKit/537.36 (KHTML, like Gecko) Chrome/152.0.7977.82 Mobile Safari/537.36 (compatible; Googlebot/2.1; +http://www.google.com/bot.html)"
213.186.147.191 - - [12/Sep/2026:23:42:14 +0300] "GET /kategori/anadolu-evliyalari/adana-evliyalari/ HTTP/2" 404 796 "https://www.google.com/" "Mozilla/5.0 (Linux; Android 10; K) AppleWebKit/537.36 (KHTML, like Gecko) Chrome/152.0.0.0 Mobile Safari/537.36"
40.77.167.25 - - [12/Sep/2026:23:42:35 +0300] "GET /?p=69708 HTTP/2" 200 2055 "-" "Mozilla/5.0 AppleWebKit/537.36 (KHTML, like Gecko; compatible; bingbot/2.0; +http://www.bing.com/bingbot.htm) Chrome/116.0.1938.76 Safari/537.36"
40.77.167.25 - - [12/Sep/2026:23:42:35 +0300] "GET /abdulkadir-haki-el-kadiri/abdulkadir-haki-el-kadiri/ HTTP/2" 404 796 "-" "Mozilla/5.0 AppleWebKit/537.36 (KHTML, like Gecko; compatible; bingbot/2.0; +http://www.bing.com/bingbot.htm) Chrome/116.0.1938.76 Safari/537.36"
40.77.167.255 - - [12/Sep/2026:23:42:25 +0300] "GET /?p=49170 HTTP/2" 200 2055 "https://www.evliyalar.net/?p=3558" "Mozilla/5.0 AppleWebKit/537.36 (KHTML, like Gecko; compatible; bingbot/2.0; +http://www.bing.com/bingbot.htm) Chrome/136.0.0.0 Safari/537.36 AppleWebKit/537.36 (KHTML, like Gecko; compatible; bingbot/2.0; +http://www.bing.com/bingbot.htm) Chrome/116.0.1938.76 Safari/537.36"
40.77.167.255 - - [12/Sep/2026:23:42:26 +0300] "GET /?p=59393 HTTP/2" 200 2029 "-" "Mozilla/5.0 AppleWebKit/537.36 (KHTML, like Gecko; compatible; bingbot/2.0; +http://www.bing.com/bingbot.htm) Chrome/116.0.1938.76 Safari/537.36"
40.77.167.255 - - [12/Sep/2026:23:42:26 +0300] "GET /?p=53830 HTTP/2" 200 2055 "-" "Mozilla/5.0 AppleWebKit/537.36 (KHTML, like Gecko; compatible; bingbot/2.0; +http://www.bing.com/bingbot.htm) Chrome/116.0.1938.76 Safari/537.36"
40.77.167.255 - - [12/Sep/2026:23:42:26 +0300] "GET /?p=14243 HTTP/2" 200 2055 "-" "Mozilla/5.0 AppleWebKit/537.36 (KHTML, like Gecko; compatible; bingbot/2.0; +http://www.bing.com/bingbot.htm) Chrome/116.0.1938.76 Safari/537.36"
40.77.167.255 - - [12/Sep/2026:23:42:26 +0300] "GET /?p=56438 HTTP/2" 200 2055 "-" "Mozilla/5.0 AppleWebKit/537.36 (KHTML, like Gecko; compatible; bingbot/2.0; +http://www.bing.com/bingbot.htm) Chrome/116.0.1938.76 Safari/537.36"
66.249.70.164 - - [12/Sep/2026:23:42:26 +0300] "GET /seyh-said-hazretleri-k-s-tillo/ HTTP/1.1" 404 796 "-" "Mozilla/5.0 (Linux; Android 6.0.1; Nexus 5X Build/MMB29P) AppleWebKit/537.36 (KHTML, like Gecko) Chrome/152.0.7977.82 Mobile Safari/537.36 (compatible; Googlebot/2.1; +http://www.google.com/bot.html)"
40.77.167.14 - - [12/Sep/2026:23:42:27 +0300] "GET /wp-content/uploads/2020/04/%C5%9Eair-Baki-2-80x60.jpg HTTP/2" 200 1389 "-" "Mozilla/5.0 AppleWebKit/537.36 (KHTML, like Gecko; compatible; bingbot/2.0; +http://www.bing.com/bingbot.htm) Chrome/116.0.1938.76 Safari/537.36"
40.77.167.255 - - [12/Sep/2026:23:42:29 +0300] "GET /thai-lan-phan-ung-khi-chung-bang-tuyen-viet-nam-o-giai-fifa-2540373.html HTTP/2" 404 796 "-" "Mozilla/5.0 AppleWebKit/537.36 (KHTML, like Gecko; compatible; bingbot/2.0; +http://www.bing.com/bingbot.htm) Chrome/116.0.1938.76 Safari/537.36"
66.249.70.163 - - [12/Sep/2026:23:42:31 +0300] "GET /?p=74221 HTTP/1.1" 200 2055 "-" "Mozilla/5.0 (Linux; Android 6.0.1; Nexus 5X Build/MMB29P) AppleWebKit/537.36 (KHTML, like Gecko) Chrome/152.0.7977.82 Mobile Safari/537.36 (compatible; Googlebot/2.1; +http://www.google.com/bot.html)"
17.166.24.87 - - [12/Sep/2026:23:42:37 +0300] "GET /wp-admin/admin-ajax.php?action=process_simple_like&nonce=5d5aa13893&post_id=18276&disabled=true&is_comment=0 HTTP/2" 403 787 "-" "Mozilla/5.0 (Macintosh; Intel Mac OS X 10_15_7) AppleWebKit/605.1.15 (KHTML, like Gecko) Version/17.4 Safari/605.1.15 (Applebot/0.1; +http://www.apple.com/go/applebot)"
40.77.167.14 - - [12/Sep/2026:23:42:51 +0300] "GET /?p=53522 HTTP/2" 200 2055 "-" "Mozilla/5.0 AppleWebKit/537.36 (KHTML, like Gecko; compatible; bingbot/2.0; +http://www.bing.com/bingbot.htm) Chrome/116.0.1938.76 Safari/537.36"
40.77.188.244 - - [12/Sep/2026:23:42:54 +0300] "POST /cdn-cgi/rum? HTTP/2" 404 796 "https://www.evliyalar.net/?p=12770" "Mozilla/5.0 (Windows NT 10.0; Win64; x64) AppleWebKit/537.36 (KHTML, like Gecko) HeadlessChrome/146.0.7680.165 Safari/537.36"
66.249.70.163 - - [12/Sep/2026:23:42:57 +0300] "GET /?p=4434 HTTP/1.1" 200 2055 "-" "Mozilla/5.0 (Linux; Android 6.0.1; Nexus 5X Build/MMB29P) AppleWebKit/537.36 (KHTML, like Gecko) Chrome/152.0.7977.82 Mobile Safari/537.36 (compatible; Googlebot/2.1; +http://www.google.com/bot.html)"
85.17.47.87 - - [12/Sep/2026:23:42:59 +0300] "GET /ads.txt HTTP/2" 200 58 "-" "Centro Ads.txt Crawler/1.0"
40.77.167.255 - - [12/Sep/2026:23:43:00 +0300] "GET /wp-content/uploads/2020/04/Kar%C4%B1ncal%C4%B1-dede-sakarya-Ahmediye-pn-is-ak-560x420.jpg HTTP/2" 200 35886 "-" "Mozilla/5.0 AppleWebKit/537.36 (KHTML, like Gecko; compatible; bingbot/2.0; +http://www.bing.com/bingbot.htm) Chrome/116.0.1938.76 Safari/537.36"
40.77.167.25 - - [12/Sep/2026:23:42:36 +0300] "GET /?p=61118 HTTP/2" 200 2055 "https://www.evliyalar.net/?p=3558" "Mozilla/5.0 AppleWebKit/537.36 (KHTML, like Gecko; compatible; bingbot/2.0; +http://www.bing.com/bingbot.htm) Chrome/136.0.0.0 Safari/537.36 AppleWebKit/537.36 (KHTML, like Gecko; compatible; bingbot/2.0; +http://www.bing.com/bingbot.htm) Chrome/116.0.1938.76 Safari/537.36"
40.77.167.25 - - [12/Sep/2026:23:42:36 +0300] "GET /?p=19924 HTTP/2" 200 2029 "https://www.evliyalar.net/?p=3558" "Mozilla/5.0 AppleWebKit/537.36 (KHTML, like Gecko; compatible; bingbot/2.0; +http://www.bing.com/bingbot.htm) Chrome/136.0.0.0 Safari/537.36 AppleWebKit/537.36 (KHTML, like Gecko; compatible; bingbot/2.0; +http://www.bing.com/bingbot.htm) Chrome/116.0.1938.76 Safari/537.36"
40.77.167.25 - - [12/Sep/2026:23:42:37 +0300] "GET /?p=3558 HTTP/2" 200 2055 "https://www.evliyalar.net/?p=3558" "Mozilla/5.0 AppleWebKit/537.36 (KHTML, like Gecko; compatible; bingbot/2.0; +http://www.bing.com/bingbot.htm) Chrome/136.0.0.0 Safari/537.36 AppleWebKit/537.36 (KHTML, like Gecko; compatible; bingbot/2.0; +http://www.bing.com/bingbot.htm) Chrome/116.0.1938.76 Safari/537.36"
114.119.155.54 - - [12/Sep/2026:23:43:02 +0300] "GET /kategori/silsile/silsile-i-yeseviyye?filter_by=random_posts HTTP/1.1" 404 796 "https://www.evliyalar.net/kategori/silsile/silsile-i-yeseviyye?filter_by=review_high" "Mozilla/5.0 (Linux; Android 7.0;) AppleWebKit/537.36 (HTML, like Gecko) Mobile Safari/537.36 (compatible; PetalBot;+https://webmaster.petalsearch.com/site/petalbot)"
