41.249.153.149 - - [13/Sep/2026:03:15:25 +0300] "POST /xmlrpc.php HTTP/1.1" 200 412 "-" "Jetpack/12.1; WordPress/6.2; http://site74535260.com"
41.249.153.149 - - [13/Sep/2026:03:15:36 +0300] "POST /xmlrpc.php HTTP/1.1" 200 412 "-" "Jetpack by WordPress.com (Jetpack 12.1; WordPress 6.3)"
41.249.153.149 - - [13/Sep/2026:03:15:47 +0300] "POST /xmlrpc.php HTTP/1.1" 200 412 "-" "Jetpack/12.1; WordPress/6.3; http://site78561440.com"
43.160.225.169 - - [13/Sep/2026:03:15:56 +0300] "GET /wp-admin/update-core.php HTTP/1.1" 403 787 "-" "Mozilla/5.0 (iPhone; CPU iPhone OS 13_2_3 like Mac OS X) AppleWebKit/605.1.15 (KHTML, like Gecko) Version/13.0.3 Mobile/15E148 Safari/604.1"
41.249.153.149 - - [13/Sep/2026:03:15:58 +0300] "POST /xmlrpc.php HTTP/1.1" 200 412 "-" "WordPress.com; https://wordpress.com"
66.249.70.164 - - [13/Sep/2026:03:16:01 +0300] "GET /_autoindex/assets/icons/file.svg HTTP/1.1" 200 354 "https://www.evliyalar.net/?p=38071" "Mozilla/5.0 AppleWebKit/537.36 (KHTML, like Gecko; compatible; Googlebot/2.1; +http://www.google.com/bot.html) Chrome/152.0.7977.64 Safari/537.36"
40.77.167.132 - - [13/Sep/2026:03:16:10 +0300] "GET /cennet-mehmet-efendi/cennet-mehmet-efendi-1/ HTTP/2" 404 796 "-" "Mozilla/5.0 AppleWebKit/537.36 (KHTML, like Gecko; compatible; bingbot/2.0; +http://www.bing.com/bingbot.htm) Chrome/116.0.1938.76 Safari/537.36"
41.249.153.149 - - [13/Sep/2026:03:16:10 +0300] "POST /xmlrpc.php HTTP/1.1" 200 412 "-" "Jetpack/12.0; WordPress/6.3; http://site55059085.com"
40.77.167.132 - - [13/Sep/2026:03:16:11 +0300] "GET /?p=65799 HTTP/2" 200 2051 "-" "Mozilla/5.0 AppleWebKit/537.36 (KHTML, like Gecko; compatible; bingbot/2.0; +http://www.bing.com/bingbot.htm) Chrome/116.0.1938.76 Safari/537.36"
40.77.167.132 - - [13/Sep/2026:03:16:21 +0300] "GET /?p=43749 HTTP/2" 200 2051 "-" "Mozilla/5.0 AppleWebKit/537.36 (KHTML, like Gecko; compatible; bingbot/2.0; +http://www.bing.com/bingbot.htm) Chrome/116.0.1938.76 Safari/537.36"
41.249.153.149 - - [13/Sep/2026:03:16:21 +0300] "POST /xmlrpc.php HTTP/1.1" 200 412 "-" "Jetpack by WordPress.com"
40.77.167.32 - - [13/Sep/2026:03:16:26 +0300] "GET /?p=12895 HTTP/2" 200 2050 "-" "Mozilla/5.0 AppleWebKit/537.36 (KHTML, like Gecko; compatible; bingbot/2.0; +http://www.bing.com/bingbot.htm) Chrome/116.0.1938.76 Safari/537.36"
40.77.167.32 - - [13/Sep/2026:03:16:26 +0300] "GET /?p=12603 HTTP/2" 200 2050 "-" "Mozilla/5.0 AppleWebKit/537.36 (KHTML, like Gecko; compatible; bingbot/2.0; +http://www.bing.com/bingbot.htm) Chrome/116.0.1938.76 Safari/537.36"
40.77.167.32 - - [13/Sep/2026:03:16:27 +0300] "GET /?p=76473 HTTP/2" 200 2050 "-" "Mozilla/5.0 AppleWebKit/537.36 (KHTML, like Gecko; compatible; bingbot/2.0; +http://www.bing.com/bingbot.htm) Chrome/116.0.1938.76 Safari/537.36"
40.77.167.32 - - [13/Sep/2026:03:16:27 +0300] "GET /?p=60367 HTTP/2" 200 2050 "-" "Mozilla/5.0 AppleWebKit/537.36 (KHTML, like Gecko; compatible; bingbot/2.0; +http://www.bing.com/bingbot.htm) Chrome/116.0.1938.76 Safari/537.36"
40.77.167.32 - - [13/Sep/2026:03:16:27 +0300] "GET /?p=54882 HTTP/2" 200 2050 "-" "Mozilla/5.0 AppleWebKit/537.36 (KHTML, like Gecko; compatible; bingbot/2.0; +http://www.bing.com/bingbot.htm) Chrome/116.0.1938.76 Safari/537.36"
57.141.20.72 - - [13/Sep/2026:03:16:32 +0300] "GET /horasan-baba-ve-coban-dede/ HTTP/2" 404 796 "-" "Mozilla/5.0 (Windows NT 10.0; Win64; x64) AppleWebKit/537.36 (KHTML, like Gecko) Chrome/145.0.0.0 Safari/537.36 (compatible; meta-webindexer/1.1 (+https://developers.facebook.com/docs/sharing/webmasters/crawler))"
41.249.153.149 - - [13/Sep/2026:03:16:32 +0300] "POST /xmlrpc.php HTTP/1.1" 200 412 "-" "Jetpack/12.1; WordPress/6.3; http://site57203423.com"
66.249.70.163 - - [13/Sep/2026:03:16:03 +0300] "GET /?p=18802 HTTP/1.1" 200 2049 "-" "Mozilla/5.0 (Linux; Android 6.0.1; Nexus 5X Build/MMB29P) AppleWebKit/537.36 (KHTML, like Gecko) Chrome/152.0.7977.82 Mobile Safari/537.36 (compatible; Googlebot/2.1; +http://www.google.com/bot.html)"
66.249.70.163 - - [13/Sep/2026:03:16:06 +0300] "GET /?p=20579 HTTP/1.1" 200 2049 "-" "Mozilla/5.0 (Linux; Android 6.0.1; Nexus 5X Build/MMB29P) AppleWebKit/537.36 (KHTML, like Gecko) Chrome/152.0.7977.82 Mobile Safari/537.36 (compatible; Googlebot/2.1; +http://www.google.com/bot.html)"
66.249.70.163 - - [13/Sep/2026:03:16:09 +0300] "GET /?p=25170 HTTP/1.1" 200 2049 "-" "Mozilla/5.0 (Linux; Android 6.0.1; Nexus 5X Build/MMB29P) AppleWebKit/537.36 (KHTML, like Gecko) Chrome/152.0.7977.82 Mobile Safari/537.36 (compatible; Googlebot/2.1; +http://www.google.com/bot.html)"
66.249.70.163 - - [13/Sep/2026:03:16:13 +0300] "GET /?p=23974 HTTP/1.1" 200 2051 "-" "Mozilla/5.0 (Linux; Android 6.0.1; Nexus 5X Build/MMB29P) AppleWebKit/537.36 (KHTML, like Gecko) Chrome/152.0.7977.82 Mobile Safari/537.36 (compatible; Googlebot/2.1; +http://www.google.com/bot.html)"
66.249.70.163 - - [13/Sep/2026:03:16:15 +0300] "GET /?p=71213 HTTP/1.1" 200 2051 "-" "Mozilla/5.0 (Linux; Android 6.0.1; Nexus 5X Build/MMB29P) AppleWebKit/537.36 (KHTML, like Gecko) Chrome/152.0.7977.82 Mobile Safari/537.36 (compatible; Googlebot/2.1; +http://www.google.com/bot.html)"
98.83.226.125 - - [13/Sep/2026:03:16:15 +0300] "GET /kategori/silsile/silsile-i-halveti/page/3/ HTTP/1.1" 404 796 "-" "Mozilla/5.0 AppleWebKit/537.36 (KHTML, like Gecko; compatible; Amazonbot/0.1; +https://developer.amazon.com/support/amazonbot) Chrome/119.0.6045.214 Safari/537.36"
66.249.70.163 - - [13/Sep/2026:03:16:16 +0300] "GET /?p=46208 HTTP/1.1" 200 2051 "-" "Mozilla/5.0 (Linux; Android 6.0.1; Nexus 5X Build/MMB29P) AppleWebKit/537.36 (KHTML, like Gecko) Chrome/152.0.7977.82 Mobile Safari/537.36 (compatible; Googlebot/2.1; +http://www.google.com/bot.html)"
66.249.70.163 - - [13/Sep/2026:03:16:18 +0300] "GET /?p=7965 HTTP/1.1" 200 2023 "-" "Mozilla/5.0 (Linux; Android 6.0.1; Nexus 5X Build/MMB29P) AppleWebKit/537.36 (KHTML, like Gecko) Chrome/152.0.7977.82 Mobile Safari/537.36 (compatible; Googlebot/2.1; +http://www.google.com/bot.html)"
66.249.70.163 - - [13/Sep/2026:03:16:22 +0300] "GET /?p=58559 HTTP/1.1" 200 2050 "-" "Mozilla/5.0 (Linux; Android 6.0.1; Nexus 5X Build/MMB29P) AppleWebKit/537.36 (KHTML, like Gecko) Chrome/152.0.7977.82 Mobile Safari/537.36 (compatible; Googlebot/2.1; +http://www.google.com/bot.html)"
66.249.70.163 - - [13/Sep/2026:03:16:25 +0300] "GET /?p=4991 HTTP/1.1" 200 2050 "-" "Mozilla/5.0 (Linux; Android 6.0.1; Nexus 5X Build/MMB29P) AppleWebKit/537.36 (KHTML, like Gecko) Chrome/152.0.7977.82 Mobile Safari/537.36 (compatible; Googlebot/2.1; +http://www.google.com/bot.html)"
66.249.70.163 - - [13/Sep/2026:03:16:26 +0300] "GET /?p=15920 HTTP/1.1" 200 2050 "-" "Mozilla/5.0 (Linux; Android 6.0.1; Nexus 5X Build/MMB29P) AppleWebKit/537.36 (KHTML, like Gecko) Chrome/152.0.7977.82 Mobile Safari/537.36 (compatible; Googlebot/2.1; +http://www.google.com/bot.html)"
66.249.70.163 - - [13/Sep/2026:03:16:28 +0300] "GET /?p=75589 HTTP/1.1" 200 2050 "-" "Mozilla/5.0 (Linux; Android 6.0.1; Nexus 5X Build/MMB29P) AppleWebKit/537.36 (KHTML, like Gecko) Chrome/152.0.7977.82 Mobile Safari/537.36 (compatible; Googlebot/2.1; +http://www.google.com/bot.html)"
66.249.70.163 - - [13/Sep/2026:03:16:31 +0300] "GET /?p=51573 HTTP/1.1" 200 2050 "-" "Mozilla/5.0 (Linux; Android 6.0.1; Nexus 5X Build/MMB29P) AppleWebKit/537.36 (KHTML, like Gecko) Chrome/152.0.7977.82 Mobile Safari/537.36 (compatible; Googlebot/2.1; +http://www.google.com/bot.html)"
66.249.70.163 - - [13/Sep/2026:03:16:33 +0300] "GET /?p=45551 HTTP/1.1" 200 2050 "-" "Mozilla/5.0 (Linux; Android 6.0.1; Nexus 5X Build/MMB29P) AppleWebKit/537.36 (KHTML, like Gecko) Chrome/152.0.7977.82 Mobile Safari/537.36 (compatible; Googlebot/2.1; +http://www.google.com/bot.html)"
34.133.181.142 - - [13/Sep/2026:03:16:50 +0300] "GET /etiket/sayram-evliyalari/ HTTP/2" 404 796 "-" "Mozilla/5.0 AppleWebKit/537.36 (KHTML, like Gecko; compatible; Reflectionbot/1.0; +https://reflection.ai/bot) Chrome/151.0.0.0 Safari/537.36"
92.204.248.55 - - [13/Sep/2026:03:16:53 +0300] "GET /seyh-haydar-baba HTTP/1.1" 404 796 "-" "ias-ie/3.3 (former https://www.admantx.com + https://integralads.com/about-ias/)"
40.77.167.132 - - [13/Sep/2026:03:17:08 +0300] "GET /wp-content/uploads/2014/09/hasan-ve-huseyin-kardesler-3-265x198.jpg HTTP/2" 200 0 "-" "Mozilla/5.0 AppleWebKit/537.36 (KHTML, like Gecko; compatible; bingbot/2.0; +http://www.bing.com/bingbot.htm) Chrome/116.0.1938.76 Safari/537.36"
137.131.43.163 - - [13/Sep/2026:03:17:21 +0300] "GET / HTTP/1.1" 200 9794 "-" "Mozilla/5.0 (Windows NT 10.0; Win64; x64) AppleWebKit/537.36 (KHTML, like Gecko) Chrome/80.0.3987.149 Safari/537.36"
137.131.43.163 - - [13/Sep/2026:03:17:21 +0300] "GET //wp-includes/wlwmanifest.xml HTTP/1.1" 404 796 "-" "Mozilla/5.0 (Windows NT 10.0; Win64; x64) AppleWebKit/537.36 (KHTML, like Gecko) Chrome/80.0.3987.149 Safari/537.36"
137.131.43.163 - - [13/Sep/2026:03:17:21 +0300] "GET //xmlrpc.php?rsd HTTP/1.1" 200 816 "-" "Mozilla/5.0 (Windows NT 10.0; Win64; x64) AppleWebKit/537.36 (KHTML, like Gecko) Chrome/80.0.3987.149 Safari/537.36"
66.249.70.163 - - [13/Sep/2026:03:17:22 +0300] "GET /cahidi-sultan/ HTTP/1.1" 404 796 "-" "Mozilla/5.0 (Linux; Android 6.0.1; Nexus 5X Build/MMB29P) AppleWebKit/537.36 (KHTML, like Gecko) Chrome/152.0.7977.82 Mobile Safari/537.36 (compatible; Googlebot/2.1; +http://www.google.com/bot.html)"
137.131.43.163 - - [13/Sep/2026:03:17:22 +0300] "GET //?author=1 HTTP/1.1" 200 9999 "-" "Mozilla/5.0 (Windows NT 10.0; Win64; x64) AppleWebKit/537.36 (KHTML, like Gecko) Chrome/80.0.3987.149 Safari/537.36"
137.131.43.163 - - [13/Sep/2026:03:17:22 +0300] "GET //?author=2 HTTP/1.1" 200 9999 "-" "Mozilla/5.0 (Windows NT 10.0; Win64; x64) AppleWebKit/537.36 (KHTML, like Gecko) Chrome/80.0.3987.149 Safari/537.36"
137.131.43.163 - - [13/Sep/2026:03:17:22 +0300] "GET //wp-json/wp/v2/users/ HTTP/1.1" 404 796 "-" "Mozilla/5.0 (Windows NT 10.0; Win64; x64) AppleWebKit/537.36 (KHTML, like Gecko) Chrome/80.0.3987.149 Safari/537.36"
137.131.43.163 - - [13/Sep/2026:03:17:23 +0300] "GET //wp-json/oembed/1.0/embed?url=https://evliyalar.net/ HTTP/1.1" 404 796 "-" "Mozilla/5.0 (Windows NT 10.0; Win64; x64) AppleWebKit/537.36 (KHTML, like Gecko) Chrome/80.0.3987.149 Safari/537.36"
137.131.43.163 - - [13/Sep/2026:03:17:23 +0300] "POST //xmlrpc.php HTTP/1.1" 200 403 "-" "Mozilla/5.0 (Windows NT 10.0; Win64; x64) AppleWebKit/537.36 (KHTML, like Gecko) Chrome/80.0.3987.149 Safari/537.36"
137.131.43.163 - - [13/Sep/2026:03:17:24 +0300] "POST //xmlrpc.php HTTP/1.1" 200 410 "-" "Mozilla/5.0 (Windows NT 10.0; Win64; x64) AppleWebKit/537.36 (KHTML, like Gecko) Chrome/80.0.3987.149 Safari/537.36"
137.131.43.163 - - [13/Sep/2026:03:17:25 +0300] "POST //xmlrpc.php HTTP/1.1" 200 403 "-" "Mozilla/5.0 (Windows NT 10.0; Win64; x64) AppleWebKit/537.36 (KHTML, like Gecko) Chrome/80.0.3987.149 Safari/537.36"
137.131.43.163 - - [13/Sep/2026:03:17:26 +0300] "POST //xmlrpc.php HTTP/1.1" 200 410 "-" "Mozilla/5.0 (Windows NT 10.0; Win64; x64) AppleWebKit/537.36 (KHTML, like Gecko) Chrome/80.0.3987.149 Safari/537.36"
66.249.70.164 - - [13/Sep/2026:03:17:29 +0300] "GET /_autoindex/assets/icons/folder-fill.svg HTTP/1.1" 200 333 "https://www.evliyalar.net/?p=3367" "Mozilla/5.0 (Linux; Android 6.0.1; Nexus 5X Build/MMB29P) AppleWebKit/537.36 (KHTML, like Gecko) Chrome/152.0.7977.82 Mobile Safari/537.36 (compatible; Googlebot/2.1; +http://www.google.com/bot.html)"
137.131.43.163 - - [13/Sep/2026:03:17:28 +0300] "POST //xmlrpc.php HTTP/1.1" 200 410 "-" "Mozilla/5.0 (Windows NT 10.0; Win64; x64) AppleWebKit/537.36 (KHTML, like Gecko) Chrome/80.0.3987.149 Safari/537.36"
137.131.43.163 - - [13/Sep/2026:03:17:30 +0300] "POST //xmlrpc.php HTTP/1.1" 200 410 "-" "Mozilla/5.0 (Windows NT 10.0; Win64; x64) AppleWebKit/537.36 (KHTML, like Gecko) Chrome/80.0.3987.149 Safari/537.36"
40.77.167.32 - - [13/Sep/2026:03:16:34 +0300] "GET /?p=14881 HTTP/2" 200 2022 "-" "Mozilla/5.0 AppleWebKit/537.36 (KHTML, like Gecko; compatible; bingbot/2.0; +http://www.bing.com/bingbot.htm) Chrome/116.0.1938.76 Safari/537.36"
40.77.167.32 - - [13/Sep/2026:03:16:34 +0300] "GET /?p=51170 HTTP/2" 200 2050 "-" "Mozilla/5.0 AppleWebKit/537.36 (KHTML, like Gecko; compatible; bingbot/2.0; +http://www.bing.com/bingbot.htm) Chrome/116.0.1938.76 Safari/537.36"
41.249.153.149 - - [13/Sep/2026:03:16:43 +0300] "POST /xmlrpc.php HTTP/1.1" 200 412 "-" "Jetpack/12.5; WordPress/6.1; http://site10894284.com"
40.77.167.132 - - [13/Sep/2026:03:16:49 +0300] "GET /wp-content/uploads/2015/07/Ekran-Resmi-2015-07-16-18.45.50.png HTTP/2" 200 0 "-" "Mozilla/5.0 AppleWebKit/537.36 (KHTML, like Gecko; compatible; bingbot/2.0; +http://www.bing.com/bingbot.htm) Chrome/116.0.1938.76 Safari/537.36"
41.249.153.149 - - [13/Sep/2026:03:16:54 +0300] "POST /xmlrpc.php HTTP/1.1" 200 412 "-" "Jetpack by WordPress.com (Jetpack 12.0; WordPress 6.1)"
41.249.153.149 - - [13/Sep/2026:03:17:05 +0300] "POST /xmlrpc.php HTTP/1.1" 200 412 "-" "Jetpack by WordPress.com"
41.249.153.149 - - [13/Sep/2026:03:17:16 +0300] "POST /xmlrpc.php HTTP/1.1" 200 412 "-" "WordPress.com; https://wordpress.com"
41.249.153.149 - - [13/Sep/2026:03:17:27 +0300] "POST /xmlrpc.php HTTP/1.1" 200 412 "-" "WordPress.com; https://wordpress.com"
41.249.153.149 - - [13/Sep/2026:03:17:38 +0300] "POST /xmlrpc.php HTTP/1.1" 200 412 "-" "Jetpack by WordPress.com (Jetpack 13.0; WordPress 6.3)"
41.249.153.149 - - [13/Sep/2026:03:17:48 +0300] "POST /xmlrpc.php HTTP/1.1" 200 412 "-" "Jetpack/12.0; WordPress/6.3; http://site66116464.com"
17.166.152.94 - - [13/Sep/2026:03:18:01 +0300] "GET /kategori/anadolu-evliyalari/samsun-evliyalari/page/5/ HTTP/2" 404 796 "-" "Mozilla/5.0 (Macintosh; Intel Mac OS X 10_15_7) AppleWebKit/605.1.15 (KHTML, like Gecko) Version/17.4 Safari/605.1.15 (Applebot/0.1; +http://www.apple.com/go/applebot)"
41.249.153.149 - - [13/Sep/2026:03:17:59 +0300] "POST /xmlrpc.php HTTP/1.1" 200 412 "-" "Jetpack by WordPress.com (Jetpack 12.0; WordPress 6.4)"
83.190.39.209 - - [13/Sep/2026:03:17:59 +0300] "POST /wp-login.php HTTP/1.1" 200 3063 "https://evliyalar.net/wp-login.php" "Mozilla/5.0 (Windows NT 10.0; Win64; x64) AppleWebKit/537.36 (KHTML, like Gecko) Chrome/152.0.0.0 Safari/537.36"
103.134.59.35 - - [13/Sep/2026:03:18:03 +0300] "GET /wp-content/uploads/2015/06/HAVZA-2-2.jpg HTTP/1.1" 200 0 "https://google.com" "Mozilla/5.0 (X11; Linux i686 on x86_64) AppleWebKit/537.36 (KHTML, like Gecko) Chrome/70.0.3538.110 Safari/537.36"
17.166.22.74 - - [13/Sep/2026:03:18:04 +0300] "GET /location/devrane-sultan/ HTTP/2" 404 796 "-" "Mozilla/5.0 (Macintosh; Intel Mac OS X 10_15_7) AppleWebKit/605.1.15 (KHTML, like Gecko) Version/17.4 Safari/605.1.15 (Applebot/0.1; +http://www.apple.com/go/applebot)"
41.249.153.149 - - [13/Sep/2026:03:18:10 +0300] "POST /xmlrpc.php HTTP/1.1" 200 412 "-" "Jetpack/12.1; WordPress/6.3; http://site95444884.com"
57.141.20.76 - - [13/Sep/2026:03:18:14 +0300] "GET /iran-evliyalari/ HTTP/2" 404 796 "-" "Mozilla/5.0 (X11; Linux x86_64) AppleWebKit/537.36 (KHTML, like Gecko) Chrome/145.0.0.0 Safari/537.36 (compatible; meta-webindexer/1.1 (+https://developers.facebook.com/docs/sharing/webmasters/crawler))"
41.249.153.149 - - [13/Sep/2026:03:18:21 +0300] "POST /xmlrpc.php HTTP/1.1" 200 412 "-" "Jetpack by WordPress.com (Jetpack 12.1; WordPress 6.2)"
41.249.153.149 - - [13/Sep/2026:03:18:32 +0300] "POST /xmlrpc.php HTTP/1.1" 200 412 "-" "Jetpack/12.0; WordPress/6.2; http://site38832434.com"
41.249.153.149 - - [13/Sep/2026:03:18:43 +0300] "POST /xmlrpc.php HTTP/1.1" 200 412 "-" "Jetpack by WordPress.com (Jetpack 12.0; WordPress 6.2)"
41.249.153.149 - - [13/Sep/2026:03:18:53 +0300] "POST /xmlrpc.php HTTP/1.1" 200 412 "-" "Jetpack/13.0; WordPress/6.1; http://site49865685.com"
66.249.70.163 - - [13/Sep/2026:03:17:33 +0300] "GET /seyyid-ahmed-turbesi/ HTTP/1.1" 404 796 "-" "Mozilla/5.0 (Linux; Android 6.0.1; Nexus 5X Build/MMB29P) AppleWebKit/537.36 (KHTML, like Gecko) Chrome/152.0.7977.82 Mobile Safari/537.36 (compatible; Googlebot/2.1; +http://www.google.com/bot.html)"
137.131.43.163 - - [13/Sep/2026:03:17:31 +0300] "POST //xmlrpc.php HTTP/1.1" 200 410 "-" "Mozilla/5.0 (Windows NT 10.0; Win64; x64) AppleWebKit/537.36 (KHTML, like Gecko) Chrome/80.0.3987.149 Safari/537.36"
137.131.43.163 - - [13/Sep/2026:03:17:34 +0300] "POST //xmlrpc.php HTTP/1.1" 200 410 "-" "Mozilla/5.0 (Windows NT 10.0; Win64; x64) AppleWebKit/537.36 (KHTML, like Gecko) Chrome/80.0.3987.149 Safari/537.36"
137.131.43.163 - - [13/Sep/2026:03:17:38 +0300] "POST //xmlrpc.php HTTP/1.1" 200 410 "-" "Mozilla/5.0 (Windows NT 10.0; Win64; x64) AppleWebKit/537.36 (KHTML, like Gecko) Chrome/80.0.3987.149 Safari/537.36"
188.150.160.117 - - [13/Sep/2026:03:17:45 +0300] "GET /wp-login.php HTTP/2" 200 2963 "-" "Mozilla/5.0 (Windows NT 10.0; Win64; x64) AppleWebKit/537.36 (KHTML, like Gecko) Chrome/152.0.0.0 Safari/537.36"
137.131.43.163 - - [13/Sep/2026:03:17:43 +0300] "POST //xmlrpc.php HTTP/1.1" 200 410 "-" "Mozilla/5.0 (Windows NT 10.0; Win64; x64) AppleWebKit/537.36 (KHTML, like Gecko) Chrome/80.0.3987.149 Safari/537.36"
89.43.31.214 - - [13/Sep/2026:03:17:54 +0300] "POST /wp-cron.php?doing_wp_cron=1789258674.3015940189361572265625 HTTP/1.1" 200 0 "-" "WordPress/6.5.10; https://www.evliyalar.net"
137.131.43.163 - - [13/Sep/2026:03:17:48 +0300] "POST //xmlrpc.php HTTP/1.1" 200 410 "-" "Mozilla/5.0 (Windows NT 10.0; Win64; x64) AppleWebKit/537.36 (KHTML, like Gecko) Chrome/80.0.3987.149 Safari/537.36"
137.131.43.163 - - [13/Sep/2026:03:17:54 +0300] "POST //xmlrpc.php HTTP/1.1" 200 410 "-" "Mozilla/5.0 (Windows NT 10.0; Win64; x64) AppleWebKit/537.36 (KHTML, like Gecko) Chrome/80.0.3987.149 Safari/537.36"
137.131.43.163 - - [13/Sep/2026:03:18:03 +0300] "POST //xmlrpc.php HTTP/1.1" 200 410 "-" "Mozilla/5.0 (Windows NT 10.0; Win64; x64) AppleWebKit/537.36 (KHTML, like Gecko) Chrome/80.0.3987.149 Safari/537.36"
137.131.43.163 - - [13/Sep/2026:03:18:17 +0300] "POST //xmlrpc.php HTTP/1.1" 200 410 "-" "Mozilla/5.0 (Windows NT 10.0; Win64; x64) AppleWebKit/537.36 (KHTML, like Gecko) Chrome/80.0.3987.149 Safari/537.36"
137.131.43.163 - - [13/Sep/2026:03:18:32 +0300] "POST //xmlrpc.php HTTP/1.1" 200 410 "-" "Mozilla/5.0 (Windows NT 10.0; Win64; x64) AppleWebKit/537.36 (KHTML, like Gecko) Chrome/80.0.3987.149 Safari/537.36"
137.131.43.163 - - [13/Sep/2026:03:18:47 +0300] "POST //xmlrpc.php HTTP/1.1" 200 410 "-" "Mozilla/5.0 (Windows NT 10.0; Win64; x64) AppleWebKit/537.36 (KHTML, like Gecko) Chrome/80.0.3987.149 Safari/537.36"
101.47.55.75 - - [13/Sep/2026:03:19:08 +0300] "GET /wp-content/uploads/2015/09/Ekran-Resmi-2015-09-26-12.07.28-150x150.jpg HTTP/1.1" 200 5914 "http://www.evliyalar.net/" "Mozilla/5.0 (Windows NT 10.0; Win64; x64) AppleWebKit/537.36 (KHTML, like Gecko) Chrome/141.0.0.0 Safari/537.36"
137.131.43.163 - - [13/Sep/2026:03:19:02 +0300] "POST //xmlrpc.php HTTP/1.1" 200 410 "-" "Mozilla/5.0 (Windows NT 10.0; Win64; x64) AppleWebKit/537.36 (KHTML, like Gecko) Chrome/80.0.3987.149 Safari/537.36"
52.167.144.183 - - [13/Sep/2026:03:19:19 +0300] "GET /wp-content/uploads/2017/01/13174161_1002174246567528_7864246239813042033_n-1-150x150.jpg HTTP/2" 200 4877 "-" "Mozilla/5.0 AppleWebKit/537.36 (KHTML, like Gecko; compatible; bingbot/2.0; +http://www.bing.com/bingbot.htm) Chrome/116.0.1938.76 Safari/537.36"
34.193.2.57 - - [13/Sep/2026:03:19:29 +0300] "GET /wp-json/oembed/1.0/embed?format=xml&url=https://www.evliyalar.net/felahiye-turbeleri/ HTTP/1.1" 404 796 "-" "Mozilla/5.0 AppleWebKit/537.36 (KHTML, like Gecko; compatible; Amazonbot/0.1; +https://developer.amazon.com/support/amazonbot) Chrome/119.0.6045.214 Safari/537.36"
137.131.43.163 - - [13/Sep/2026:03:19:18 +0300] "POST //xmlrpc.php HTTP/1.1" 200 410 "-" "Mozilla/5.0 (Windows NT 10.0; Win64; x64) AppleWebKit/537.36 (KHTML, like Gecko) Chrome/80.0.3987.149 Safari/537.36"
52.167.144.231 - - [13/Sep/2026:03:19:39 +0300] "GET /?p=16942 HTTP/2" 200 2049 "-" "Mozilla/5.0 AppleWebKit/537.36 (KHTML, like Gecko; compatible; bingbot/2.0; +http://www.bing.com/bingbot.htm) Chrome/136.0.0.0 Safari/537.36 AppleWebKit/537.36 (KHTML, like Gecko; compatible; bingbot/2.0; +http://www.bing.com/bingbot.htm) Chrome/116.0.1938.76 Safari/537.36"
52.167.144.231 - - [13/Sep/2026:03:19:40 +0300] "GET /wp-content/uploads/2020/04/Seyyid-Nizam6-560x420.jpg HTTP/2" 200 20888 "-" "Mozilla/5.0 AppleWebKit/537.36 (KHTML, like Gecko; compatible; bingbot/2.0; +http://www.bing.com/bingbot.htm) Chrome/116.0.1938.76 Safari/537.36"
137.131.43.163 - - [13/Sep/2026:03:19:32 +0300] "POST //xmlrpc.php HTTP/1.1" 200 410 "-" "Mozilla/5.0 (Windows NT 10.0; Win64; x64) AppleWebKit/537.36 (KHTML, like Gecko) Chrome/80.0.3987.149 Safari/537.36"
45.78.206.86 - - [13/Sep/2026:03:19:48 +0300] "GET /wp-admin/admin-ajax.php?action=process_simple_like&nonce=d16f34a47f&post_id=3220&disabled=true&is_comment=0 HTTP/2" 403 787 "-" "Mozilla/5.0 (Macintosh; Intel Mac OS X 10_15_7) AppleWebKit/605.1.15 (KHTML, like Gecko) Version/18.0 Safari/605.1.15"
176.237.88.21 - - [13/Sep/2026:03:19:56 +0300] "GET /wp-content/uploads/2015/10/DSC01250.jpg HTTP/2" 200 1077396 "https://www.google.com/" "Mozilla/5.0 (iPhone; CPU iPhone OS 18_7 like Mac OS X) AppleWebKit/605.1.15 (KHTML, like Gecko) Version/26.6.1 Mobile/15E148 Safari/604.1"
176.237.88.21 - - [13/Sep/2026:03:19:58 +0300] "GET /wp-content/uploads/2016/12/IMG_3263.jpg HTTP/2" 200 198996 "https://www.google.com/" "Mozilla/5.0 (iPhone; CPU iPhone OS 18_7 like Mac OS X) AppleWebKit/605.1.15 (KHTML, like Gecko) Version/26.6.1 Mobile/15E148 Safari/604.1"
137.131.43.163 - - [13/Sep/2026:03:19:46 +0300] "POST //xmlrpc.php HTTP/1.1" 200 410 "-" "Mozilla/5.0 (Windows NT 10.0; Win64; x64) AppleWebKit/537.36 (KHTML, like Gecko) Chrome/80.0.3987.149 Safari/537.36"
176.237.88.21 - - [13/Sep/2026:03:20:02 +0300] "GET /wp-content/uploads/2015/10/DSC01244.jpg HTTP/2" 200 1034236 "https://www.google.com/" "Mozilla/5.0 (iPhone; CPU iPhone OS 18_7 like Mac OS X) AppleWebKit/605.1.15 (KHTML, like Gecko) Version/26.6.1 Mobile/15E148 Safari/604.1"
176.237.88.21 - - [13/Sep/2026:03:20:04 +0300] "GET /wp-content/uploads/2015/10/DSC01224.jpg HTTP/2" 200 1147429 "https://www.google.com/" "Mozilla/5.0 (iPhone; CPU iPhone OS 18_7 like Mac OS X) AppleWebKit/605.1.15 (KHTML, like Gecko) Version/26.6.1 Mobile/15E148 Safari/604.1"
137.131.43.163 - - [13/Sep/2026:03:20:02 +0300] "POST //xmlrpc.php HTTP/1.1" 200 410 "-" "Mozilla/5.0 (Windows NT 10.0; Win64; x64) AppleWebKit/537.36 (KHTML, like Gecko) Chrome/80.0.3987.149 Safari/537.36"
137.131.43.163 - - [13/Sep/2026:03:20:17 +0300] "POST //xmlrpc.php HTTP/1.1" 200 410 "-" "Mozilla/5.0 (Windows NT 10.0; Win64; x64) AppleWebKit/537.36 (KHTML, like Gecko) Chrome/80.0.3987.149 Safari/537.36"
137.131.43.163 - - [13/Sep/2026:03:20:32 +0300] "POST //xmlrpc.php HTTP/1.1" 200 410 "-" "Mozilla/5.0 (Windows NT 10.0; Win64; x64) AppleWebKit/537.36 (KHTML, like Gecko) Chrome/80.0.3987.149 Safari/537.36"
57.141.20.39 - - [13/Sep/2026:03:20:50 +0300] "GET /kategori/iran-evliyalari/ HTTP/2" 404 796 "-" "Mozilla/5.0 (Windows NT 10.0; Win64; x64) AppleWebKit/537.36 (KHTML, like Gecko) Chrome/145.0.0.0 Safari/537.36 (compatible; meta-webindexer/1.1 (+https://developers.facebook.com/docs/sharing/webmasters/crawler))"
137.131.43.163 - - [13/Sep/2026:03:20:47 +0300] "POST //xmlrpc.php HTTP/1.1" 200 410 "-" "Mozilla/5.0 (Windows NT 10.0; Win64; x64) AppleWebKit/537.36 (KHTML, like Gecko) Chrome/80.0.3987.149 Safari/537.36"
74.7.243.43 - - [13/Sep/2026:03:21:09 +0300] "GET /kategori/dunya/irak-evliyalari/bagdat-evliyalari/?filter_by=random_posts HTTP/2" 404 796 "-" "Mozilla/5.0 (Macintosh; Intel Mac OS X 10_15_7) AppleWebKit/537.36 (KHTML, like Gecko) Chrome/131.0.0.0 Safari/537.36; compatible; OAI-SearchBot/1.4; +https://openai.com/searchbot"
40.77.188.83 - - [13/Sep/2026:03:18:58 +0300] "GET /?p=33046 HTTP/2" 200 2024 "-" "Mozilla/5.0 AppleWebKit/537.36 (KHTML, like Gecko; compatible; bingbot/2.0; +http://www.bing.com/bingbot.htm) Chrome/136.0.0.0 Safari/537.36"
41.249.153.149 - - [13/Sep/2026:03:19:04 +0300] "POST /xmlrpc.php HTTP/1.1" 200 412 "-" "WordPress.com; https://wordpress.com"
41.249.153.149 - - [13/Sep/2026:03:19:15 +0300] "POST /xmlrpc.php HTTP/1.1" 200 412 "-" "Jetpack by WordPress.com"
41.249.153.149 - - [13/Sep/2026:03:19:26 +0300] "POST /xmlrpc.php HTTP/1.1" 200 412 "-" "Jetpack by WordPress.com (Jetpack 12.5; WordPress 6.3)"
41.249.153.149 - - [13/Sep/2026:03:19:37 +0300] "POST /xmlrpc.php HTTP/1.1" 200 412 "-" "Jetpack by WordPress.com (Jetpack 12.0; WordPress 6.3)"
40.77.177.50 - - [13/Sep/2026:03:19:39 +0300] "GET /?p=16942 HTTP/2" 200 2049 "-" "Mozilla/5.0 AppleWebKit/537.36 (KHTML, like Gecko; compatible; bingbot/2.0; +http://www.bing.com/bingbot.htm) Chrome/136.0.0.0 Safari/537.36"
217.251.243.169 - - [13/Sep/2026:03:19:46 +0300] "GET /wp-content/uploads/2015/10/DSC01975.jpg HTTP/2" 200 1086282 "https://www.google.com/" "Mozilla/5.0 (iPhone; CPU iPhone OS 26_6_1 like Mac OS X) AppleWebKit/605.1.15 (KHTML, like Gecko) CriOS/153.0.8010.24 Mobile/15E148 Safari/604.1"
41.249.153.149 - - [13/Sep/2026:03:19:48 +0300] "POST /xmlrpc.php HTTP/1.1" 200 412 "-" "Jetpack/12.1; WordPress/6.3; http://site25456490.com"
17.166.24.176 - - [13/Sep/2026:03:19:52 +0300] "GET /wp-content/uploads/2014/12/Haci-hafiz-Mustafa-Ozgur1.jpg HTTP/2" 200 35427 "-" "Mozilla/5.0 (Macintosh; Intel Mac OS X 10_15_7) AppleWebKit/605.1.15 (KHTML, like Gecko) Version/17.4 Safari/605.1.15 (Applebot/0.1; +http://www.apple.com/go/applebot)"
41.249.153.149 - - [13/Sep/2026:03:19:59 +0300] "POST /xmlrpc.php HTTP/1.1" 200 412 "-" "Jetpack by WordPress.com (Jetpack 12.5; WordPress 6.3)"
52.167.144.183 - - [13/Sep/2026:03:20:09 +0300] "GET /wp-content/uploads/2023/03/Gelibolu-Mevlevihanesi6-2048x1093.jpg HTTP/2" 200 262451 "-" "Mozilla/5.0 AppleWebKit/537.36 (KHTML, like Gecko; compatible; bingbot/2.0; +http://www.bing.com/bingbot.htm) Chrome/116.0.1938.76 Safari/537.36"
41.249.153.149 - - [13/Sep/2026:03:20:10 +0300] "POST /xmlrpc.php HTTP/1.1" 200 412 "-" "Jetpack by WordPress.com (Jetpack 12.0; WordPress 6.4)"
41.249.153.149 - - [13/Sep/2026:03:20:20 +0300] "POST /xmlrpc.php HTTP/1.1" 200 412 "-" "Jetpack by WordPress.com"
52.167.144.183 - - [13/Sep/2026:03:20:29 +0300] "GET /wp-content/uploads/2020/04/%C4%B0brahim-Hayrani-6-631x420.jpg HTTP/2" 200 40532 "-" "Mozilla/5.0 AppleWebKit/537.36 (KHTML, like Gecko; compatible; bingbot/2.0; +http://www.bing.com/bingbot.htm) Chrome/116.0.1938.76 Safari/537.36"
52.167.144.183 - - [13/Sep/2026:03:20:30 +0300] "GET /wp-content/uploads/2022/11/Keskin-dede6-696x338.jpg HTTP/2" 200 51884 "-" "Mozilla/5.0 AppleWebKit/537.36 (KHTML, like Gecko; compatible; bingbot/2.0; +http://www.bing.com/bingbot.htm) Chrome/116.0.1938.76 Safari/537.36"
41.249.153.149 - - [13/Sep/2026:03:20:31 +0300] "POST /xmlrpc.php HTTP/1.1" 200 412 "-" "Jetpack by WordPress.com"
41.249.153.149 - - [13/Sep/2026:03:20:42 +0300] "POST /xmlrpc.php HTTP/1.1" 200 412 "-" "Jetpack/12.1; WordPress/6.2; http://site57230392.com"
41.249.153.149 - - [13/Sep/2026:03:20:53 +0300] "POST /xmlrpc.php HTTP/1.1" 200 412 "-" "Jetpack/12.0; WordPress/6.1; http://site82999751.com"
41.249.153.149 - - [13/Sep/2026:03:21:04 +0300] "POST /xmlrpc.php HTTP/1.1" 200 412 "-" "Jetpack by WordPress.com (Jetpack 12.0; WordPress 6.2)"
41.249.153.149 - - [13/Sep/2026:03:21:15 +0300] "POST /xmlrpc.php HTTP/1.1" 200 412 "-" "Jetpack by WordPress.com (Jetpack 12.1; WordPress 6.2)"
17.166.24.169 - - [13/Sep/2026:03:21:19 +0300] "GET /kategori/anadolu-evliyalari/mersin-evliyalari/silifke-evliyalari/ HTTP/2" 404 796 "-" "Mozilla/5.0 (Macintosh; Intel Mac OS X 10_15_7) AppleWebKit/605.1.15 (KHTML, like Gecko) Version/17.4 Safari/605.1.15 (Applebot/0.1; +http://www.apple.com/go/applebot)"
52.167.144.231 - - [13/Sep/2026:03:21:22 +0300] "GET /wp-content/uploads/2016/07/IMG_4664.jpg HTTP/2" 200 629905 "-" "Mozilla/5.0 AppleWebKit/537.36 (KHTML, like Gecko; compatible; bingbot/2.0; +http://www.bing.com/bingbot.htm) Chrome/116.0.1938.76 Safari/537.36"
52.167.144.231 - - [13/Sep/2026:03:21:24 +0300] "GET /wp-content/uploads/2024/05/Taptuk-Emre4.jpg HTTP/2" 200 65157 "-" "Mozilla/5.0 AppleWebKit/537.36 (KHTML, like Gecko; compatible; bingbot/2.0; +http://www.bing.com/bingbot.htm) Chrome/116.0.1938.76 Safari/537.36"
52.167.144.231 - - [13/Sep/2026:03:21:26 +0300] "GET /?p=55362 HTTP/2" 200 2043 "-" "Mozilla/5.0 AppleWebKit/537.36 (KHTML, like Gecko; compatible; bingbot/2.0; +http://www.bing.com/bingbot.htm) Chrome/116.0.1938.76 Safari/537.36"
52.167.144.231 - - [13/Sep/2026:03:21:26 +0300] "GET /?p=63745 HTTP/2" 200 2047 "-" "Mozilla/5.0 AppleWebKit/537.36 (KHTML, like Gecko; compatible; bingbot/2.0; +http://www.bing.com/bingbot.htm) Chrome/116.0.1938.76 Safari/537.36"
41.249.153.149 - - [13/Sep/2026:03:21:26 +0300] "POST /xmlrpc.php HTTP/1.1" 200 412 "-" "Jetpack/12.5; WordPress/6.2; http://site76161649.com"
52.167.144.183 - - [13/Sep/2026:03:21:34 +0300] "GET /?p=11580 HTTP/2" 200 2047 "-" "Mozilla/5.0 AppleWebKit/537.36 (KHTML, like Gecko; compatible; bingbot/2.0; +http://www.bing.com/bingbot.htm) Chrome/116.0.1938.76 Safari/537.36"
52.167.144.183 - - [13/Sep/2026:03:21:34 +0300] "GET /?p=76240 HTTP/2" 200 2047 "-" "Mozilla/5.0 AppleWebKit/537.36 (KHTML, like Gecko; compatible; bingbot/2.0; +http://www.bing.com/bingbot.htm) Chrome/116.0.1938.76 Safari/537.36"
52.167.144.183 - - [13/Sep/2026:03:21:35 +0300] "GET /?p=35471 HTTP/2" 200 2047 "-" "Mozilla/5.0 AppleWebKit/537.36 (KHTML, like Gecko; compatible; bingbot/2.0; +http://www.bing.com/bingbot.htm) Chrome/116.0.1938.76 Safari/537.36"
41.249.153.149 - - [13/Sep/2026:03:21:37 +0300] "POST /xmlrpc.php HTTP/1.1" 200 412 "-" "Jetpack by WordPress.com"
41.249.153.149 - - [13/Sep/2026:03:21:47 +0300] "POST /xmlrpc.php HTTP/1.1" 200 412 "-" "Jetpack by WordPress.com (Jetpack 12.1; WordPress 6.3)"
66.249.70.163 - - [13/Sep/2026:03:21:56 +0300] "GET /?p=22504 HTTP/1.1" 200 2022 "-" "Mozilla/5.0 (Linux; Android 6.0.1; Nexus 5X Build/MMB29P) AppleWebKit/537.36 (KHTML, like Gecko) Chrome/152.0.7977.82 Mobile Safari/537.36 (compatible; Googlebot/2.1; +http://www.google.com/bot.html)"
52.167.144.183 - - [13/Sep/2026:03:21:59 +0300] "GET /wp-content/uploads/2014/09/arapzade-efendi31-696x522.jpg HTTP/2" 200 0 "-" "Mozilla/5.0 AppleWebKit/537.36 (KHTML, like Gecko; compatible; bingbot/2.0; +http://www.bing.com/bingbot.htm) Chrome/116.0.1938.76 Safari/537.36"
41.249.153.149 - - [13/Sep/2026:03:21:58 +0300] "POST /xmlrpc.php HTTP/1.1" 200 412 "-" "Jetpack/12.0; WordPress/6.4; http://site72463762.com"
41.249.153.149 - - [13/Sep/2026:03:22:09 +0300] "POST /xmlrpc.php HTTP/1.1" 200 412 "-" "Jetpack/12.5; WordPress/6.2; http://site48770689.com"
23.21.119.232 - - [13/Sep/2026:03:22:12 +0300] "GET /wp-json/oembed/1.0/embed?format=xml&url=https://www.evliyalar.net/comak-dede-nigde/ HTTP/1.1" 404 796 "-" "Mozilla/5.0 AppleWebKit/537.36 (KHTML, like Gecko; compatible; Amazonbot/0.1; +https://developer.amazon.com/support/amazonbot) Chrome/119.0.6045.214 Safari/537.36"
41.249.153.149 - - [13/Sep/2026:03:22:20 +0300] "POST /xmlrpc.php HTTP/1.1" 200 412 "-" "Jetpack/12.1; WordPress/6.4; http://site21398359.com"
52.167.144.231 - - [13/Sep/2026:03:22:22 +0300] "GET /?s=%241%2520Face%2520Value%2520Bag%2520US%2520Mixed%252090%25%2520Silver HTTP/2" 200 2025 "-" "Mozilla/5.0 AppleWebKit/537.36 (KHTML, like Gecko; compatible; bingbot/2.0; +http://www.bing.com/bingbot.htm) Chrome/116.0.1938.76 Safari/537.36"
41.249.153.149 - - [13/Sep/2026:03:22:31 +0300] "POST /xmlrpc.php HTTP/1.1" 200 412 "-" "Jetpack/12.5; WordPress/6.4; http://site99806056.com"
137.131.43.163 - - [13/Sep/2026:03:21:02 +0300] "POST //xmlrpc.php HTTP/1.1" 200 410 "-" "Mozilla/5.0 (Windows NT 10.0; Win64; x64) AppleWebKit/537.36 (KHTML, like Gecko) Chrome/80.0.3987.149 Safari/537.36"
66.249.70.164 - - [13/Sep/2026:03:21:31 +0300] "GET /?p=25611 HTTP/1.1" 200 2047 "-" "Mozilla/5.0 (Linux; Android 6.0.1; Nexus 5X Build/MMB29P) AppleWebKit/537.36 (KHTML, like Gecko) Chrome/152.0.7977.82 Mobile Safari/537.36 (compatible; Googlebot/2.1; +http://www.google.com/bot.html)"
137.131.43.163 - - [13/Sep/2026:03:21:17 +0300] "POST //xmlrpc.php HTTP/1.1" 200 410 "-" "Mozilla/5.0 (Windows NT 10.0; Win64; x64) AppleWebKit/537.36 (KHTML, like Gecko) Chrome/80.0.3987.149 Safari/537.36"
17.166.234.241 - - [13/Sep/2026:03:21:41 +0300] "GET /kategori/yollar/naksibendiyye/hulusi-efendi-kolu/page/3/?filter_by=review_high HTTP/2" 404 796 "-" "Mozilla/5.0 (Macintosh; Intel Mac OS X 10_15_7) AppleWebKit/605.1.15 (KHTML, like Gecko) Version/17.4 Safari/605.1.15 (Applebot/0.1; +http://www.apple.com/go/applebot)"
137.131.43.163 - - [13/Sep/2026:03:21:32 +0300] "POST //xmlrpc.php HTTP/1.1" 200 410 "-" "Mozilla/5.0 (Windows NT 10.0; Win64; x64) AppleWebKit/537.36 (KHTML, like Gecko) Chrome/80.0.3987.149 Safari/537.36"
137.131.43.163 - - [13/Sep/2026:03:21:47 +0300] "POST //xmlrpc.php HTTP/1.1" 200 410 "-" "Mozilla/5.0 (Windows NT 10.0; Win64; x64) AppleWebKit/537.36 (KHTML, like Gecko) Chrome/80.0.3987.149 Safari/537.36"
137.131.43.163 - - [13/Sep/2026:03:22:02 +0300] "POST //xmlrpc.php HTTP/1.1" 200 410 "-" "Mozilla/5.0 (Windows NT 10.0; Win64; x64) AppleWebKit/537.36 (KHTML, like Gecko) Chrome/80.0.3987.149 Safari/537.36"
17.166.235.68 - - [13/Sep/2026:03:22:25 +0300] "GET /etiket/kazakistan-evliyalari/page/2/ HTTP/2" 404 796 "-" "Mozilla/5.0 (Macintosh; Intel Mac OS X 10_15_7) AppleWebKit/605.1.15 (KHTML, like Gecko) Version/17.4 Safari/605.1.15 (Applebot/0.1; +http://www.apple.com/go/applebot)"
17.166.234.229 - - [13/Sep/2026:03:22:28 +0300] "GET /wp-content/uploads/2023/01/Ali-Ihsan-Dede3.jpg HTTP/2" 200 161416 "-" "Mozilla/5.0 (Macintosh; Intel Mac OS X 10_15_7) AppleWebKit/605.1.15 (KHTML, like Gecko) Version/17.4 Safari/605.1.15 (Applebot/0.1; +http://www.apple.com/go/applebot)"
137.131.43.163 - - [13/Sep/2026:03:22:16 +0300] "POST //xmlrpc.php HTTP/1.1" 200 410 "-" "Mozilla/5.0 (Windows NT 10.0; Win64; x64) AppleWebKit/537.36 (KHTML, like Gecko) Chrome/80.0.3987.149 Safari/537.36"
137.131.43.163 - - [13/Sep/2026:03:22:32 +0300] "POST //xmlrpc.php HTTP/1.1" 200 410 "-" "Mozilla/5.0 (Windows NT 10.0; Win64; x64) AppleWebKit/537.36 (KHTML, like Gecko) Chrome/80.0.3987.149 Safari/537.36"
89.43.31.214 - - [13/Sep/2026:03:22:53 +0300] "POST /wp-cron.php?doing_wp_cron=1789258973.6546049118041992187500 HTTP/1.1" 200 0 "-" "WordPress/6.5.10; https://www.evliyalar.net"
17.166.20.38 - - [13/Sep/2026:03:22:55 +0300] "GET /etiket/seyh-ismail-siraceddin-sirvani/ HTTP/2" 404 796 "-" "Mozilla/5.0 (Macintosh; Intel Mac OS X 10_15_7) AppleWebKit/605.1.15 (KHTML, like Gecko) Version/17.4 Safari/605.1.15 (Applebot/0.1; +http://www.apple.com/go/applebot)"
52.167.144.231 - - [13/Sep/2026:03:22:57 +0300] "GET /?p=65653 HTTP/2" 200 2050 "-" "Mozilla/5.0 AppleWebKit/537.36 (KHTML, like Gecko; compatible; bingbot/2.0; +http://www.bing.com/bingbot.htm) Chrome/116.0.1938.76 Safari/537.36"
52.167.144.231 - - [13/Sep/2026:03:22:57 +0300] "GET /?p=55283 HTTP/2" 200 2050 "-" "Mozilla/5.0 AppleWebKit/537.36 (KHTML, like Gecko; compatible; bingbot/2.0; +http://www.bing.com/bingbot.htm) Chrome/116.0.1938.76 Safari/537.36"
52.167.144.231 - - [13/Sep/2026:03:22:57 +0300] "GET /?p=49509 HTTP/2" 200 2050 "-" "Mozilla/5.0 AppleWebKit/537.36 (KHTML, like Gecko; compatible; bingbot/2.0; +http://www.bing.com/bingbot.htm) Chrome/116.0.1938.76 Safari/537.36"
52.167.144.231 - - [13/Sep/2026:03:22:58 +0300] "GET /?p=18499 HTTP/2" 200 2024 "-" "Mozilla/5.0 AppleWebKit/537.36 (KHTML, like Gecko; compatible; bingbot/2.0; +http://www.bing.com/bingbot.htm) Chrome/116.0.1938.76 Safari/537.36"
112.200.34.9 - - [13/Sep/2026:03:22:43 +0300] "GET /wp-json/oembed/1.0/embed?url=https%3A%2F%2Fwww.evliyalar.net%2Fyedierenler-canakkale%2F&format=xml HTTP/2" 404 796 "-" "Mozilla/5.0 (Macintosh; Intel Mac OS X 10_12_6) AppleWebKit/537.36 (KHTML, like Gecko) Firefox/96.0.871.45 Safari/537.36"
52.167.144.183 - - [13/Sep/2026:03:22:43 +0300] "GET /?p=11002 HTTP/2" 200 2025 "-" "Mozilla/5.0 AppleWebKit/537.36 (KHTML, like Gecko; compatible; bingbot/2.0; +http://www.bing.com/bingbot.htm) Chrome/116.0.1938.76 Safari/537.36"
52.167.144.183 - - [13/Sep/2026:03:22:43 +0300] "GET /?p=60432 HTTP/2" 200 2050 "-" "Mozilla/5.0 AppleWebKit/537.36 (KHTML, like Gecko; compatible; bingbot/2.0; +http://www.bing.com/bingbot.htm) Chrome/116.0.1938.76 Safari/537.36"
66.249.70.164 - - [13/Sep/2026:03:22:43 +0300] "GET /?p=45708 HTTP/1.1" 200 2050 "-" "Mozilla/5.0 (Linux; Android 6.0.1; Nexus 5X Build/MMB29P) AppleWebKit/537.36 (KHTML, like Gecko) Chrome/152.0.7977.82 Mobile Safari/537.36 (compatible; Googlebot/2.1; +http://www.google.com/bot.html)"
41.249.153.149 - - [13/Sep/2026:03:22:42 +0300] "POST /xmlrpc.php HTTP/1.1" 200 412 "-" "WordPress.com; https://wordpress.com"
52.167.144.183 - - [13/Sep/2026:03:22:44 +0300] "GET /?p=8998 HTTP/2" 200 2050 "-" "Mozilla/5.0 AppleWebKit/537.36 (KHTML, like Gecko; compatible; bingbot/2.0; +http://www.bing.com/bingbot.htm) Chrome/116.0.1938.76 Safari/537.36"
66.249.70.164 - - [13/Sep/2026:03:22:45 +0300] "GET /seyh-bekir-efendi/img_4455/ HTTP/1.1" 404 796 "-" "Mozilla/5.0 (Linux; Android 6.0.1; Nexus 5X Build/MMB29P) AppleWebKit/537.36 (KHTML, like Gecko) Chrome/152.0.7977.82 Mobile Safari/537.36 (compatible; Googlebot/2.1; +http://www.google.com/bot.html)"
41.249.153.149 - - [13/Sep/2026:03:22:53 +0300] "POST /xmlrpc.php HTTP/1.1" 200 412 "-" "Jetpack by WordPress.com"
41.249.153.149 - - [13/Sep/2026:03:23:03 +0300] "POST /xmlrpc.php HTTP/1.1" 200 412 "-" "WordPress.com; https://wordpress.com"
52.167.144.183 - - [13/Sep/2026:03:23:07 +0300] "GET /?p=50730 HTTP/2" 200 2049 "-" "Mozilla/5.0 AppleWebKit/537.36 (KHTML, like Gecko; compatible; bingbot/2.0; +http://www.bing.com/bingbot.htm) Chrome/116.0.1938.76 Safari/537.36"
52.167.144.183 - - [13/Sep/2026:03:23:07 +0300] "GET /?p=20282 HTTP/2" 200 2049 "-" "Mozilla/5.0 AppleWebKit/537.36 (KHTML, like Gecko; compatible; bingbot/2.0; +http://www.bing.com/bingbot.htm) Chrome/116.0.1938.76 Safari/537.36"
41.249.153.149 - - [13/Sep/2026:03:23:14 +0300] "POST /xmlrpc.php HTTP/1.1" 200 412 "-" "Jetpack by WordPress.com"
41.249.153.149 - - [13/Sep/2026:03:23:25 +0300] "POST /xmlrpc.php HTTP/1.1" 200 412 "-" "Jetpack by WordPress.com (Jetpack 13.0; WordPress 6.2)"
41.249.153.149 - - [13/Sep/2026:03:23:36 +0300] "POST /xmlrpc.php HTTP/1.1" 200 412 "-" "WordPress.com; https://wordpress.com"
41.249.153.149 - - [13/Sep/2026:03:23:47 +0300] "POST /xmlrpc.php HTTP/1.1" 200 412 "-" "Jetpack by WordPress.com"
41.249.153.149 - - [13/Sep/2026:03:23:58 +0300] "POST /xmlrpc.php HTTP/1.1" 200 412 "-" "Jetpack/13.0; WordPress/6.2; http://site26481783.com"
41.249.153.149 - - [13/Sep/2026:03:24:08 +0300] "POST /xmlrpc.php HTTP/1.1" 200 412 "-" "Jetpack by WordPress.com (Jetpack 13.0; WordPress 6.1)"
57.141.20.3 - - [13/Sep/2026:03:24:13 +0300] "GET /kategori/yollar/horasan-erenleri/ HTTP/2" 404 796 "-" "Mozilla/5.0 (Windows NT 10.0; Win64; x64) AppleWebKit/537.36 (KHTML, like Gecko) Chrome/145.0.0.0 Safari/537.36 (compatible; meta-webindexer/1.1 (+https://developers.facebook.com/docs/sharing/webmasters/crawler))"
41.249.153.149 - - [13/Sep/2026:03:24:19 +0300] "POST /xmlrpc.php HTTP/1.1" 200 412 "-" "Jetpack by WordPress.com (Jetpack 12.1; WordPress 6.2)"
176.237.84.232 - - [13/Sep/2026:03:24:21 +0300] "GET /wp-content/uploads/2023/06/Pir-Ali-Baba1.jpeg HTTP/2" 200 107821 "https://www.google.com/" "Mozilla/5.0 (Linux; Android 14; SM-A536E Build/UP1A.231005.007; wv) AppleWebKit/537.36 (KHTML, like Gecko) Version/4.0 Chrome/151.0.7922.199 Mobile Safari/537.36 GoogleApp/17.54.12.ve.arm64"
137.131.43.163 - - [13/Sep/2026:03:22:47 +0300] "POST //xmlrpc.php HTTP/1.1" 200 410 "-" "Mozilla/5.0 (Windows NT 10.0; Win64; x64) AppleWebKit/537.36 (KHTML, like Gecko) Chrome/80.0.3987.149 Safari/537.36"
137.131.43.163 - - [13/Sep/2026:03:23:02 +0300] "POST //xmlrpc.php HTTP/1.1" 200 410 "-" "Mozilla/5.0 (Windows NT 10.0; Win64; x64) AppleWebKit/537.36 (KHTML, like Gecko) Chrome/80.0.3987.149 Safari/537.36"
52.167.144.231 - - [13/Sep/2026:03:23:25 +0300] "GET /?p=48409 HTTP/2" 200 2047 "-" "Mozilla/5.0 AppleWebKit/537.36 (KHTML, like Gecko; compatible; bingbot/2.0; +http://www.bing.com/bingbot.htm) Chrome/116.0.1938.76 Safari/537.36"
52.167.144.231 - - [13/Sep/2026:03:23:25 +0300] "GET /?p=18279 HTTP/2" 200 2047 "-" "Mozilla/5.0 AppleWebKit/537.36 (KHTML, like Gecko; compatible; bingbot/2.0; +http://www.bing.com/bingbot.htm) Chrome/116.0.1938.76 Safari/537.36"
66.249.70.163 - - [13/Sep/2026:03:23:28 +0300] "GET /?p=70137 HTTP/1.1" 200 2050 "-" "Mozilla/5.0 (Linux; Android 6.0.1; Nexus 5X Build/MMB29P) AppleWebKit/537.36 (KHTML, like Gecko) Chrome/152.0.7977.82 Mobile Safari/537.36 (compatible; Googlebot/2.1; +http://www.google.com/bot.html)"
137.131.43.163 - - [13/Sep/2026:03:23:17 +0300] "POST //xmlrpc.php HTTP/1.1" 200 410 "-" "Mozilla/5.0 (Windows NT 10.0; Win64; x64) AppleWebKit/537.36 (KHTML, like Gecko) Chrome/80.0.3987.149 Safari/537.36"
137.131.43.163 - - [13/Sep/2026:03:23:32 +0300] "POST //xmlrpc.php HTTP/1.1" 200 410 "-" "Mozilla/5.0 (Windows NT 10.0; Win64; x64) AppleWebKit/537.36 (KHTML, like Gecko) Chrome/80.0.3987.149 Safari/537.36"
137.131.43.163 - - [13/Sep/2026:03:23:47 +0300] "POST //xmlrpc.php HTTP/1.1" 200 410 "-" "Mozilla/5.0 (Windows NT 10.0; Win64; x64) AppleWebKit/537.36 (KHTML, like Gecko) Chrome/80.0.3987.149 Safari/537.36"
137.131.43.163 - - [13/Sep/2026:03:24:02 +0300] "POST //xmlrpc.php HTTP/1.1" 200 410 "-" "Mozilla/5.0 (Windows NT 10.0; Win64; x64) AppleWebKit/537.36 (KHTML, like Gecko) Chrome/80.0.3987.149 Safari/537.36"
65.108.103.96 - - [13/Sep/2026:03:24:23 +0300] "GET /robots.txt HTTP/1.1" 200 77 "-" "Mozilla/5.0 (compatible; SeekportBot; +https://bot.seekport.com)"
65.108.103.96 - - [13/Sep/2026:03:24:24 +0300] "GET /hz-muhammed-s-a-v/ HTTP/2" 404 796 "-" "Mozilla/5.0 (compatible; SeekportBot; +https://bot.seekport.com)"
66.249.70.163 - - [13/Sep/2026:03:24:24 +0300] "GET /?p=46711 HTTP/1.1" 200 2050 "-" "Mozilla/5.0 (Linux; Android 6.0.1; Nexus 5X Build/MMB29P) AppleWebKit/537.36 (KHTML, like Gecko) Chrome/152.0.7977.82 Mobile Safari/537.36 (compatible; Googlebot/2.1; +http://www.google.com/bot.html)"
137.131.43.163 - - [13/Sep/2026:03:24:17 +0300] "POST //xmlrpc.php HTTP/1.1" 200 410 "-" "Mozilla/5.0 (Windows NT 10.0; Win64; x64) AppleWebKit/537.36 (KHTML, like Gecko) Chrome/80.0.3987.149 Safari/537.36"
137.131.43.163 - - [13/Sep/2026:03:24:33 +0300] "POST //xmlrpc.php HTTP/1.1" 200 410 "-" "Mozilla/5.0 (Windows NT 10.0; Win64; x64) AppleWebKit/537.36 (KHTML, like Gecko) Chrome/80.0.3987.149 Safari/537.36"
137.131.43.163 - - [13/Sep/2026:03:24:47 +0300] "POST //xmlrpc.php HTTP/1.1" 200 410 "-" "Mozilla/5.0 (Windows NT 10.0; Win64; x64) AppleWebKit/537.36 (KHTML, like Gecko) Chrome/80.0.3987.149 Safari/537.36"
31.145.253.116 - - [13/Sep/2026:03:25:08 +0300] "GET /rss HTTP/1.1" 404 796 "-" "Mozilla/4.0 (compatible; Like Firefox; SismicsReaderBot/1.0;+http://www.sismics.com/reader/)"
137.131.43.163 - - [13/Sep/2026:03:25:01 +0300] "POST //xmlrpc.php HTTP/1.1" 200 410 "-" "Mozilla/5.0 (Windows NT 10.0; Win64; x64) AppleWebKit/537.36 (KHTML, like Gecko) Chrome/80.0.3987.149 Safari/537.36"
177.200.62.45 - - [13/Sep/2026:03:25:28 +0300] "GET /wp-content/uploads/2015/08/TERME-14-2-150x150.jpg HTTP/1.1" 200 0 "https://www.evliyalar.net/etiket/tavuk-turbesi/" "Mozilla/5.0 (Windows NT 6.1; WOW64) AppleWebKit/537.36 (KHTML, like Gecko) Chrome/61.0.3163.100 Safari/537.36"
137.131.43.163 - - [13/Sep/2026:03:25:16 +0300] "POST //xmlrpc.php HTTP/1.1" 200 410 "-" "Mozilla/5.0 (Windows NT 10.0; Win64; x64) AppleWebKit/537.36 (KHTML, like Gecko) Chrome/80.0.3987.149 Safari/537.36"
41.249.153.149 - - [13/Sep/2026:03:24:30 +0300] "POST /xmlrpc.php HTTP/1.1" 200 412 "-" "Jetpack by WordPress.com"
9.205.30.154 - - [13/Sep/2026:03:24:37 +0300] "GET / HTTP/2" 200 2048 "-" "Mozilla/5.0 AppleWebKit/537.36 (KHTML, like Gecko); compatible; ChatGPT-User/1.0; +https://openai.com/bot"
41.249.153.149 - - [13/Sep/2026:03:24:41 +0300] "POST /xmlrpc.php HTTP/1.1" 200 412 "-" "Jetpack by WordPress.com"
65.108.103.96 - - [13/Sep/2026:03:24:44 +0300] "GET /hz-elyesa-a-s-diyarbakir/ HTTP/2" 404 796 "-" "Mozilla/5.0 (compatible; SeekportBot; +https://bot.seekport.com)"
65.108.103.96 - - [13/Sep/2026:03:24:52 +0300] "GET /ashab-i-kehf-kahramanmaras-afsin/ HTTP/2" 404 796 "-" "Mozilla/5.0 (compatible; SeekportBot; +https://bot.seekport.com)"
41.249.153.149 - - [13/Sep/2026:03:24:52 +0300] "POST /xmlrpc.php HTTP/1.1" 200 412 "-" "Jetpack by WordPress.com"
41.249.153.149 - - [13/Sep/2026:03:25:02 +0300] "POST /xmlrpc.php HTTP/1.1" 200 412 "-" "Jetpack/12.5; WordPress/6.3; http://site32156396.com"
31.145.253.116 - - [13/Sep/2026:03:25:08 +0300] "GET /rss HTTP/1.1" 404 796 "-" "Mozilla/4.0 (compatible; Like Firefox; SismicsReaderBot/1.0;+http://www.sismics.com/reader/)"
41.249.153.149 - - [13/Sep/2026:03:25:13 +0300] "POST /xmlrpc.php HTTP/1.1" 200 412 "-" "Jetpack by WordPress.com (Jetpack 12.0; WordPress 6.2)"
18.232.11.247 - - [13/Sep/2026:03:25:24 +0300] "GET /wp-content/uploads/2017/01/IMG_0310-768x512.jpg HTTP/1.1" 200 67646 "-" "Mozilla/5.0 AppleWebKit/537.36 (KHTML, like Gecko; compatible; Amazonbot/0.1; +https://developer.amazon.com/support/amazonbot) Chrome/119.0.6045.214 Safari/537.36"
41.249.153.149 - - [13/Sep/2026:03:25:24 +0300] "POST /xmlrpc.php HTTP/1.1" 200 412 "-" "Jetpack by WordPress.com"
43.157.153.236 - - [13/Sep/2026:03:25:30 +0300] "GET /license.txt HTTP/1.1" 200 7282 "-" "Mozilla/5.0 (iPhone; CPU iPhone OS 13_2_3 like Mac OS X) AppleWebKit/605.1.15 (KHTML, like Gecko) Version/13.0.3 Mobile/15E148 Safari/604.1"
166.0.230.184 - - [13/Sep/2026:03:25:33 +0300] "GET /?p=70096 HTTP/1.1" 200 2403 "-" "Mozilla/5.0 (Windows NT 10.0; Win64; x64) AppleWebKit/537.36 (KHTML, like Gecko) Chrome/149.0.0.0 Safari/537.36 Edg/149.0.0.0"
41.249.153.149 - - [13/Sep/2026:03:25:34 +0300] "POST /xmlrpc.php HTTP/1.1" 200 412 "-" "WordPress.com; https://wordpress.com"
108.165.75.246 - - [13/Sep/2026:03:25:37 +0300] "GET /?p=3812 HTTP/1.1" 200 2379 "-" "Mozilla/5.0 (Windows NT 10.0; Win64; x64) AppleWebKit/537.36 (KHTML, like Gecko) Chrome/149.0.0.0 Safari/537.36 Edg/149.0.0.0"
166.0.230.222 - - [13/Sep/2026:03:25:38 +0300] "GET /?p=9553 HTTP/1.1" 200 2379 "-" "Mozilla/5.0 (Windows NT 10.0; Win64; x64) AppleWebKit/537.36 (KHTML, like Gecko) Chrome/149.0.0.0 Safari/537.36 Edg/149.0.0.0"
166.0.230.43 - - [13/Sep/2026:03:25:38 +0300] "GET /?p=5628 HTTP/1.1" 200 2379 "-" "Mozilla/5.0 (Windows NT 10.0; Win64; x64) AppleWebKit/537.36 (KHTML, like Gecko) Chrome/149.0.0.0 Safari/537.36 Edg/149.0.0.0"
41.249.153.149 - - [13/Sep/2026:03:25:45 +0300] "POST /xmlrpc.php HTTP/1.1" 200 412 "-" "WordPress.com; https://wordpress.com"
41.249.153.149 - - [13/Sep/2026:03:25:56 +0300] "POST /xmlrpc.php HTTP/1.1" 200 412 "-" "Jetpack by WordPress.com"
41.249.153.149 - - [13/Sep/2026:03:26:07 +0300] "POST /xmlrpc.php HTTP/1.1" 200 412 "-" "Jetpack/12.0; WordPress/6.4; http://site42148925.com"
85.174.183.129 - - [13/Sep/2026:03:26:11 +0300] "GET /ebubekir-i-siddiki-corumi-ks/ HTTP/1.0" 404 796 "https://evliyalar.net/ebubekir-i-siddiki-corumi-ks/" "Mozilla/5.0 (Windows NT 10.0; Win64; x64) AppleWebKit/537.36 (KHTML, like Gecko) Chrome/130.0.0.0 Safari/537.36"
130.49.112.144 - - [13/Sep/2026:03:26:11 +0300] "GET /?p=47536 HTTP/1.1" 200 2380 "-" "Mozilla/5.0 (Windows NT 10.0; Win64; x64) AppleWebKit/537.36 (KHTML, like Gecko) Chrome/149.0.0.0 Safari/537.36 Edg/149.0.0.0"
137.131.43.163 - - [13/Sep/2026:03:25:32 +0300] "POST //xmlrpc.php HTTP/1.1" 200 410 "-" "Mozilla/5.0 (Windows NT 10.0; Win64; x64) AppleWebKit/537.36 (KHTML, like Gecko) Chrome/80.0.3987.149 Safari/537.36"
3.225.45.252 - - [13/Sep/2026:03:26:00 +0300] "GET /wp-content/uploads/2017/01/IMG_9527.jpg HTTP/1.1" 200 322994 "-" "Mozilla/5.0 AppleWebKit/537.36 (KHTML, like Gecko; compatible; Amazonbot/0.1; +https://developer.amazon.com/support/amazonbot) Chrome/119.0.6045.214 Safari/537.36"
137.131.43.163 - - [13/Sep/2026:03:25:47 +0300] "POST //xmlrpc.php HTTP/1.1" 200 410 "-" "Mozilla/5.0 (Windows NT 10.0; Win64; x64) AppleWebKit/537.36 (KHTML, like Gecko) Chrome/80.0.3987.149 Safari/537.36"
205.210.31.24 - - [13/Sep/2026:03:26:10 +0300] "GET / HTTP/1.1" 200 9798 "-" "Hello from Palo Alto Networks, find out more about our scans in https://docs-cortex.paloaltonetworks.com/r/1/Cortex-Xpanse/Scanning-activity"
85.174.183.129 - - [13/Sep/2026:03:26:12 +0300] "GET / HTTP/1.0" 200 9794 "https://evliyalar.net/" "Mozilla/5.0 (Windows NT 10.0; Win64; x64) AppleWebKit/537.36 (KHTML, like Gecko) Chrome/130.0.0.0 Safari/537.36"
137.131.43.163 - - [13/Sep/2026:03:26:02 +0300] "POST //xmlrpc.php HTTP/1.1" 200 410 "-" "Mozilla/5.0 (Windows NT 10.0; Win64; x64) AppleWebKit/537.36 (KHTML, like Gecko) Chrome/80.0.3987.149 Safari/537.36"
41.249.153.149 - - [13/Sep/2026:03:26:18 +0300] "POST /xmlrpc.php HTTP/1.1" 200 412 "-" "Jetpack/12.0; WordPress/6.1; http://site81051285.com"
41.249.153.149 - - [13/Sep/2026:03:26:28 +0300] "POST /xmlrpc.php HTTP/1.1" 200 412 "-" "Jetpack by WordPress.com (Jetpack 12.1; WordPress 6.3)"
52.167.144.183 - - [13/Sep/2026:03:26:30 +0300] "GET /wp-content/uploads/2016/05/DSC02322-150x150.jpg HTTP/2" 200 7844 "-" "Mozilla/5.0 AppleWebKit/537.36 (KHTML, like Gecko; compatible; bingbot/2.0; +http://www.bing.com/bingbot.htm) Chrome/116.0.1938.76 Safari/537.36"
137.131.43.163 - - [13/Sep/2026:03:26:17 +0300] "POST //xmlrpc.php HTTP/1.1" 200 410 "-" "Mozilla/5.0 (Windows NT 10.0; Win64; x64) AppleWebKit/537.36 (KHTML, like Gecko) Chrome/80.0.3987.149 Safari/537.36"
41.249.153.149 - - [13/Sep/2026:03:26:39 +0300] "POST /xmlrpc.php HTTP/1.1" 200 412 "-" "Jetpack/12.1; WordPress/6.1; http://site88939346.com"
137.131.43.163 - - [13/Sep/2026:03:26:32 +0300] "POST //xmlrpc.php HTTP/1.1" 200 410 "-" "Mozilla/5.0 (Windows NT 10.0; Win64; x64) AppleWebKit/537.36 (KHTML, like Gecko) Chrome/80.0.3987.149 Safari/537.36"
41.249.153.149 - - [13/Sep/2026:03:26:50 +0300] "POST /xmlrpc.php HTTP/1.1" 200 412 "-" "Jetpack by WordPress.com"
