81.164.27.243 - - [13/Sep/2026:00:17:15 +0300] "GET /wp-content/uploads/2020/03/%C5%9Eeyh-Hamid-Mardini-ailesi.jpg HTTP/2" 200 70767 "https://www.google.com/" "Mozilla/5.0 (iPhone; CPU iPhone OS 18_7_8 like Mac OS X) AppleWebKit/605.1.15 (KHTML, like Gecko) CriOS/152.0.7977.64 Mobile/15E148 Safari/604.1"
47.128.43.100 - - [13/Sep/2026:00:17:15 +0300] "GET /_autoindex/assets/icons/folder-fill.svg HTTP/2" 304 0 "https://www.evliyalar.net/" "Mozilla/5.0 (Linux; Android 5.0) AppleWebKit/537.36 (KHTML, like Gecko) Mobile Safari/537.36 (compatible; Bytespider; spider-feedback@bytedance.com)"
47.128.43.100 - - [13/Sep/2026:00:17:15 +0300] "GET /_autoindex/assets/icons/file-text.svg HTTP/2" 206 500 "https://www.evliyalar.net/" "Mozilla/5.0 (Linux; Android 5.0) AppleWebKit/537.36 (KHTML, like Gecko) Mobile Safari/537.36 (compatible; Bytespider; spider-feedback@bytedance.com)"
47.128.43.100 - - [13/Sep/2026:00:17:15 +0300] "GET /_autoindex/assets/icons/file.svg HTTP/2" 206 500 "https://www.evliyalar.net/" "Mozilla/5.0 (Linux; Android 5.0) AppleWebKit/537.36 (KHTML, like Gecko) Mobile Safari/537.36 (compatible; Bytespider; spider-feedback@bytedance.com)"
47.128.43.100 - - [13/Sep/2026:00:17:15 +0300] "GET /_autoindex/assets/icons/folder-fill.svg HTTP/2" 206 91 "https://www.evliyalar.net/" "Mozilla/5.0 (Linux; Android 5.0) AppleWebKit/537.36 (KHTML, like Gecko) Mobile Safari/537.36 (compatible; Bytespider; spider-feedback@bytedance.com)"
47.128.43.100 - - [13/Sep/2026:00:17:16 +0300] "GET /_autoindex/assets/icons/file-text.svg HTTP/2" 304 0 "https://www.evliyalar.net/" "Mozilla/5.0 (Linux; Android 5.0) AppleWebKit/537.36 (KHTML, like Gecko) Mobile Safari/537.36 (compatible; Bytespider; spider-feedback@bytedance.com)"
47.128.43.100 - - [13/Sep/2026:00:17:16 +0300] "GET /_autoindex/assets/icons/file.svg HTTP/2" 304 0 "https://www.evliyalar.net/" "Mozilla/5.0 (Linux; Android 5.0) AppleWebKit/537.36 (KHTML, like Gecko) Mobile Safari/537.36 (compatible; Bytespider; spider-feedback@bytedance.com)"
47.128.43.100 - - [13/Sep/2026:00:17:16 +0300] "GET /_autoindex/assets/icons/image.svg HTTP/2" 206 500 "https://www.evliyalar.net/" "Mozilla/5.0 (Linux; Android 5.0) AppleWebKit/537.36 (KHTML, like Gecko) Mobile Safari/537.36 (compatible; Bytespider; spider-feedback@bytedance.com)"
47.128.43.100 - - [13/Sep/2026:00:17:16 +0300] "GET /_autoindex/assets/icons/file-text.svg HTTP/2" 206 268 "https://www.evliyalar.net/" "Mozilla/5.0 (Linux; Android 5.0) AppleWebKit/537.36 (KHTML, like Gecko) Mobile Safari/537.36 (compatible; Bytespider; spider-feedback@bytedance.com)"
105.110.168.92 - - [13/Sep/2026:00:16:20 +0300] "POST /xmlrpc.php HTTP/1.1" 200 412 "-" "Mozilla/5.0 (Windows NT 6.3; arm64) AppleWebKit/537.36 (KHTML, like Gecko) Opera/60.0.0.0 Safari/537.36"
40.77.167.230 - - [13/Sep/2026:00:16:46 +0300] "GET /?p=1581 HTTP/2" 200 2042 "-" "Mozilla/5.0 AppleWebKit/537.36 (KHTML, like Gecko; compatible; bingbot/2.0; +http://www.bing.com/bingbot.htm) Chrome/116.0.1938.76 Safari/537.36"
72.14.201.39 - - [13/Sep/2026:00:16:46 +0300] "GET /etiket/suleyman-sah/ HTTP/2" 404 796 "https://www.google.com/" "Mozilla/5.0 (Linux; Android 10; K) AppleWebKit/537.36 (KHTML, like Gecko) Chrome/152.0.0.0 Mobile Safari/537.36"
52.167.144.219 - - [13/Sep/2026:00:16:51 +0300] "GET /wp-content/uploads/2016/10/DSC01790-150x150.jpg HTTP/2" 200 7080 "-" "Mozilla/5.0 AppleWebKit/537.36 (KHTML, like Gecko; compatible; bingbot/2.0; +http://www.bing.com/bingbot.htm) Chrome/116.0.1938.76 Safari/537.36"
105.110.168.92 - - [13/Sep/2026:00:17:08 +0300] "POST /xmlrpc.php HTTP/1.1" 200 412 "-" "Mozilla/5.0 (Macintosh; Intel Mac OS X 10_15_7; x86) AppleWebKit/537.36 (KHTML, like Gecko) Firefox/76.0.0.0 Safari/537.36"
105.110.168.92 - - [13/Sep/2026:00:17:19 +0300] "POST /xmlrpc.php HTTP/1.1" 200 412 "-" "Mozilla/5.0 (Macintosh; Intel Mac OS X 10_15_7; arm64) AppleWebKit/537.36 (KHTML, like Gecko) Edge/94.0.0.0 Safari/537.36"
17.166.150.95 - - [13/Sep/2026:00:17:22 +0300] "GET /etiket/asikli-sultan/ HTTP/2" 404 796 "-" "Mozilla/5.0 (Macintosh; Intel Mac OS X 10_15_7) AppleWebKit/605.1.15 (KHTML, like Gecko) Version/17.4 Safari/605.1.15 (Applebot/0.1; +http://www.apple.com/go/applebot)"
159.146.66.153 - - [13/Sep/2026:00:17:23 +0300] "GET /kategori/istanbul-evliyalari/eyup-evliyalari/page/2/ HTTP/2" 404 796 "https://www.google.com/" "Mozilla/5.0 (Linux; Android 10; K) AppleWebKit/537.36 (KHTML, like Gecko) Chrome/152.0.0.0 Mobile Safari/537.36"
159.146.66.153 - - [13/Sep/2026:00:17:23 +0300] "GET /favicon.ico HTTP/2" 404 796 "https://www.evliyalar.net/kategori/istanbul-evliyalari/eyup-evliyalari/page/2/" "Mozilla/5.0 (Linux; Android 10; K) AppleWebKit/537.36 (KHTML, like Gecko) Chrome/152.0.0.0 Mobile Safari/537.36"
105.110.168.92 - - [13/Sep/2026:00:17:29 +0300] "POST /xmlrpc.php HTTP/1.1" 200 412 "-" "Mozilla/5.0 (Windows NT 6.2; x64) AppleWebKit/537.36 (KHTML, like Gecko) Firefox/78.0.0.0 Safari/537.36"
105.110.168.92 - - [13/Sep/2026:00:17:39 +0300] "POST /xmlrpc.php HTTP/1.1" 200 412 "-" "Mozilla/5.0 (Windows NT 10.0; arm64) AppleWebKit/537.36 (KHTML, like Gecko) Firefox/77.0.0.0 Safari/537.36"
52.167.144.25 - - [13/Sep/2026:00:17:50 +0300] "GET /?p=438 HTTP/2" 200 2045 "-" "Mozilla/5.0 AppleWebKit/537.36 (KHTML, like Gecko; compatible; bingbot/2.0; +http://www.bing.com/bingbot.htm) Chrome/116.0.1938.76 Safari/537.36"
105.110.168.92 - - [13/Sep/2026:00:17:50 +0300] "POST /xmlrpc.php HTTP/1.1" 200 412 "-" "Mozilla/5.0 (X11; Ubuntu; Linux x86_64; x86) AppleWebKit/537.36 (KHTML, like Gecko) Edge/99.0.0.0 Safari/537.36"
52.167.144.25 - - [13/Sep/2026:00:17:53 +0300] "GET /?p=10640 HTTP/2" 200 2054 "-" "Mozilla/5.0 AppleWebKit/537.36 (KHTML, like Gecko; compatible; bingbot/2.0; +http://www.bing.com/bingbot.htm) Chrome/116.0.1938.76 Safari/537.36"
105.110.168.92 - - [13/Sep/2026:00:18:01 +0300] "POST /xmlrpc.php HTTP/1.1" 200 412 "-" "Mozilla/5.0 (Windows NT 6.2; arm64) AppleWebKit/537.36 (KHTML, like Gecko) Firefox/94.0.0.0 Safari/537.36"
66.249.70.163 - - [13/Sep/2026:00:18:08 +0300] "GET /?p=34511 HTTP/1.1" 200 2051 "-" "Googlebot-Image/1.0"
105.110.168.92 - - [13/Sep/2026:00:18:12 +0300] "POST /xmlrpc.php HTTP/1.1" 200 412 "-" "Mozilla/5.0 (Windows NT 6.2; x64) AppleWebKit/537.36 (KHTML, like Gecko) Firefox/89.0.0.0 Safari/537.36"
95.108.213.97 - - [13/Sep/2026:00:18:20 +0300] "GET /robots.txt HTTP/1.1" 200 77 "-" "Mozilla/5.0 (compatible; YandexBot/3.0; +http://yandex.com/bots)"
105.110.168.92 - - [13/Sep/2026:00:18:20 +0300] "POST /xmlrpc.php HTTP/1.1" 200 412 "-" "Mozilla/5.0 (Windows NT 10.0; x64) AppleWebKit/537.36 (KHTML, like Gecko) Edge/97.0.0.0 Safari/537.36"
105.110.168.92 - - [13/Sep/2026:00:18:28 +0300] "POST /xmlrpc.php HTTP/1.1" 200 412 "-" "Mozilla/5.0 (Macintosh; Intel Mac OS X 10_15_7; arm64) AppleWebKit/537.36 (KHTML, like Gecko) Edge/99.0.0.0 Safari/537.36"
105.110.168.92 - - [13/Sep/2026:00:18:36 +0300] "POST /xmlrpc.php HTTP/1.1" 200 412 "-" "Mozilla/5.0 (Linux; Android 10; x86) AppleWebKit/537.36 (KHTML, like Gecko) Safari/11.0.0.0 Safari/537.36"
36.77.210.5 - - [13/Sep/2026:00:18:39 +0300] "GET /wp-json/gravitysmtp/v1/tests/mock-data?page=gravitysmtp-settings HTTP/1.1" 404 5749 "-" "Mozilla/5.0 (Windows NT 10.0; Win64; x64) AppleWebKit/537.36 (KHTML, like Gecko) Chrome/126.0.0.0 Safari/537.36"
178.243.12.211 - - [13/Sep/2026:00:18:43 +0300] "GET /seyh-sevinc-turbesi/ HTTP/2" 404 796 "-" "Mozilla/5.0 (iPhone; CPU iPhone OS 18_7 like Mac OS X) AppleWebKit/605.1.15 (KHTML, like Gecko) Mobile/15E148"
36.77.210.5 - - [13/Sep/2026:00:18:45 +0300] "GET /?rest_route=/gravitysmtp/v1/tests/mock-data&page=gravitysmtp-settings HTTP/1.1" 200 40068 "-" "Mozilla/5.0 (Windows NT 10.0; Win64; x64) AppleWebKit/537.36 (KHTML, like Gecko) Chrome/126.0.0.0 Safari/537.36"
105.110.168.92 - - [13/Sep/2026:00:18:45 +0300] "POST /xmlrpc.php HTTP/1.1" 200 412 "-" "Mozilla/5.0 (Windows NT 6.3; arm64) AppleWebKit/537.36 (KHTML, like Gecko) Edge/100.0.0.0 Safari/537.36"
88.234.254.227 - - [13/Sep/2026:00:18:48 +0300] "GET /germiyanzade-suleyman-sah-turbesi/ HTTP/2" 404 796 "https://www.google.com/" "Mozilla/5.0 (Linux; Android 10; K) AppleWebKit/537.36 (KHTML, like Gecko) Chrome/152.0.0.0 Mobile Safari/537.36"
88.234.254.227 - - [13/Sep/2026:00:18:48 +0300] "GET /favicon.ico HTTP/3" 404 796 "https://www.evliyalar.net/germiyanzade-suleyman-sah-turbesi/" "Mozilla/5.0 (Linux; Android 10; K) AppleWebKit/537.36 (KHTML, like Gecko) Chrome/152.0.0.0 Mobile Safari/537.36"
40.77.188.71 - - [13/Sep/2026:00:18:53 +0300] "POST /cdn-cgi/rum? HTTP/2" 404 796 "https://www.evliyalar.net/?p=73008" "Mozilla/5.0 (Windows NT 10.0; Win64; x64) AppleWebKit/537.36 (KHTML, like Gecko) HeadlessChrome/146.0.7680.165 Safari/537.36"
105.110.168.92 - - [13/Sep/2026:00:18:54 +0300] "POST /xmlrpc.php HTTP/1.1" 200 412 "-" "Mozilla/5.0 (Linux; Android 10; arm64) AppleWebKit/537.36 (KHTML, like Gecko) Chrome/110.0.0.0 Safari/537.36"
36.77.210.5 - - [13/Sep/2026:00:19:02 +0300] "GET /index.php?rest_route=/gravitysmtp/v1/tests/mock-data&page=gravitysmtp-settings HTTP/1.1" 404 5749 "-" "Mozilla/5.0 (Windows NT 10.0; Win64; x64) AppleWebKit/537.36 (KHTML, like Gecko) Chrome/126.0.0.0 Safari/537.36"
105.110.168.92 - - [13/Sep/2026:00:19:02 +0300] "POST /xmlrpc.php HTTP/1.1" 200 412 "-" "Mozilla/5.0 (X11; Ubuntu; Linux x86_64; arm64) AppleWebKit/537.36 (KHTML, like Gecko) Edge/80.0.0.0 Safari/537.36"
36.77.210.5 - - [13/Sep/2026:00:19:04 +0300] "GET /wp-json/gravitysmtp/v1/tests/mock-data HTTP/1.1" 404 5749 "-" "Mozilla/5.0 (Windows NT 10.0; Win64; x64) AppleWebKit/537.36 (KHTML, like Gecko) Chrome/126.0.0.0 Safari/537.36"
78.177.8.86 - - [13/Sep/2026:00:19:04 +0300] "GET /kategori/yollar/mevleviyye/afyon-mevlevihanesi/ HTTP/2" 404 796 "https://www.google.com/url?q=https://www.evliyalar.net/kategori/yollar/mevleviyye/afyon-mevlevihanesi/&sa=U&sqi=2&ved=2ahUKEwihnv_9--mWAxUPPhAIHbU3NkQQFnoECCMQAQ&usg=AOvVaw3z0wNRRg-ebxx-4yV4nhtK" "Mozilla/5.0 (iPhone; CPU iPhone OS 26_6_1 like Mac OS X) AppleWebKit/605.1.15 (KHTML, like Gecko) GSA/437.4.973319807 Mobile/15E148 Safari/604.1"
105.110.168.92 - - [13/Sep/2026:00:19:10 +0300] "POST /xmlrpc.php HTTP/1.1" 200 412 "-" "Mozilla/5.0 (Macintosh; Intel Mac OS X 10_15_7; arm64) AppleWebKit/537.36 (KHTML, like Gecko) Safari/11.0.0.0 Safari/537.36"
36.77.210.5 - - [13/Sep/2026:00:19:17 +0300] "GET /wp-json/gravitysmtp/v1/tests/mock-data?page=gravitysmtp-settings HTTP/1.1" 404 5749 "-" "Mozilla/5.0 (Windows NT 10.0; Win64; x64) AppleWebKit/537.36 (KHTML, like Gecko) Chrome/126.0.0.0 Safari/537.36"
105.110.168.92 - - [13/Sep/2026:00:19:18 +0300] "POST /xmlrpc.php HTTP/1.1" 200 412 "-" "Mozilla/5.0 (Macintosh; Intel Mac OS X 10_15_7; x64) AppleWebKit/537.36 (KHTML, like Gecko) Edge/90.0.0.0 Safari/537.36"
66.249.70.163 - - [13/Sep/2026:00:19:20 +0300] "GET /?p=39649 HTTP/1.1" 200 2047 "-" "Googlebot-Image/1.0"
105.110.168.92 - - [13/Sep/2026:00:19:27 +0300] "POST /xmlrpc.php HTTP/1.1" 200 412 "-" "Mozilla/5.0 (Linux; Android 10; x64) AppleWebKit/537.36 (KHTML, like Gecko) Opera/80.0.0.0 Safari/537.36"
36.77.210.5 - - [13/Sep/2026:00:19:33 +0300] "GET /?rest_route=/gravitysmtp/v1/tests/mock-data&page=gravitysmtp-settings HTTP/1.1" 200 40068 "-" "Mozilla/5.0 (Windows NT 10.0; Win64; x64) AppleWebKit/537.36 (KHTML, like Gecko) Chrome/126.0.0.0 Safari/537.36"
37.154.237.247 - - [13/Sep/2026:00:19:34 +0300] "GET /wp-content/uploads/2014/10/Seyh-Ebul-Vefa17-scaled.jpg HTTP/2" 200 681568 "https://www.google.com/" "Mozilla/5.0 (Linux; Android 10; K) AppleWebKit/537.36 (KHTML, like Gecko) Chrome/153.0.0.0 Mobile Safari/537.36"
105.110.168.92 - - [13/Sep/2026:00:19:37 +0300] "POST /xmlrpc.php HTTP/1.1" 200 412 "-" "Mozilla/5.0 (Linux; Android 10; arm64) AppleWebKit/537.36 (KHTML, like Gecko) Chrome/105.0.0.0 Safari/537.36"
105.110.168.92 - - [13/Sep/2026:00:19:47 +0300] "POST /xmlrpc.php HTTP/1.1" 200 412 "-" "Mozilla/5.0 (Windows NT 10.0; x64) AppleWebKit/537.36 (KHTML, like Gecko) Safari/10.0.0.0 Safari/537.36"
40.77.167.230 - - [13/Sep/2026:00:19:50 +0300] "GET /wp-content/uploads/2016/09/IMG_5025.jpg HTTP/2" 200 757697 "-" "Mozilla/5.0 AppleWebKit/537.36 (KHTML, like Gecko; compatible; bingbot/2.0; +http://www.bing.com/bingbot.htm) Chrome/116.0.1938.76 Safari/537.36"
114.119.133.12 - - [13/Sep/2026:00:19:54 +0300] "GET /esref-baba/dsc01231/ HTTP/1.1" 404 796 "https://www.evliyalar.net/esref-baba/dsc01231/" "Mozilla/5.0 (Linux; Android 7.0;) AppleWebKit/537.36 (HTML, like Gecko) Mobile Safari/537.36 (compatible; PetalBot;+https://webmaster.petalsearch.com/site/petalbot)"
66.249.70.163 - - [13/Sep/2026:00:19:59 +0300] "GET /wp-content/uploads/2015/06/HAVZA-5-1.jpg HTTP/1.1" 200 0 "-" "Googlebot-Image/1.0"
66.249.70.163 - - [13/Sep/2026:00:20:12 +0300] "GET /?p=32442 HTTP/1.1" 200 2051 "-" "Mozilla/5.0 (Linux; Android 6.0.1; Nexus 5X Build/MMB29P) AppleWebKit/537.36 (KHTML, like Gecko) Chrome/152.0.7977.82 Mobile Safari/537.36 (compatible; Googlebot/2.1; +http://www.google.com/bot.html)"
66.249.70.163 - - [13/Sep/2026:00:20:12 +0300] "GET /?p=34692&refurl=https://www.evliyalar.net/?p=73174 HTTP/1.1" 200 2051 "-" "Mozilla/5.0 (Linux; Android 6.0.1; Nexus 5X Build/MMB29P) AppleWebKit/537.36 (KHTML, like Gecko) Chrome/152.0.7977.82 Mobile Safari/537.36 (compatible; Googlebot/2.1; +http://www.google.com/bot.html)"
66.249.70.163 - - [13/Sep/2026:00:20:14 +0300] "GET /?p=33122 HTTP/1.1" 200 2026 "-" "Mozilla/5.0 (Linux; Android 6.0.1; Nexus 5X Build/MMB29P) AppleWebKit/537.36 (KHTML, like Gecko) Chrome/152.0.7977.82 Mobile Safari/537.36 (compatible; Googlebot/2.1; +http://www.google.com/bot.html)"
66.249.70.163 - - [13/Sep/2026:00:20:14 +0300] "GET /seyda-muhammed-emin-er-k-s/ HTTP/1.1" 404 796 "-" "Mozilla/5.0 (Linux; Android 6.0.1; Nexus 5X Build/MMB29P) AppleWebKit/537.36 (KHTML, like Gecko) Chrome/152.0.7977.82 Mobile Safari/537.36 (compatible; Googlebot/2.1; +http://www.google.com/bot.html)"
52.167.144.157 - - [13/Sep/2026:00:20:20 +0300] "GET /wp-content/uploads/2020/03/%C4%B0mam-Rabbani-5-300x120.jpg HTTP/2" 200 6072 "-" "Mozilla/5.0 AppleWebKit/537.36 (KHTML, like Gecko; compatible; bingbot/2.0; +http://www.bing.com/bingbot.htm) Chrome/116.0.1938.76 Safari/537.36"
52.0.218.219 - - [13/Sep/2026:00:20:20 +0300] "GET /hayrabolulu-seyh-ahmed-sarban/embed/ HTTP/1.1" 404 796 "-" "Mozilla/5.0 AppleWebKit/537.36 (KHTML, like Gecko; compatible; Amazonbot/0.1; +https://developer.amazon.com/support/amazonbot) Chrome/119.0.6045.214 Safari/537.36"
47.128.43.100 - - [13/Sep/2026:00:17:16 +0300] "GET /_autoindex/assets/icons/file.svg HTTP/2" 206 119 "https://www.evliyalar.net/" "Mozilla/5.0 (Linux; Android 5.0) AppleWebKit/537.36 (KHTML, like Gecko) Mobile Safari/537.36 (compatible; Bytespider; spider-feedback@bytedance.com)"
47.128.43.100 - - [13/Sep/2026:00:17:16 +0300] "GET /_autoindex/assets/icons/image.svg HTTP/2" 304 0 "https://www.evliyalar.net/" "Mozilla/5.0 (Linux; Android 5.0) AppleWebKit/537.36 (KHTML, like Gecko) Mobile Safari/537.36 (compatible; Bytespider; spider-feedback@bytedance.com)"
47.128.43.100 - - [13/Sep/2026:00:17:17 +0300] "GET /_autoindex/assets/icons/image.svg HTTP/2" 206 180 "https://www.evliyalar.net/" "Mozilla/5.0 (Linux; Android 5.0) AppleWebKit/537.36 (KHTML, like Gecko) Mobile Safari/537.36 (compatible; Bytespider; spider-feedback@bytedance.com)"
40.77.167.230 - - [13/Sep/2026:00:17:28 +0300] "GET /?p=10981 HTTP/2" 200 2044 "-" "Mozilla/5.0 AppleWebKit/537.36 (KHTML, like Gecko; compatible; bingbot/2.0; +http://www.bing.com/bingbot.htm) Chrome/116.0.1938.76 Safari/537.36"
40.77.167.230 - - [13/Sep/2026:00:17:29 +0300] "GET /?p=57852 HTTP/2" 200 2044 "-" "Mozilla/5.0 AppleWebKit/537.36 (KHTML, like Gecko; compatible; bingbot/2.0; +http://www.bing.com/bingbot.htm) Chrome/116.0.1938.76 Safari/537.36"
37.61.119.35 - - [13/Sep/2026:00:17:45 +0300] "GET /wp-content/uploads/2017/03/Maruf-Kerhi-.jpg HTTP/3" 200 367996 "-" "VAR/2.1.3 (iPhone; iOS 26.4; Scale/3.00)"
91.90.142.7 - - [13/Sep/2026:00:17:51 +0300] "GET / HTTP/1.1" 200 9797 "-" "Chrome"
89.43.31.214 - - [13/Sep/2026:00:17:51 +0300] "POST /wp-cron.php?doing_wp_cron=1789247871.8381559848785400390625 HTTP/1.1" 200 0 "-" "WordPress/6.5.10; https://www.evliyalar.net"
162.120.188.95 - - [13/Sep/2026:00:17:52 +0300] "GET /etiket/suleyman-sah/ HTTP/2" 404 796 "https://www.google.com/" "Mozilla/5.0 (Linux; Android 10; K) AppleWebKit/537.36 (KHTML, like Gecko) Chrome/152.0.0.0 Mobile Safari/537.36"
66.249.70.165 - - [13/Sep/2026:00:18:09 +0300] "GET /?p=26986 HTTP/1.1" 200 2051 "-" "Googlebot-Image/1.0"
17.166.154.38 - - [13/Sep/2026:00:18:27 +0300] "GET /wp-admin/admin-ajax.php?action=process_simple_like&nonce=05c1015776&post_id=15269&disabled=true&is_comment=0 HTTP/2" 403 787 "-" "Mozilla/5.0 (Macintosh; Intel Mac OS X 10_15_7) AppleWebKit/605.1.15 (KHTML, like Gecko) Version/17.4 Safari/605.1.15 (Applebot/0.1; +http://www.apple.com/go/applebot)"
114.119.155.54 - - [13/Sep/2026:00:18:32 +0300] "GET /etiket/ummi-sinan/ HTTP/1.1" 404 796 "https://www.evliyalar.net/ummi-sinan/" "Mozilla/5.0 (Linux; Android 7.0;) AppleWebKit/537.36 (HTML, like Gecko) Mobile Safari/537.36 (compatible; PetalBot;+https://webmaster.petalsearch.com/site/petalbot)"
5.176.188.100 - - [13/Sep/2026:00:18:41 +0300] "GET /wp-content/uploads/2023/03/Eren-Dede.png HTTP/2" 200 1387391 "https://www.google.com/" "Mozilla/5.0 (Linux; Android 10; K) AppleWebKit/537.36 (KHTML, like Gecko) Chrome/152.0.0.0 Mobile Safari/537.36"
36.77.210.5 - - [13/Sep/2026:00:19:53 +0300] "GET /index.php?rest_route=/gravitysmtp/v1/tests/mock-data&page=gravitysmtp-settings HTTP/1.1" 404 5749 "-" "Mozilla/5.0 (Windows NT 10.0; Win64; x64) AppleWebKit/537.36 (KHTML, like Gecko) Chrome/126.0.0.0 Safari/537.36"
36.77.210.5 - - [13/Sep/2026:00:19:59 +0300] "GET /wp-json/gravitysmtp/v1/tests/mock-data HTTP/1.1" 404 5749 "-" "Mozilla/5.0 (Windows NT 10.0; Win64; x64) AppleWebKit/537.36 (KHTML, like Gecko) Chrome/126.0.0.0 Safari/537.36"
105.110.168.92 - - [13/Sep/2026:00:20:04 +0300] "POST /xmlrpc.php HTTP/1.1" 200 412 "-" "Mozilla/5.0 (Windows NT 6.3; arm64) AppleWebKit/537.36 (KHTML, like Gecko) Safari/14.0.0.0 Safari/537.36"
105.110.168.92 - - [13/Sep/2026:00:20:17 +0300] "POST /xmlrpc.php HTTP/1.1" 200 412 "-" "Mozilla/5.0 (Macintosh; Intel Mac OS X 10_15_7; arm64) AppleWebKit/537.36 (KHTML, like Gecko) Safari/15.0.0.0 Safari/537.36"
105.110.168.92 - - [13/Sep/2026:00:20:28 +0300] "POST /xmlrpc.php HTTP/1.1" 200 412 "-" "Mozilla/5.0 (Linux; Android 10; arm64) AppleWebKit/537.36 (KHTML, like Gecko) Opera/70.0.0.0 Safari/537.36"
66.249.70.163 - - [13/Sep/2026:00:20:21 +0300] "GET /seyh-hanifi-turbesi/ HTTP/1.1" 404 796 "-" "Mozilla/5.0 (Linux; Android 6.0.1; Nexus 5X Build/MMB29P) AppleWebKit/537.36 (KHTML, like Gecko) Chrome/152.0.7977.82 Mobile Safari/537.36 (compatible; Googlebot/2.1; +http://www.google.com/bot.html)"
3.94.157.25 - - [13/Sep/2026:00:20:24 +0300] "GET /yaman-dede/embed/ HTTP/1.1" 404 796 "-" "Mozilla/5.0 AppleWebKit/537.36 (KHTML, like Gecko; compatible; Amazonbot/0.1; +https://developer.amazon.com/support/amazonbot) Chrome/119.0.6045.214 Safari/537.36"
54.83.23.103 - - [13/Sep/2026:00:20:28 +0300] "GET /location/seyh-muhammed-ziyaeddin-nursini-k-s/embed/ HTTP/1.1" 404 796 "-" "Mozilla/5.0 AppleWebKit/537.36 (KHTML, like Gecko; compatible; Amazonbot/0.1; +https://developer.amazon.com/support/amazonbot) Chrome/119.0.6045.214 Safari/537.36"
66.249.70.163 - - [13/Sep/2026:00:20:28 +0300] "GET /?p=50537 HTTP/1.1" 200 2051 "-" "Mozilla/5.0 (Linux; Android 6.0.1; Nexus 5X Build/MMB29P) AppleWebKit/537.36 (KHTML, like Gecko) Chrome/152.0.7977.82 Mobile Safari/537.36 (compatible; Googlebot/2.1; +http://www.google.com/bot.html)"
66.249.70.163 - - [13/Sep/2026:00:20:30 +0300] "GET /?p=75633 HTTP/1.1" 200 2050 "-" "Mozilla/5.0 (Linux; Android 6.0.1; Nexus 5X Build/MMB29P) AppleWebKit/537.36 (KHTML, like Gecko) Chrome/152.0.7977.82 Mobile Safari/537.36 (compatible; Googlebot/2.1; +http://www.google.com/bot.html)"
50.16.216.166 - - [13/Sep/2026:00:20:33 +0300] "GET /wp-content/uploads/revslider/templates/barber-shop-header/?NA HTTP/1.1" 200 800 "-" "Mozilla/5.0 AppleWebKit/537.36 (KHTML, like Gecko; compatible; Amazonbot/0.1; +https://developer.amazon.com/support/amazonbot) Chrome/119.0.6045.214 Safari/537.36"
52.202.233.37 - - [13/Sep/2026:00:20:36 +0300] "GET /dervis-ibrahim-gulseni/embed/ HTTP/1.1" 404 796 "-" "Mozilla/5.0 AppleWebKit/537.36 (KHTML, like Gecko; compatible; Amazonbot/0.1; +https://developer.amazon.com/support/amazonbot) Chrome/119.0.6045.214 Safari/537.36"
37.154.237.247 - - [13/Sep/2026:00:20:43 +0300] "GET /wp-content/uploads/2014/10/Seyh-Ebul-Vefa4-scaled.jpg HTTP/2" 200 412824 "https://www.google.com/" "Mozilla/5.0 (Linux; Android 10; K) AppleWebKit/537.36 (KHTML, like Gecko) Chrome/153.0.0.0 Mobile Safari/537.36"
17.166.236.35 - - [13/Sep/2026:00:20:56 +0300] "GET /kategori/iran-evliyalari/bistam-evliyalari/?filter_by=popular HTTP/2" 404 796 "-" "Mozilla/5.0 (Macintosh; Intel Mac OS X 10_15_7) AppleWebKit/605.1.15 (KHTML, like Gecko) Version/17.4 Safari/605.1.15 (Applebot/0.1; +http://www.apple.com/go/applebot)"
17.166.20.104 - - [13/Sep/2026:00:20:57 +0300] "GET /kategori/iran-evliyalari/harakan-evliyalari/?filter_by=featured HTTP/2" 404 796 "-" "Mozilla/5.0 (Macintosh; Intel Mac OS X 10_15_7) AppleWebKit/605.1.15 (KHTML, like Gecko) Version/17.4 Safari/605.1.15 (Applebot/0.1; +http://www.apple.com/go/applebot)"
105.110.168.92 - - [13/Sep/2026:00:21:02 +0300] "POST /xmlrpc.php HTTP/1.1" 200 412 "-" "Mozilla/5.0 (Windows NT 6.3; x64) AppleWebKit/537.36 (KHTML, like Gecko) Edge/95.0.0.0 Safari/537.36"
105.110.168.92 - - [13/Sep/2026:00:21:13 +0300] "POST /xmlrpc.php HTTP/1.1" 200 412 "-" "Mozilla/5.0 (Windows NT 6.2; x64) AppleWebKit/537.36 (KHTML, like Gecko) Edge/85.0.0.0 Safari/537.36"
92.50.21.82 - - [13/Sep/2026:00:21:26 +0300] "GET /hz-hasan-ve-huseyin-kardesler-r-a/ HTTP/2" 404 796 "-" "Mozilla/5.0 (Macintosh; Intel Mac OS X 10_15_7) AppleWebKit/537.36 (KHTML, like Gecko) Chrome/142.0.0.0 Safari/537.36"
138.226.20.196 - - [13/Sep/2026:00:21:29 +0300] "GET /hz-hasan-ve-huseyin-kardesler-r-a/ HTTP/2" 404 796 "-" "Mozilla/5.0 (Macintosh; Intel Mac OS X 10_15_7) AppleWebKit/537.36 (KHTML, like Gecko) Chrome/142.0.0.0 Safari/537.36"
105.110.168.92 - - [13/Sep/2026:00:21:28 +0300] "POST /xmlrpc.php HTTP/1.1" 200 412 "-" "Mozilla/5.0 (Macintosh; Intel Mac OS X 10_15_7; arm64) AppleWebKit/537.36 (KHTML, like Gecko) Edge/96.0.0.0 Safari/537.36"
66.249.70.163 - - [13/Sep/2026:00:21:31 +0300] "GET /kategori/sahabeler/turkiye-sahabeleri/anadolu-sahabeleri/ HTTP/1.1" 404 796 "-" "Mozilla/5.0 (Linux; Android 6.0.1; Nexus 5X Build/MMB29P) AppleWebKit/537.36 (KHTML, like Gecko) Chrome/152.0.7977.82 Mobile Safari/537.36 (compatible; Googlebot/2.1; +http://www.google.com/bot.html)"
20.125.163.80 - - [13/Sep/2026:00:21:42 +0300] "GET /?p=7084 HTTP/2" 200 2050 "-" "Mozilla/5.0 AppleWebKit/537.36 (KHTML, like Gecko; compatible; bingbot/2.0; +http://www.bing.com/bingbot.htm) Chrome/116.0.1938.76 Safari/537.36"
105.110.168.92 - - [13/Sep/2026:00:21:42 +0300] "POST /xmlrpc.php HTTP/1.1" 200 412 "-" "Mozilla/5.0 (Linux; Android 10; x86) AppleWebKit/537.36 (KHTML, like Gecko) Edge/90.0.0.0 Safari/537.36"
66.249.70.163 - - [13/Sep/2026:00:21:57 +0300] "GET /?p=9834 HTTP/1.1" 200 2053 "-" "Mozilla/5.0 (Linux; Android 6.0.1; Nexus 5X Build/MMB29P) AppleWebKit/537.36 (KHTML, like Gecko) Chrome/152.0.7977.82 Mobile Safari/537.36 (compatible; Googlebot/2.1; +http://www.google.com/bot.html)"
105.110.168.92 - - [13/Sep/2026:00:21:58 +0300] "POST /xmlrpc.php HTTP/1.1" 200 412 "-" "Mozilla/5.0 (Windows NT 10.0; x86) AppleWebKit/537.36 (KHTML, like Gecko) Firefox/89.0.0.0 Safari/537.36"
37.154.58.120 - - [13/Sep/2026:00:22:12 +0300] "GET /wp-content/uploads/2022/12/Fatma-Baci7.jpg HTTP/2" 200 150352 "-" "com.google.GoogleMobile/437.4 iPhone/26.6 hw/iPhone15_2"
66.249.70.163 - - [13/Sep/2026:00:22:14 +0300] "GET /?p=72516 HTTP/1.1" 200 2051 "-" "Mozilla/5.0 (Linux; Android 6.0.1; Nexus 5X Build/MMB29P) AppleWebKit/537.36 (KHTML, like Gecko) Chrome/152.0.7977.82 Mobile Safari/537.36 (compatible; Googlebot/2.1; +http://www.google.com/bot.html)"
105.110.168.92 - - [13/Sep/2026:00:22:14 +0300] "POST /xmlrpc.php HTTP/1.1" 200 412 "-" "Mozilla/5.0 (X11; Ubuntu; Linux x86_64; arm64) AppleWebKit/537.36 (KHTML, like Gecko) Opera/71.0.0.0 Safari/537.36"
35.198.113.100 - - [13/Sep/2026:00:22:16 +0300] "GET /robots.txt HTTP/2" 200 77 "-" "LinkupBot/1.0 (LinkupBot for web indexing; https://linkup.so/bot; bot@linkup.so)"
35.198.113.100 - - [13/Sep/2026:00:22:16 +0300] "GET /kategori/anadolu-evliyalari/ankara-evliyalari/ HTTP/2" 404 796 "-" "LinkupBot/1.0 (LinkupBot for web indexing; https://linkup.so/bot; bot@linkup.so)"
35.198.113.100 - - [13/Sep/2026:00:22:17 +0300] "GET /kategori/anadolu-evliyalari/ankara-evliyalari/ayas-evliyalari/ HTTP/2" 404 796 "-" "LinkupBot/1.0 (LinkupBot for web indexing; https://linkup.so/bot; bot@linkup.so)"
38.51.206.179 - - [13/Sep/2026:00:22:18 +0300] "GET /wp-content/uploads/2015/03/19-MAYIS-3-2-150x150.jpg HTTP/1.1" 200 0 "https://google.com" "Mozilla/5.0 (X11; Linux i686 on x86_64; rv:67.0.1) Gecko/20100101 Firefox/67.0.1"
35.198.113.100 - - [13/Sep/2026:00:22:19 +0300] "GET /kategori/anadolu-evliyalari/adana-evliyalari/adana-makaleler/ HTTP/2" 404 796 "-" "LinkupBot/1.0 (LinkupBot for web indexing; https://linkup.so/bot; bot@linkup.so)"
35.198.113.100 - - [13/Sep/2026:00:22:21 +0300] "GET /kategori/anadolu-evliyalari/adana-evliyalari/adana-merkez/ HTTP/2" 404 796 "-" "LinkupBot/1.0 (LinkupBot for web indexing; https://linkup.so/bot; bot@linkup.so)"
35.198.113.100 - - [13/Sep/2026:00:22:22 +0300] "GET /kategori/yollar/horasan-erenleri/ HTTP/2" 404 796 "-" "LinkupBot/1.0 (LinkupBot for web indexing; https://linkup.so/bot; bot@linkup.so)"
35.198.113.100 - - [13/Sep/2026:00:22:23 +0300] "GET /coban-dede/ HTTP/2" 404 796 "-" "LinkupBot/1.0 (LinkupBot for web indexing; https://linkup.so/bot; bot@linkup.so)"
35.198.113.100 - - [13/Sep/2026:00:22:24 +0300] "GET /kategori/anadolu-evliyalari/ankara-evliyalari/ankara-ozel/ HTTP/2" 404 796 "-" "LinkupBot/1.0 (LinkupBot for web indexing; https://linkup.so/bot; bot@linkup.so)"
105.110.168.92 - - [13/Sep/2026:00:22:25 +0300] "POST /xmlrpc.php HTTP/1.1" 200 412 "-" "Mozilla/5.0 (Macintosh; Intel Mac OS X 10_15_7; x86) AppleWebKit/537.36 (KHTML, like Gecko) Firefox/92.0.0.0 Safari/537.36"
105.110.168.92 - - [13/Sep/2026:00:20:38 +0300] "POST /xmlrpc.php HTTP/1.1" 200 412 "-" "Mozilla/5.0 (Windows NT 10.0; arm64) AppleWebKit/537.36 (KHTML, like Gecko) Safari/11.0.0.0 Safari/537.36"
105.110.168.92 - - [13/Sep/2026:00:20:49 +0300] "POST /xmlrpc.php HTTP/1.1" 200 412 "-" "Mozilla/5.0 (X11; Ubuntu; Linux x86_64; x86) AppleWebKit/537.36 (KHTML, like Gecko) Chrome/86.0.0.0 Safari/537.36"
136.111.35.208 - - [13/Sep/2026:00:20:50 +0300] "GET /wp-content/uploads/2016/09/IMG_4280.jpg HTTP/2" 200 969461 "-" "Mozilla/5.0 AppleWebKit/537.36 (KHTML, like Gecko; compatible; Reflectionbot/1.0; +https://reflection.ai/bot) Chrome/151.0.0.0 Safari/537.36"
136.116.122.85 - - [13/Sep/2026:00:20:54 +0300] "GET /wp-content/uploads/2017/01/IMG_4413.jpg HTTP/2" 200 603149 "-" "Mozilla/5.0 AppleWebKit/537.36 (KHTML, like Gecko; compatible; Reflectionbot/1.0; +https://reflection.ai/bot) Chrome/151.0.0.0 Safari/537.36"
57.141.20.34 - - [13/Sep/2026:00:21:11 +0300] "GET /cahidi-sultan/ HTTP/2" 404 796 "-" "Mozilla/5.0 (Windows NT 10.0; Win64; x64) AppleWebKit/537.36 (KHTML, like Gecko) Chrome/145.0.0.0 Safari/537.36 (compatible; meta-webindexer/1.1 (+https://developers.facebook.com/docs/sharing/webmasters/crawler))"
40.77.167.230 - - [13/Sep/2026:00:22:07 +0300] "GET /cdn-cgi/scripts/5c5dd728/cloudflare-static/email-decode.min.js?_=1789248123444 HTTP/2" 404 796 "https://www.evliyalar.net/?p=68387" "Mozilla/5.0 AppleWebKit/537.36 (KHTML, like Gecko; compatible; bingbot/2.0; +http://www.bing.com/bingbot.htm) Chrome/136.0.0.0 Safari/537.36 AppleWebKit/537.36 (KHTML, like Gecko; compatible; bingbot/2.0; +http://www.bing.com/bingbot.htm) Chrome/116.0.1938.76 Safari/537.36"
40.77.177.228 - - [13/Sep/2026:00:22:09 +0300] "GET /cdn-cgi/scripts/5c5dd728/cloudflare-static/email-decode.min.js?_=1789248123444 HTTP/2" 404 796 "https://www.evliyalar.net/?p=68387" "Mozilla/5.0 AppleWebKit/537.36 (KHTML, like Gecko; compatible; bingbot/2.0; +http://www.bing.com/bingbot.htm) Chrome/136.0.0.0 Safari/537.36"
136.116.194.68 - - [13/Sep/2026:00:22:26 +0300] "GET /wp-content/uploads/2015/04/Pasmakcizade-Seyyid3-scaled.jpg HTTP/2" 200 1093140 "-" "Mozilla/5.0 AppleWebKit/537.36 (KHTML, like Gecko; compatible; Reflectionbot/1.0; +https://reflection.ai/bot) Chrome/151.0.0.0 Safari/537.36"
66.249.70.164 - - [13/Sep/2026:00:22:41 +0300] "GET /?p=29451&refurl=https://www.evliyalar.net/?p=71005 HTTP/1.1" 200 2025 "-" "Mozilla/5.0 (Linux; Android 6.0.1; Nexus 5X Build/MMB29P) AppleWebKit/537.36 (KHTML, like Gecko) Chrome/152.0.7977.82 Mobile Safari/537.36 (compatible; Googlebot/2.1; +http://www.google.com/bot.html)"
89.43.31.214 - - [13/Sep/2026:00:22:53 +0300] "POST /wp-cron.php?doing_wp_cron=1789248173.7358529567718505859375 HTTP/1.1" 200 0 "-" "WordPress/6.5.10; https://www.evliyalar.net"
66.249.70.163 - - [13/Sep/2026:00:23:05 +0300] "GET /?p=32187 HTTP/1.1" 200 2052 "-" "Mozilla/5.0 (Linux; Android 6.0.1; Nexus 5X Build/MMB29P) AppleWebKit/537.36 (KHTML, like Gecko) Chrome/152.0.7977.82 Mobile Safari/537.36 (compatible; Googlebot/2.1; +http://www.google.com/bot.html)"
51.75.119.168 - - [13/Sep/2026:00:23:34 +0300] "GET /robots.txt HTTP/1.1" 200 77 "-" "Mozilla/5.0 (compatible; MJ12bot/v1.4.8; http://mj12bot.com/)"
51.75.119.168 - - [13/Sep/2026:00:23:36 +0300] "GET /wp-includes/interactivity-api/?MA HTTP/1.1" 200 727 "-" "Mozilla/5.0 (compatible; MJ12bot/v1.4.8; http://mj12bot.com/)"
51.75.119.168 - - [13/Sep/2026:00:23:37 +0300] "GET /wp-includes/interactivity-api/?ND HTTP/1.1" 200 721 "-" "Mozilla/5.0 (compatible; MJ12bot/v1.4.8; http://mj12bot.com/)"
51.75.119.168 - - [13/Sep/2026:00:23:39 +0300] "GET /wp-includes/interactivity-api/?SA HTTP/1.1" 200 724 "-" "Mozilla/5.0 (compatible; MJ12bot/v1.4.8; http://mj12bot.com/)"
51.75.119.168 - - [13/Sep/2026:00:23:47 +0300] "GET /wp-includes/interactivity-api/class-wp-interactivity-api-directives-processor.php HTTP/1.1" 403 787 "-" "Mozilla/5.0 (compatible; MJ12bot/v1.4.8; http://mj12bot.com/)"
105.110.168.92 - - [13/Sep/2026:00:22:34 +0300] "POST /xmlrpc.php HTTP/1.1" 200 412 "-" "Mozilla/5.0 (Windows NT 6.2; x64) AppleWebKit/537.36 (KHTML, like Gecko) Safari/15.0.0.0 Safari/537.36"
105.110.168.92 - - [13/Sep/2026:00:22:42 +0300] "POST /xmlrpc.php HTTP/1.1" 200 412 "-" "Mozilla/5.0 (X11; Ubuntu; Linux x86_64; x86) AppleWebKit/537.36 (KHTML, like Gecko) Edge/94.0.0.0 Safari/537.36"
66.249.70.163 - - [13/Sep/2026:00:22:48 +0300] "GET /cahidi-sultan/ HTTP/1.1" 404 796 "-" "Mozilla/5.0 (Linux; Android 6.0.1; Nexus 5X Build/MMB29P) AppleWebKit/537.36 (KHTML, like Gecko) Chrome/152.0.7977.82 Mobile Safari/537.36 (compatible; Googlebot/2.1; +http://www.google.com/bot.html)"
105.110.168.92 - - [13/Sep/2026:00:22:52 +0300] "POST /xmlrpc.php HTTP/1.1" 200 412 "-" "Mozilla/5.0 (Macintosh; Intel Mac OS X 10_15_7; arm64) AppleWebKit/537.36 (KHTML, like Gecko) Chrome/83.0.0.0 Safari/537.36"
105.110.168.92 - - [13/Sep/2026:00:23:01 +0300] "POST /xmlrpc.php HTTP/1.1" 200 412 "-" "Mozilla/5.0 (Windows NT 10.0; arm64) AppleWebKit/537.36 (KHTML, like Gecko) Firefox/84.0.0.0 Safari/537.36"
105.110.168.92 - - [13/Sep/2026:00:23:10 +0300] "POST /xmlrpc.php HTTP/1.1" 200 412 "-" "Mozilla/5.0 (Windows NT 10.0; x64) AppleWebKit/537.36 (KHTML, like Gecko) Chrome/109.0.0.0 Safari/537.36"
105.110.168.92 - - [13/Sep/2026:00:23:18 +0300] "POST /xmlrpc.php HTTP/1.1" 200 412 "-" "Mozilla/5.0 (X11; Ubuntu; Linux x86_64; x86) AppleWebKit/537.36 (KHTML, like Gecko) Edge/95.0.0.0 Safari/537.36"
17.166.237.177 - - [13/Sep/2026:00:23:21 +0300] "GET /mustafa-rakim-efendi/ HTTP/2" 404 796 "-" "Mozilla/5.0 (Macintosh; Intel Mac OS X 10_15_7) AppleWebKit/605.1.15 (KHTML, like Gecko) Version/17.4 Safari/605.1.15 (Applebot/0.1; +http://www.apple.com/go/applebot)"
105.110.168.92 - - [13/Sep/2026:00:23:26 +0300] "POST /xmlrpc.php HTTP/1.1" 200 412 "-" "Mozilla/5.0 (Macintosh; Intel Mac OS X 10_15_7; x64) AppleWebKit/537.36 (KHTML, like Gecko) Opera/77.0.0.0 Safari/537.36"
66.249.70.163 - - [13/Sep/2026:00:23:31 +0300] "GET /kategori/anadolu-evliyalari/adiyaman/menzil-evliyalari/ HTTP/1.1" 404 796 "-" "Mozilla/5.0 (Linux; Android 6.0.1; Nexus 5X Build/MMB29P) AppleWebKit/537.36 (KHTML, like Gecko) Chrome/152.0.7977.82 Mobile Safari/537.36 (compatible; Googlebot/2.1; +http://www.google.com/bot.html)"
51.75.119.168 - - [13/Sep/2026:00:23:31 +0300] "GET /robots.txt HTTP/1.1" 200 77 "-" "Mozilla/5.0 (compatible; MJ12bot/v1.4.8; http://mj12bot.com/)"
51.75.119.168 - - [13/Sep/2026:00:23:33 +0300] "GET /2cfb8c9caa9b.php HTTP/1.1" 403 787 "-" "Mozilla/5.0 (compatible; MJ12bot/v1.4.8; http://mj12bot.com/)"
52.167.144.172 - - [13/Sep/2026:00:23:35 +0300] "GET /wp-content/uploads/2020/04/Hamza-Bin-H%C4%B1z%C4%B1r-2-696x522.jpg HTTP/2" 200 53939 "-" "Mozilla/5.0 AppleWebKit/537.36 (KHTML, like Gecko; compatible; bingbot/2.0; +http://www.bing.com/bingbot.htm) Chrome/116.0.1938.76 Safari/537.36"
105.110.168.92 - - [13/Sep/2026:00:23:35 +0300] "POST /xmlrpc.php HTTP/1.1" 200 412 "-" "Mozilla/5.0 (Windows NT 6.2; x86) AppleWebKit/537.36 (KHTML, like Gecko) Firefox/93.0.0.0 Safari/537.36"
105.110.168.92 - - [13/Sep/2026:00:23:44 +0300] "POST /xmlrpc.php HTTP/1.1" 200 412 "-" "Mozilla/5.0 (Linux; Android 10; x64) AppleWebKit/537.36 (KHTML, like Gecko) Safari/14.0.0.0 Safari/537.36"
191.102.37.12 - - [13/Sep/2026:00:23:52 +0300] "GET /wp-content/uploads/2016/01/IMG_6037-200x300.jpg HTTP/1.1" 200 22024 "https://google.com" "Mozilla/5.0 (Macintosh; Intel Mac OS X 10_14_2) AppleWebKit/537.36 (KHTML, like Gecko) Chrome/65.0.3325.109 Safari/537.36 OPR/51.0.2830.34"
105.110.168.92 - - [13/Sep/2026:00:23:53 +0300] "POST /xmlrpc.php HTTP/1.1" 200 412 "-" "Mozilla/5.0 (Windows NT 10.0; x64) AppleWebKit/537.36 (KHTML, like Gecko) Chrome/115.0.0.0 Safari/537.36"
105.110.168.92 - - [13/Sep/2026:00:24:04 +0300] "POST /xmlrpc.php HTTP/1.1" 200 412 "-" "Mozilla/5.0 (Windows NT 6.3; x64) AppleWebKit/537.36 (KHTML, like Gecko) Firefox/88.0.0.0 Safari/537.36"
51.75.119.168 - - [13/Sep/2026:00:24:06 +0300] "GET /wp-includes/js/customize-preview.min.js HTTP/1.1" 200 2867 "-" "Mozilla/5.0 (compatible; MJ12bot/v1.4.8; http://mj12bot.com/)"
5.176.226.108 - - [13/Sep/2026:00:24:09 +0300] "GET /wp-content/uploads/2014/09/hz-suleyman-ve-27-sahabe-4-ia.jpg HTTP/2" 200 113128 "https://www.google.com/" "Mozilla/5.0 (Linux; Android 16; 2406APNFAG Build/BP2A.250605.031.A3; wv) AppleWebKit/537.36 (KHTML, like Gecko) Version/4.0 Chrome/151.0.7922.199 Mobile Safari/537.36 GoogleApp/17.54.12.ve.arm64"
20.125.163.80 - - [13/Sep/2026:00:24:12 +0300] "GET /?p=25388 HTTP/2" 200 2053 "-" "Mozilla/5.0 AppleWebKit/537.36 (KHTML, like Gecko; compatible; bingbot/2.0; +http://www.bing.com/bingbot.htm) Chrome/116.0.1938.76 Safari/537.36"
105.110.168.92 - - [13/Sep/2026:00:24:14 +0300] "POST /xmlrpc.php HTTP/1.1" 200 412 "-" "Mozilla/5.0 (Windows NT 10.0; x86) AppleWebKit/537.36 (KHTML, like Gecko) Firefox/97.0.0.0 Safari/537.36"
101.47.55.250 - - [13/Sep/2026:00:24:18 +0300] "GET /wp-content/uploads/2015/10/DSC02198-150x150.jpg HTTP/1.1" 200 7554 "http://www.evliyalar.net/" "Mozilla/5.0 (Windows NT 10.0; Win64; x64) AppleWebKit/537.36 (KHTML, like Gecko) Chrome/151.0.0.0 Safari/537.36"
105.110.168.92 - - [13/Sep/2026:00:24:21 +0300] "POST /xmlrpc.php HTTP/1.1" 200 412 "-" "Mozilla/5.0 (Linux; Android 10; arm64) AppleWebKit/537.36 (KHTML, like Gecko) Firefox/80.0.0.0 Safari/537.36"
105.110.168.92 - - [13/Sep/2026:00:24:27 +0300] "POST /xmlrpc.php HTTP/1.1" 200 412 "-" "Mozilla/5.0 (Linux; Android 10; x86) AppleWebKit/537.36 (KHTML, like Gecko) Safari/15.0.0.0 Safari/537.36"
52.167.144.172 - - [13/Sep/2026:00:24:30 +0300] "GET /?p=49340 HTTP/2" 200 2050 "-" "Mozilla/5.0 AppleWebKit/537.36 (KHTML, like Gecko; compatible; bingbot/2.0; +http://www.bing.com/bingbot.htm) Chrome/116.0.1938.76 Safari/537.36"
51.75.119.168 - - [13/Sep/2026:00:24:31 +0300] "GET /wp-includes/js/customize-selective-refresh.min.js HTTP/1.1" 200 3483 "-" "Mozilla/5.0 (compatible; MJ12bot/v1.4.8; http://mj12bot.com/)"
51.75.119.168 - - [13/Sep/2026:00:24:32 +0300] "GET /wp-includes/js/customize-views.js HTTP/1.1" 200 1310 "-" "Mozilla/5.0 (compatible; MJ12bot/v1.4.8; http://mj12bot.com/)"
105.110.168.92 - - [13/Sep/2026:00:24:34 +0300] "POST /xmlrpc.php HTTP/1.1" 200 412 "-" "Mozilla/5.0 (Windows NT 6.2; x86) AppleWebKit/537.36 (KHTML, like Gecko) Safari/12.0.0.0 Safari/537.36"
51.75.119.168 - - [13/Sep/2026:00:24:34 +0300] "GET /wp-includes/js/customize-views.min.js HTTP/1.1" 200 783 "-" "Mozilla/5.0 (compatible; MJ12bot/v1.4.8; http://mj12bot.com/)"
51.75.119.168 - - [13/Sep/2026:00:24:36 +0300] "GET /wp-includes/js/heartbeat.js HTTP/1.1" 200 6223 "-" "Mozilla/5.0 (compatible; MJ12bot/v1.4.8; http://mj12bot.com/)"
52.167.144.157 - - [13/Sep/2026:00:24:39 +0300] "GET /?s=kat%C4%B1levim+hisse+yorum HTTP/2" 200 2051 "-" "Mozilla/5.0 AppleWebKit/537.36 (KHTML, like Gecko; compatible; bingbot/2.0; +http://www.bing.com/bingbot.htm) Chrome/116.0.1938.76 Safari/537.36"
51.75.119.168 - - [13/Sep/2026:00:24:41 +0300] "GET /wp-includes/js/hoverIntent.js HTTP/1.1" 200 2268 "-" "Mozilla/5.0 (compatible; MJ12bot/v1.4.8; http://mj12bot.com/)"
105.110.168.92 - - [13/Sep/2026:00:24:42 +0300] "POST /xmlrpc.php HTTP/1.1" 200 412 "-" "Mozilla/5.0 (Macintosh; Intel Mac OS X 10_15_7; x64) AppleWebKit/537.36 (KHTML, like Gecko) Edge/100.0.0.0 Safari/537.36"
105.110.168.92 - - [13/Sep/2026:00:24:48 +0300] "POST /xmlrpc.php HTTP/1.1" 200 412 "-" "Mozilla/5.0 (Windows NT 10.0; x86) AppleWebKit/537.36 (KHTML, like Gecko) Chrome/114.0.0.0 Safari/537.36"
40.77.167.72 - - [13/Sep/2026:00:24:54 +0300] "GET /?p=33520 HTTP/2" 200 2052 "-" "Mozilla/5.0 AppleWebKit/537.36 (KHTML, like Gecko; compatible; bingbot/2.0; +http://www.bing.com/bingbot.htm) Chrome/116.0.1938.76 Safari/537.36"
40.77.167.72 - - [13/Sep/2026:00:24:54 +0300] "GET /?p=13484 HTTP/2" 200 2052 "-" "Mozilla/5.0 AppleWebKit/537.36 (KHTML, like Gecko; compatible; bingbot/2.0; +http://www.bing.com/bingbot.htm) Chrome/116.0.1938.76 Safari/537.36"
51.75.119.168 - - [13/Sep/2026:00:23:49 +0300] "GET /wp-includes/interactivity-api/class-wp-interactivity-api.php HTTP/1.1" 403 787 "-" "Mozilla/5.0 (compatible; MJ12bot/v1.4.8; http://mj12bot.com/)"
51.75.119.168 - - [13/Sep/2026:00:23:51 +0300] "GET /wp-includes/interactivity-api/interactivity-api.php HTTP/1.1" 403 787 "-" "Mozilla/5.0 (compatible; MJ12bot/v1.4.8; http://mj12bot.com/)"
66.249.70.163 - - [13/Sep/2026:00:23:51 +0300] "GET /selami-ali-efendi/ HTTP/1.1" 404 796 "-" "Mozilla/5.0 (Linux; Android 6.0.1; Nexus 5X Build/MMB29P) AppleWebKit/537.36 (KHTML, like Gecko) Chrome/152.0.7977.82 Mobile Safari/537.36 (compatible; Googlebot/2.1; +http://www.google.com/bot.html)"
66.249.70.163 - - [13/Sep/2026:00:23:51 +0300] "GET /gozedeci-dede/ HTTP/1.1" 404 796 "-" "Mozilla/5.0 (Linux; Android 6.0.1; Nexus 5X Build/MMB29P) AppleWebKit/537.36 (KHTML, like Gecko) Chrome/152.0.7977.82 Mobile Safari/537.36 (compatible; Googlebot/2.1; +http://www.google.com/bot.html)"
51.75.119.168 - - [13/Sep/2026:00:23:52 +0300] "GET /wp-includes/js/?MA HTTP/1.1" 200 3962 "-" "Mozilla/5.0 (compatible; MJ12bot/v1.4.8; http://mj12bot.com/)"
192.0.117.242 - - [13/Sep/2026:00:23:53 +0300] "GET /wp-content/uploads/2023/01/Dr.-Munir-Derman1.jpg HTTP/2" 200 147363 "-" "Photon/1.0"
51.75.119.168 - - [13/Sep/2026:00:23:54 +0300] "GET /wp-includes/js/?ND HTTP/1.1" 200 3888 "-" "Mozilla/5.0 (compatible; MJ12bot/v1.4.8; http://mj12bot.com/)"
51.75.119.168 - - [13/Sep/2026:00:23:56 +0300] "GET /wp-includes/js/?SA HTTP/1.1" 200 4110 "-" "Mozilla/5.0 (compatible; MJ12bot/v1.4.8; http://mj12bot.com/)"
51.75.119.168 - - [13/Sep/2026:00:23:57 +0300] "GET /wp-includes/js/admin-bar.js HTTP/1.1" 200 2772 "-" "Mozilla/5.0 (compatible; MJ12bot/v1.4.8; http://mj12bot.com/)"
51.75.119.168 - - [13/Sep/2026:00:23:59 +0300] "GET /wp-includes/js/admin-bar.min.js HTTP/1.1" 200 1339 "-" "Mozilla/5.0 (compatible; MJ12bot/v1.4.8; http://mj12bot.com/)"
51.75.119.168 - - [13/Sep/2026:00:24:01 +0300] "GET /wp-includes/js/api-request.js HTTP/1.1" 200 1227 "-" "Mozilla/5.0 (compatible; MJ12bot/v1.4.8; http://mj12bot.com/)"
51.75.119.168 - - [13/Sep/2026:00:24:03 +0300] "GET /wp-includes/js/autosave.js HTTP/1.1" 200 5609 "-" "Mozilla/5.0 (compatible; MJ12bot/v1.4.8; http://mj12bot.com/)"
51.75.119.168 - - [13/Sep/2026:00:24:04 +0300] "GET /wp-includes/js/customize-preview.js HTTP/1.1" 200 7106 "-" "Mozilla/5.0 (compatible; MJ12bot/v1.4.8; http://mj12bot.com/)"
24.133.128.162 - - [13/Sep/2026:00:24:05 +0300] "GET /wp-content/uploads/2020/04/Oru%C3%A7-Baba-3.jpg HTTP/2" 200 102040 "https://www.google.com/" "Mozilla/5.0 (Linux; Android 12; CTR-L81 Build/HUAWEICTR-L81; wv) AppleWebKit/537.36 (KHTML, like Gecko) Version/4.0 Chrome/114.0.5735.196 Mobile Safari/537.36 GoogleApp/15.40.32.28.arm64"
51.75.119.168 - - [13/Sep/2026:00:24:08 +0300] "GET /wp-includes/js/customize-selective-refresh.js HTTP/1.1" 200 8602 "-" "Mozilla/5.0 (compatible; MJ12bot/v1.4.8; http://mj12bot.com/)"
40.77.167.72 - - [13/Sep/2026:00:24:34 +0300] "GET /?p=40270 HTTP/2" 200 2050 "-" "Mozilla/5.0 AppleWebKit/537.36 (KHTML, like Gecko; compatible; bingbot/2.0; +http://www.bing.com/bingbot.htm) Chrome/116.0.1938.76 Safari/537.36"
51.75.119.168 - - [13/Sep/2026:00:24:38 +0300] "GET /wp-includes/js/heartbeat.min.js HTTP/1.1" 200 1959 "-" "Mozilla/5.0 (compatible; MJ12bot/v1.4.8; http://mj12bot.com/)"
66.249.70.163 - - [13/Sep/2026:00:24:56 +0300] "GET /abdulbaki-dede-k-s/ HTTP/1.1" 404 796 "-" "Mozilla/5.0 (Linux; Android 6.0.1; Nexus 5X Build/MMB29P) AppleWebKit/537.36 (KHTML, like Gecko) Chrome/152.0.7977.82 Mobile Safari/537.36 (compatible; Googlebot/2.1; +http://www.google.com/bot.html)"
66.249.70.163 - - [13/Sep/2026:00:25:00 +0300] "GET /nakkas-baba/ HTTP/1.1" 404 796 "-" "Mozilla/5.0 (Linux; Android 6.0.1; Nexus 5X Build/MMB29P) AppleWebKit/537.36 (KHTML, like Gecko) Chrome/152.0.7977.82 Mobile Safari/537.36 (compatible; Googlebot/2.1; +http://www.google.com/bot.html)"
66.249.70.163 - - [13/Sep/2026:00:25:01 +0300] "GET /?p=35783 HTTP/1.1" 200 2024 "-" "Mozilla/5.0 (Linux; Android 6.0.1; Nexus 5X Build/MMB29P) AppleWebKit/537.36 (KHTML, like Gecko) Chrome/152.0.7977.82 Mobile Safari/537.36 (compatible; Googlebot/2.1; +http://www.google.com/bot.html)"
52.167.144.157 - - [13/Sep/2026:00:25:07 +0300] "GET /wp-content/uploads/2022/12/Bacim-Sultan4-696x452.jpg HTTP/2" 200 64267 "-" "Mozilla/5.0 AppleWebKit/537.36 (KHTML, like Gecko; compatible; bingbot/2.0; +http://www.bing.com/bingbot.htm) Chrome/116.0.1938.76 Safari/537.36"
40.77.189.44 - - [13/Sep/2026:00:25:07 +0300] "POST /cdn-cgi/rum? HTTP/2" 404 796 "https://www.evliyalar.net/?p=6802" "Mozilla/5.0 (Windows NT 10.0; Win64; x64) AppleWebKit/537.36 (KHTML, like Gecko) HeadlessChrome/146.0.7680.165 Safari/537.36"
52.167.144.172 - - [13/Sep/2026:00:25:07 +0300] "GET /?p=37686 HTTP/2" 200 2050 "-" "Mozilla/5.0 AppleWebKit/537.36 (KHTML, like Gecko; compatible; bingbot/2.0; +http://www.bing.com/bingbot.htm) Chrome/116.0.1938.76 Safari/537.36"
52.167.144.157 - - [13/Sep/2026:00:25:08 +0300] "GET /?p=40126 HTTP/2" 200 2050 "-" "Mozilla/5.0 AppleWebKit/537.36 (KHTML, like Gecko; compatible; bingbot/2.0; +http://www.bing.com/bingbot.htm) Chrome/116.0.1938.76 Safari/537.36"
52.167.144.157 - - [13/Sep/2026:00:25:08 +0300] "GET /?p=30628 HTTP/2" 200 2050 "-" "Mozilla/5.0 AppleWebKit/537.36 (KHTML, like Gecko; compatible; bingbot/2.0; +http://www.bing.com/bingbot.htm) Chrome/116.0.1938.76 Safari/537.36"
52.167.144.157 - - [13/Sep/2026:00:25:08 +0300] "GET /?p=62230 HTTP/2" 200 2050 "-" "Mozilla/5.0 AppleWebKit/537.36 (KHTML, like Gecko; compatible; bingbot/2.0; +http://www.bing.com/bingbot.htm) Chrome/116.0.1938.76 Safari/537.36"
52.167.144.172 - - [13/Sep/2026:00:25:16 +0300] "GET /?p=7882 HTTP/2" 200 2051 "-" "Mozilla/5.0 AppleWebKit/537.36 (KHTML, like Gecko; compatible; bingbot/2.0; +http://www.bing.com/bingbot.htm) Chrome/116.0.1938.76 Safari/537.36"
52.167.144.172 - - [13/Sep/2026:00:25:21 +0300] "GET /?p=18325 HTTP/2" 200 2051 "-" "Mozilla/5.0 AppleWebKit/537.36 (KHTML, like Gecko; compatible; bingbot/2.0; +http://www.bing.com/bingbot.htm) Chrome/116.0.1938.76 Safari/537.36"
23.21.175.228 - - [13/Sep/2026:00:25:28 +0300] "GET /location/himmet-baba/ HTTP/1.1" 404 796 "-" "Mozilla/5.0 AppleWebKit/537.36 (KHTML, like Gecko; compatible; Amazonbot/0.1; +https://developer.amazon.com/support/amazonbot) Chrome/119.0.6045.214 Safari/537.36"
52.204.253.129 - - [13/Sep/2026:00:25:36 +0300] "GET /location/fatih-camii/ HTTP/1.1" 404 796 "-" "Mozilla/5.0 AppleWebKit/537.36 (KHTML, like Gecko; compatible; Amazonbot/0.1; +https://developer.amazon.com/support/amazonbot) Chrome/119.0.6045.214 Safari/537.36"
44.207.69.106 - - [13/Sep/2026:00:25:41 +0300] "GET /location/seyyid-ahmet-turbesi/ HTTP/1.1" 404 796 "-" "Mozilla/5.0 AppleWebKit/537.36 (KHTML, like Gecko; compatible; Amazonbot/0.1; +https://developer.amazon.com/support/amazonbot) Chrome/119.0.6045.214 Safari/537.36"
34.231.45.47 - - [13/Sep/2026:00:25:46 +0300] "GET /location/ali-celebi-ve-mahmut-celebi-turbesi/ HTTP/1.1" 404 796 "-" "Mozilla/5.0 AppleWebKit/537.36 (KHTML, like Gecko; compatible; Amazonbot/0.1; +https://developer.amazon.com/support/amazonbot) Chrome/119.0.6045.214 Safari/537.36"
18.204.152.114 - - [13/Sep/2026:00:25:49 +0300] "GET /location/seyh-osman-efendi/ HTTP/1.1" 404 796 "-" "Mozilla/5.0 AppleWebKit/537.36 (KHTML, like Gecko; compatible; Amazonbot/0.1; +https://developer.amazon.com/support/amazonbot) Chrome/119.0.6045.214 Safari/537.36"
77.91.167.158 - - [13/Sep/2026:00:25:51 +0300] "GET /wp-content/uploads/2015/08/TERME-17-2.jpg HTTP/1.1" 200 0 "https://google.com" "Mozilla/5.0 (X11; Linux i686) AppleWebKit/537.36 (KHTML, like Gecko) Chrome/75.0.3770 Safari/537.36"
52.3.155.146 - - [13/Sep/2026:00:25:52 +0300] "GET /location/kartal-baba/ HTTP/1.1" 404 796 "-" "Mozilla/5.0 AppleWebKit/537.36 (KHTML, like Gecko; compatible; Amazonbot/0.1; +https://developer.amazon.com/support/amazonbot) Chrome/119.0.6045.214 Safari/537.36"
40.77.167.72 - - [13/Sep/2026:00:24:55 +0300] "GET /?p=66083 HTTP/2" 200 2052 "-" "Mozilla/5.0 AppleWebKit/537.36 (KHTML, like Gecko; compatible; bingbot/2.0; +http://www.bing.com/bingbot.htm) Chrome/116.0.1938.76 Safari/537.36"
40.77.167.72 - - [13/Sep/2026:00:24:56 +0300] "GET /?p=63558 HTTP/2" 200 2052 "-" "Mozilla/5.0 AppleWebKit/537.36 (KHTML, like Gecko; compatible; bingbot/2.0; +http://www.bing.com/bingbot.htm) Chrome/116.0.1938.76 Safari/537.36"
105.110.168.92 - - [13/Sep/2026:00:24:58 +0300] "POST /xmlrpc.php HTTP/1.1" 200 412 "-" "Mozilla/5.0 (Windows NT 6.3; x64) AppleWebKit/537.36 (KHTML, like Gecko) Chrome/103.0.0.0 Safari/537.36"
176.216.1.197 - - [13/Sep/2026:00:25:01 +0300] "GET /muhiddin-kocavi/ HTTP/2" 404 796 "https://www.google.com/" "Mozilla/5.0 (Linux; Android 10; K) AppleWebKit/537.36 (KHTML, like Gecko) Chrome/152.0.0.0 Mobile Safari/537.36"
176.216.1.197 - - [13/Sep/2026:00:25:01 +0300] "GET /favicon.ico HTTP/2" 404 796 "https://www.evliyalar.net/muhiddin-kocavi/" "Mozilla/5.0 (Linux; Android 10; K) AppleWebKit/537.36 (KHTML, like Gecko) Chrome/152.0.0.0 Mobile Safari/537.36"
136.113.155.22 - - [13/Sep/2026:00:25:05 +0300] "GET /wp-content/uploads/2024/05/Edi-ile-Bedir-Turbesi2.jpg HTTP/2" 200 165693 "-" "Mozilla/5.0 AppleWebKit/537.36 (KHTML, like Gecko; compatible; Reflectionbot/1.0; +https://reflection.ai/bot) Chrome/151.0.0.0 Safari/537.36"
105.110.168.92 - - [13/Sep/2026:00:25:08 +0300] "POST /xmlrpc.php HTTP/1.1" 200 412 "-" "Mozilla/5.0 (X11; Ubuntu; Linux x86_64; x86) AppleWebKit/537.36 (KHTML, like Gecko) Firefox/93.0.0.0 Safari/537.36"
173.252.95.12 - - [13/Sep/2026:00:25:11 +0300] "GET /wp-admin/admin-ajax.php?action=process_simple_like&nonce=d708f82734&post_id=7568&disabled=true&is_comment=0 HTTP/2" 403 787 "-" "Mozilla/5.0 (Windows NT 10.0; Win64; x64) AppleWebKit/537.36 (KHTML, like Gecko) Chrome/145.0.0.0 Safari/537.36 (compatible; meta-webindexer/1.1 (+https://developers.facebook.com/docs/sharing/webmasters/crawler))"
105.110.168.92 - - [13/Sep/2026:00:25:17 +0300] "POST /xmlrpc.php HTTP/1.1" 200 412 "-" "Mozilla/5.0 (Macintosh; Intel Mac OS X 10_15_7; x86) AppleWebKit/537.36 (KHTML, like Gecko) Firefox/88.0.0.0 Safari/537.36"
66.249.70.163 - - [13/Sep/2026:00:25:21 +0300] "GET /?p=8217 HTTP/1.1" 200 2051 "-" "Mozilla/5.0 (Linux; Android 6.0.1; Nexus 5X Build/MMB29P) AppleWebKit/537.36 (KHTML, like Gecko) Chrome/152.0.7977.82 Mobile Safari/537.36 (compatible; Googlebot/2.1; +http://www.google.com/bot.html)"
54.84.169.196 - - [13/Sep/2026:00:25:25 +0300] "GET /location/ibrahim-ata/ HTTP/1.1" 404 796 "-" "Mozilla/5.0 AppleWebKit/537.36 (KHTML, like Gecko; compatible; Amazonbot/0.1; +https://developer.amazon.com/support/amazonbot) Chrome/119.0.6045.214 Safari/537.36"
105.110.168.92 - - [13/Sep/2026:00:25:27 +0300] "POST /xmlrpc.php HTTP/1.1" 200 412 "-" "Mozilla/5.0 (Linux; Android 10; arm64) AppleWebKit/537.36 (KHTML, like Gecko) Safari/12.0.0.0 Safari/537.36"
52.201.155.215 - - [13/Sep/2026:00:25:32 +0300] "GET /location/hasan-mekki-dede-turbesi/ HTTP/1.1" 404 796 "-" "Mozilla/5.0 AppleWebKit/537.36 (KHTML, like Gecko; compatible; Amazonbot/0.1; +https://developer.amazon.com/support/amazonbot) Chrome/119.0.6045.214 Safari/537.36"
105.110.168.92 - - [13/Sep/2026:00:25:36 +0300] "POST /xmlrpc.php HTTP/1.1" 200 412 "-" "Mozilla/5.0 (Linux; Android 10; x86) AppleWebKit/537.36 (KHTML, like Gecko) Opera/61.0.0.0 Safari/537.36"
105.110.168.92 - - [13/Sep/2026:00:25:48 +0300] "POST /xmlrpc.php HTTP/1.1" 200 412 "-" "Mozilla/5.0 (Windows NT 6.3; x64) AppleWebKit/537.36 (KHTML, like Gecko) Opera/68.0.0.0 Safari/537.36"
