129.225.125.127 - - [13/Sep/2026:01:59:21 +0300] "GET /wp-admin/index.php HTTP/1.1" 403 787 "https://evliyalar.net/wp-login.php" "Mozilla/5.0 (Macintosh; Intel Mac OS X 10_15_7; rv:93.0) Gecko/20100101 Firefox/93.0"
129.225.125.127 - - [13/Sep/2026:01:59:21 +0300] "GET /wp-admin/index.php HTTP/1.1" 403 787 "https://evliyalar.net/wp-login.php" "Mozilla/5.0 (Macintosh; Intel Mac OS X 10_15_7; rv:93.0) Gecko/20100101 Firefox/93.0"
129.225.125.127 - - [13/Sep/2026:01:59:22 +0300] "POST /wp-login.php HTTP/1.1" 200 3321 "https://evliyalar.net/wp-login.php" "Mozilla/5.0 (X11; Linux x86_64; rv:92.0) Gecko/20100101 Firefox/92.0"
129.225.125.127 - - [13/Sep/2026:01:59:31 +0300] "GET /wp-admin/index.php HTTP/1.1" 403 787 "https://evliyalar.net/wp-login.php" "Mozilla/5.0 (Windows NT 6.1; Win64; x64) AppleWebKit/537.36 (KHTML, like Gecko) Chrome/94.0.4606.71 Safari/537.36"
129.225.125.127 - - [13/Sep/2026:01:59:31 +0300] "GET /wp-admin/index.php HTTP/1.1" 403 787 "https://evliyalar.net/wp-login.php" "Mozilla/5.0 (Windows NT 6.1; Win64; x64) AppleWebKit/537.36 (KHTML, like Gecko) Chrome/94.0.4606.71 Safari/537.36"
129.225.125.127 - - [13/Sep/2026:01:59:31 +0300] "POST /wp-login.php HTTP/1.1" 200 3321 "https://evliyalar.net/wp-login.php" "Mozilla/5.0 (Macintosh; Intel Mac OS X 10_15_7) AppleWebKit/605.1.15 (KHTML, like Gecko) Version/14.1.1 Safari/605.1.15"
129.225.125.127 - - [13/Sep/2026:01:59:36 +0300] "GET /wp-admin/index.php HTTP/1.1" 403 787 "https://evliyalar.net/wp-login.php" "Mozilla/5.0 (Macintosh; Intel Mac OS X 10_15_7) AppleWebKit/605.1.15 (KHTML, like Gecko) Version/14.1 Safari/605.1.15"
129.225.125.127 - - [13/Sep/2026:01:59:36 +0300] "GET /wp-admin/index.php HTTP/1.1" 403 787 "https://evliyalar.net/wp-login.php" "Mozilla/5.0 (Macintosh; Intel Mac OS X 10_15_7) AppleWebKit/605.1.15 (KHTML, like Gecko) Version/14.1 Safari/605.1.15"
40.77.167.121 - - [13/Sep/2026:01:59:38 +0300] "GET /wp-content/uploads/2015/06/Ahmet-Talibi-Irsadi-Baba3.jpg HTTP/2" 200 93671 "-" "Mozilla/5.0 AppleWebKit/537.36 (KHTML, like Gecko; compatible; bingbot/2.0; +http://www.bing.com/bingbot.htm) Chrome/116.0.1938.76 Safari/537.36"
129.225.125.127 - - [13/Sep/2026:01:59:37 +0300] "POST /wp-login.php HTTP/1.1" 200 3321 "https://evliyalar.net/wp-login.php" "Mozilla/5.0 (X11; Linux x86_64) AppleWebKit/537.36 (KHTML, like Gecko) Chrome/93.0.4577.63 Safari/537.36"
129.225.125.127 - - [13/Sep/2026:01:59:46 +0300] "GET /wp-admin/index.php HTTP/1.1" 403 787 "https://evliyalar.net/wp-login.php" "Mozilla/5.0 (Windows NT 6.1; Win64; x64) AppleWebKit/537.36 (KHTML, like Gecko) Chrome/91.0.4472.124 Safari/537.36"
129.225.125.127 - - [13/Sep/2026:01:59:46 +0300] "GET /wp-admin/index.php HTTP/1.1" 403 787 "https://evliyalar.net/wp-login.php" "Mozilla/5.0 (Windows NT 6.1; Win64; x64) AppleWebKit/537.36 (KHTML, like Gecko) Chrome/91.0.4472.124 Safari/537.36"
129.225.125.127 - - [13/Sep/2026:01:59:46 +0300] "POST /wp-login.php HTTP/1.1" 200 3321 "https://evliyalar.net/wp-login.php" "Mozilla/5.0 (Windows NT 10.0; Win64; x64) AppleWebKit/537.36 (KHTML, like Gecko) Chrome/90.0.4430.212 Safari/537.36"
129.225.125.127 - - [13/Sep/2026:01:59:51 +0300] "GET /wp-admin/index.php HTTP/1.1" 403 787 "https://evliyalar.net/wp-login.php" "Mozilla/5.0 (Macintosh; Intel Mac OS X 10_15_7) AppleWebKit/537.36 (KHTML, like Gecko) Chrome/90.0.4430.212 Safari/537.36"
129.225.125.127 - - [13/Sep/2026:01:59:51 +0300] "GET /wp-admin/index.php HTTP/1.1" 403 787 "https://evliyalar.net/wp-login.php" "Mozilla/5.0 (Macintosh; Intel Mac OS X 10_15_7) AppleWebKit/537.36 (KHTML, like Gecko) Chrome/90.0.4430.212 Safari/537.36"
52.167.144.170 - - [13/Sep/2026:01:59:51 +0300] "GET /wp-content/uploads/2016/10/IMG_4813.jpg HTTP/2" 200 191195 "-" "Mozilla/5.0 AppleWebKit/537.36 (KHTML, like Gecko; compatible; bingbot/2.0; +http://www.bing.com/bingbot.htm) Chrome/116.0.1938.76 Safari/537.36"
129.225.125.127 - - [13/Sep/2026:01:59:51 +0300] "POST /wp-login.php HTTP/1.1" 200 3321 "https://evliyalar.net/wp-login.php" "Mozilla/5.0 (X11; Linux x86_64) AppleWebKit/537.36 (KHTML, like Gecko) Chrome/90.0.4430.212 Safari/537.36"
129.225.125.127 - - [13/Sep/2026:02:00:01 +0300] "GET /wp-admin/index.php HTTP/1.1" 403 787 "https://evliyalar.net/wp-login.php" "Mozilla/5.0 (Macintosh; Intel Mac OS X 10_15_7; rv:93.0) Gecko/20100101 Firefox/93.0"
129.225.125.127 - - [13/Sep/2026:02:00:01 +0300] "GET /wp-admin/index.php HTTP/1.1" 403 787 "https://evliyalar.net/wp-login.php" "Mozilla/5.0 (Macintosh; Intel Mac OS X 10_15_7; rv:93.0) Gecko/20100101 Firefox/93.0"
114.119.146.185 - - [13/Sep/2026:02:00:04 +0300] "GET /corumlu-haci-mustafa-anac-ks/mustafaanac-2/ HTTP/1.1" 404 796 "https://www.evliyalar.net/corumlu-haci-mustafa-anac-ks/mustafaanac-2/" "Mozilla/5.0 (Linux; Android 7.0;) AppleWebKit/537.36 (HTML, like Gecko) Mobile Safari/537.36 (compatible; PetalBot;+https://webmaster.petalsearch.com/site/petalbot)"
129.225.125.127 - - [13/Sep/2026:02:00:01 +0300] "POST /wp-login.php HTTP/1.1" 200 3321 "https://evliyalar.net/wp-login.php" "Mozilla/5.0 (Windows NT 10.0; Win64; x64) AppleWebKit/605.1.15 (KHTML, like Gecko) Version/14.0.3 Safari/605.1.15"
66.249.70.163 - - [13/Sep/2026:02:00:06 +0300] "GET /?p=53565 HTTP/1.1" 200 2050 "-" "Mozilla/5.0 (Linux; Android 6.0.1; Nexus 5X Build/MMB29P) AppleWebKit/537.36 (KHTML, like Gecko) Chrome/152.0.7977.82 Mobile Safari/537.36 (compatible; Googlebot/2.1; +http://www.google.com/bot.html)"
129.225.125.127 - - [13/Sep/2026:02:00:06 +0300] "GET /wp-admin/index.php HTTP/1.1" 403 787 "https://evliyalar.net/wp-login.php" "Mozilla/5.0 (Macintosh; Intel Mac OS X 10_15_7) AppleWebKit/537.36 (KHTML, like Gecko) Chrome/94.0.4606.71 Safari/537.36"
129.225.125.127 - - [13/Sep/2026:02:00:06 +0300] "GET /wp-admin/index.php HTTP/1.1" 403 787 "https://evliyalar.net/wp-login.php" "Mozilla/5.0 (Macintosh; Intel Mac OS X 10_15_7) AppleWebKit/537.36 (KHTML, like Gecko) Chrome/94.0.4606.71 Safari/537.36"
129.225.125.127 - - [13/Sep/2026:02:00:06 +0300] "POST /wp-login.php HTTP/1.1" 200 3315 "https://evliyalar.net/wp-login.php" "Mozilla/5.0 (Macintosh; Intel Mac OS X 10_15_7) AppleWebKit/537.36 (KHTML, like Gecko) Chrome/93.0.4577.63 Safari/537.36"
129.225.125.127 - - [13/Sep/2026:02:00:16 +0300] "GET /wp-admin/index.php HTTP/1.1" 403 787 "https://evliyalar.net/wp-login.php" "Mozilla/5.0 (Windows NT 6.1; Win64; x64) AppleWebKit/537.36 (KHTML, like Gecko) Chrome/94.0.4606.71 Safari/537.36"
129.225.125.127 - - [13/Sep/2026:02:00:16 +0300] "GET /wp-admin/index.php HTTP/1.1" 403 787 "https://evliyalar.net/wp-login.php" "Mozilla/5.0 (Windows NT 6.1; Win64; x64) AppleWebKit/537.36 (KHTML, like Gecko) Chrome/94.0.4606.71 Safari/537.36"
129.225.125.127 - - [13/Sep/2026:02:00:16 +0300] "POST /wp-login.php HTTP/1.1" 200 3321 "https://evliyalar.net/wp-login.php" "Mozilla/5.0 (Windows NT 10.0; Win64; x64) AppleWebKit/605.1.15 (KHTML, like Gecko) Version/14.1.1 Safari/605.1.15"
129.225.125.127 - - [13/Sep/2026:02:00:21 +0300] "GET /wp-admin/index.php HTTP/1.1" 403 787 "https://evliyalar.net/wp-login.php" "Mozilla/5.0 (Windows NT 10.0; Win64; x64; rv:92.0) Gecko/20100101 Firefox/92.0"
129.225.125.127 - - [13/Sep/2026:02:00:21 +0300] "GET /wp-admin/index.php HTTP/1.1" 403 787 "https://evliyalar.net/wp-login.php" "Mozilla/5.0 (Windows NT 10.0; Win64; x64; rv:92.0) Gecko/20100101 Firefox/92.0"
163.220.152.26 - - [13/Sep/2026:02:00:29 +0300] "GET /wp-content/uploads/2017/09/Sad-Bin-Abu-Vakkas-Seydi-Vakkas--702x336.jpg HTTP/1.1" 206 4096 "-" "Mozilla/5.0 recap-datacomp-live-url-check"
129.225.125.127 - - [13/Sep/2026:02:00:21 +0300] "POST /wp-login.php HTTP/1.1" 200 3327 "https://evliyalar.net/wp-login.php" "Mozilla/5.0 (Macintosh; Intel Mac OS X 10_15_7; rv:93.0) Gecko/20100101 Firefox/93.0"
129.225.125.127 - - [13/Sep/2026:02:00:31 +0300] "GET /wp-admin/index.php HTTP/1.1" 403 787 "https://evliyalar.net/wp-login.php" "Mozilla/5.0 (Windows NT 10.0; Win64; x64) AppleWebKit/537.36 (KHTML, like Gecko) Chrome/90.0.4430.212 Safari/537.36"
129.225.125.127 - - [13/Sep/2026:02:00:31 +0300] "GET /wp-admin/index.php HTTP/1.1" 403 787 "https://evliyalar.net/wp-login.php" "Mozilla/5.0 (Windows NT 10.0; Win64; x64) AppleWebKit/537.36 (KHTML, like Gecko) Chrome/90.0.4430.212 Safari/537.36"
52.167.144.25 - - [13/Sep/2026:02:00:34 +0300] "GET /wp-content/uploads/2015/10/DSC01595.jpg HTTP/2" 200 1367397 "-" "Mozilla/5.0 AppleWebKit/537.36 (KHTML, like Gecko; compatible; bingbot/2.0; +http://www.bing.com/bingbot.htm) Chrome/116.0.1938.76 Safari/537.36"
129.225.125.127 - - [13/Sep/2026:02:00:31 +0300] "POST /wp-login.php HTTP/1.1" 200 3321 "https://evliyalar.net/wp-login.php" "Mozilla/5.0 (X11; Linux x86_64; rv:91.0) Gecko/20100101 Firefox/91.0"
129.225.125.127 - - [13/Sep/2026:02:00:36 +0300] "GET /wp-admin/index.php HTTP/1.1" 403 787 "https://evliyalar.net/wp-login.php" "Mozilla/5.0 (Windows NT 10.0; Win64; x64) AppleWebKit/537.36 (KHTML, like Gecko) Chrome/90.0.4430.212 Safari/537.36"
129.225.125.127 - - [13/Sep/2026:02:00:36 +0300] "GET /wp-admin/index.php HTTP/1.1" 403 787 "https://evliyalar.net/wp-login.php" "Mozilla/5.0 (Windows NT 10.0; Win64; x64) AppleWebKit/537.36 (KHTML, like Gecko) Chrome/90.0.4430.212 Safari/537.36"
91.84.114.45 - - [13/Sep/2026:02:00:37 +0300] "GET /toparlak-baba-turbesi-seyh-i-zurvans/ HTTP/1.0" 404 796 "https://www.evliyalar.net/toparlak-baba-turbesi-seyh-i-zurvans/" "Mozilla/5.0 (Windows NT 10.0; Win64; x64) AppleWebKit/537.36 (KHTML, like Gecko) Chrome/130.0.0.0 Safari/537.36"
40.77.167.121 - - [13/Sep/2026:02:00:38 +0300] "GET /wp-content/uploads/2016/10/IMG_3683-300x200.jpg HTTP/2" 200 17290 "-" "Mozilla/5.0 AppleWebKit/537.36 (KHTML, like Gecko; compatible; bingbot/2.0; +http://www.bing.com/bingbot.htm) Chrome/116.0.1938.76 Safari/537.36"
66.249.70.164 - - [13/Sep/2026:02:00:40 +0300] "GET /hidir-dede-seferihisar/ HTTP/1.1" 404 796 "-" "Mozilla/5.0 (Linux; Android 6.0.1; Nexus 5X Build/MMB29P) AppleWebKit/537.36 (KHTML, like Gecko) Chrome/152.0.7977.82 Mobile Safari/537.36 (compatible; Googlebot/2.1; +http://www.google.com/bot.html)"
129.225.125.127 - - [13/Sep/2026:02:00:36 +0300] "POST /wp-login.php HTTP/1.1" 200 3327 "https://evliyalar.net/wp-login.php" "Mozilla/5.0 (Windows NT 10.0; Win64; x64) AppleWebKit/605.1.15 (KHTML, like Gecko) Version/14.0.3 Safari/605.1.15"
129.225.125.127 - - [13/Sep/2026:02:00:46 +0300] "GET /wp-admin/index.php HTTP/1.1" 403 787 "https://evliyalar.net/wp-login.php" "Mozilla/5.0 (Macintosh; Intel Mac OS X 10_15_7) AppleWebKit/605.1.15 (KHTML, like Gecko) Version/14.1 Safari/605.1.15"
129.225.125.127 - - [13/Sep/2026:02:00:46 +0300] "GET /wp-admin/index.php HTTP/1.1" 403 787 "https://evliyalar.net/wp-login.php" "Mozilla/5.0 (Macintosh; Intel Mac OS X 10_15_7) AppleWebKit/605.1.15 (KHTML, like Gecko) Version/14.1 Safari/605.1.15"
129.225.125.127 - - [13/Sep/2026:02:00:47 +0300] "POST /wp-login.php HTTP/1.1" 200 3321 "https://evliyalar.net/wp-login.php" "Mozilla/5.0 (Windows NT 10.0; Win64; x64) AppleWebKit/537.36 (KHTML, like Gecko) Chrome/92.0.4515.131 Safari/537.36"
129.225.125.127 - - [13/Sep/2026:02:00:52 +0300] "GET /wp-admin/index.php HTTP/1.1" 403 787 "https://evliyalar.net/wp-login.php" "Mozilla/5.0 (Windows NT 6.1; Win64; x64) AppleWebKit/537.36 (KHTML, like Gecko) Chrome/91.0.4472.124 Safari/537.36"
129.225.125.127 - - [13/Sep/2026:02:00:52 +0300] "GET /wp-admin/index.php HTTP/1.1" 403 787 "https://evliyalar.net/wp-login.php" "Mozilla/5.0 (Windows NT 6.1; Win64; x64) AppleWebKit/537.36 (KHTML, like Gecko) Chrome/91.0.4472.124 Safari/537.36"
129.225.125.127 - - [13/Sep/2026:02:00:53 +0300] "POST /wp-login.php HTTP/1.1" 200 3321 "https://evliyalar.net/wp-login.php" "Mozilla/5.0 (X11; Linux x86_64; rv:92.0) Gecko/20100101 Firefox/92.0"
129.225.125.127 - - [13/Sep/2026:02:01:01 +0300] "GET /wp-admin/index.php HTTP/1.1" 403 787 "https://evliyalar.net/wp-login.php" "Mozilla/5.0 (Windows NT 10.0; Win64; x64; rv:91.0) Gecko/20100101 Firefox/91.0"
129.225.125.127 - - [13/Sep/2026:02:01:02 +0300] "GET /wp-admin/index.php HTTP/1.1" 403 787 "https://evliyalar.net/wp-login.php" "Mozilla/5.0 (Windows NT 10.0; Win64; x64; rv:91.0) Gecko/20100101 Firefox/91.0"
129.225.125.127 - - [13/Sep/2026:02:01:02 +0300] "GET /?author=1 HTTP/1.1" 200 2374 "-" "Mozilla/5.0 (Windows NT 6.1; Win64; x64) AppleWebKit/537.36 (KHTML, like Gecko) Chrome/90.0.4430.212 Safari/537.36"
129.225.125.127 - - [13/Sep/2026:02:01:02 +0300] "GET /?author=2 HTTP/1.1" 200 2400 "-" "Mozilla/5.0 (Windows NT 10.0; Win64; x64) AppleWebKit/537.36 (KHTML, like Gecko) Chrome/93.0.4577.63 Safari/537.36"
129.225.125.127 - - [13/Sep/2026:02:01:02 +0300] "GET /?author=3 HTTP/1.1" 200 2400 "-" "Mozilla/5.0 (Windows NT 6.1; Win64; x64; rv:93.0) Gecko/20100101 Firefox/93.0"
129.225.125.127 - - [13/Sep/2026:02:01:03 +0300] "POST /wp-login.php HTTP/1.1" 200 3321 "https://evliyalar.net/wp-login.php" "Mozilla/5.0 (X11; Linux x86_64; rv:92.0) Gecko/20100101 Firefox/92.0"
129.225.125.127 - - [13/Sep/2026:02:01:08 +0300] "GET /wp-admin/index.php HTTP/1.1" 403 787 "https://evliyalar.net/wp-login.php" "Mozilla/5.0 (Windows NT 6.1; Win64; x64) AppleWebKit/537.36 (KHTML, like Gecko) Chrome/91.0.4472.124 Safari/537.36"
129.225.125.127 - - [13/Sep/2026:02:01:08 +0300] "GET /wp-admin/index.php HTTP/1.1" 403 787 "https://evliyalar.net/wp-login.php" "Mozilla/5.0 (Windows NT 6.1; Win64; x64) AppleWebKit/537.36 (KHTML, like Gecko) Chrome/91.0.4472.124 Safari/537.36"
129.225.125.127 - - [13/Sep/2026:02:01:08 +0300] "POST /wp-login.php HTTP/1.1" 200 3321 "https://evliyalar.net/wp-login.php" "Mozilla/5.0 (Windows NT 10.0; Win64; x64) AppleWebKit/605.1.15 (KHTML, like Gecko) Version/14.1 Safari/605.1.15"
129.225.125.127 - - [13/Sep/2026:02:01:16 +0300] "GET /wp-admin/index.php HTTP/1.1" 403 787 "https://evliyalar.net/wp-login.php" "Mozilla/5.0 (Macintosh; Intel Mac OS X 10_15_7) AppleWebKit/537.36 (KHTML, like Gecko) Chrome/90.0.4430.212 Safari/537.36"
129.225.125.127 - - [13/Sep/2026:02:01:16 +0300] "GET /wp-admin/index.php HTTP/1.1" 403 787 "https://evliyalar.net/wp-login.php" "Mozilla/5.0 (Macintosh; Intel Mac OS X 10_15_7) AppleWebKit/537.36 (KHTML, like Gecko) Chrome/90.0.4430.212 Safari/537.36"
129.225.125.127 - - [13/Sep/2026:02:01:16 +0300] "POST /wp-login.php HTTP/1.1" 200 3321 "https://evliyalar.net/wp-login.php" "Mozilla/5.0 (Windows NT 6.1; Win64; x64; rv:91.0) Gecko/20100101 Firefox/91.0"
136.113.194.64 - - [13/Sep/2026:02:01:20 +0300] "GET /wp-content/uploads/2015/09/DSC01839.jpg HTTP/2" 200 954980 "-" "Mozilla/5.0 AppleWebKit/537.36 (KHTML, like Gecko; compatible; Reflectionbot/1.0; +https://reflection.ai/bot) Chrome/151.0.0.0 Safari/537.36"
129.225.125.127 - - [13/Sep/2026:02:01:21 +0300] "GET /wp-admin/index.php HTTP/1.1" 403 787 "https://evliyalar.net/wp-login.php" "Mozilla/5.0 (Windows NT 10.0; Win64; x64) AppleWebKit/605.1.15 (KHTML, like Gecko) Version/14.1.1 Safari/605.1.15"
129.225.125.127 - - [13/Sep/2026:02:01:21 +0300] "GET /wp-admin/index.php HTTP/1.1" 403 787 "https://evliyalar.net/wp-login.php" "Mozilla/5.0 (Windows NT 10.0; Win64; x64) AppleWebKit/605.1.15 (KHTML, like Gecko) Version/14.1.1 Safari/605.1.15"
52.167.144.25 - - [13/Sep/2026:02:01:24 +0300] "GET /wp-content/uploads/2018/08/Abdulgafur-efendi-2-150x150.jpg HTTP/2" 200 7086 "-" "Mozilla/5.0 AppleWebKit/537.36 (KHTML, like Gecko; compatible; bingbot/2.0; +http://www.bing.com/bingbot.htm) Chrome/116.0.1938.76 Safari/537.36"
114.119.136.184 - - [13/Sep/2026:02:01:28 +0300] "GET /aliya-izzetbegovic/aliya-izzet-begovic1/ HTTP/1.1" 404 796 "https://www.evliyalar.net/aliya-izzetbegovic/aliya-izzet-begovic1/" "Mozilla/5.0 (Linux; Android 7.0;) AppleWebKit/537.36 (HTML, like Gecko) Mobile Safari/537.36 (compatible; PetalBot;+https://webmaster.petalsearch.com/site/petalbot)"
34.96.49.143 - - [13/Sep/2026:02:01:28 +0300] "GET /ads.txt HTTP/1.1" 200 58 "-" "bidswitchbot/1.0"
129.225.125.127 - - [13/Sep/2026:02:01:21 +0300] "POST /wp-login.php HTTP/1.1" 200 3321 "https://evliyalar.net/wp-login.php" "Mozilla/5.0 (Macintosh; Intel Mac OS X 10_15_7) AppleWebKit/537.36 (KHTML, like Gecko) Chrome/91.0.4472.124 Safari/537.36"
129.225.125.127 - - [13/Sep/2026:02:01:31 +0300] "GET /wp-admin/index.php HTTP/1.1" 403 787 "https://evliyalar.net/wp-login.php" "Mozilla/5.0 (Macintosh; Intel Mac OS X 10_15_7; rv:90.0) Gecko/20100101 Firefox/90.0.1"
129.225.125.127 - - [13/Sep/2026:02:01:31 +0300] "GET /wp-admin/index.php HTTP/1.1" 403 787 "https://evliyalar.net/wp-login.php" "Mozilla/5.0 (Macintosh; Intel Mac OS X 10_15_7; rv:90.0) Gecko/20100101 Firefox/90.0.1"
47.79.200.118 - - [13/Sep/2026:02:01:32 +0300] "GET /kure-evliyalari/www.evliyalar.net HTTP/1.1" 404 796 "https://www.google.com/" "Mozilla/5.0 (Linux; Android 10; K) AppleWebKit/537.36 (KHTML, like Gecko) Chrome/132.0.0.0 Mobile Safari/537.36"
66.249.70.163 - - [13/Sep/2026:02:01:34 +0300] "GET /?p=69369 HTTP/1.1" 200 2029 "-" "Mozilla/5.0 (Linux; Android 6.0.1; Nexus 5X Build/MMB29P) AppleWebKit/537.36 (KHTML, like Gecko) Chrome/152.0.7977.82 Mobile Safari/537.36 (compatible; Googlebot/2.1; +http://www.google.com/bot.html)"
129.225.125.127 - - [13/Sep/2026:02:01:32 +0300] "POST /wp-login.php HTTP/1.1" 200 3321 "https://evliyalar.net/wp-login.php" "Mozilla/5.0 (Windows NT 10.0; Win64; x64) AppleWebKit/537.36 (KHTML, like Gecko) Chrome/92.0.4515.131 Safari/537.36"
129.225.125.127 - - [13/Sep/2026:02:01:37 +0300] "GET /wp-admin/index.php HTTP/1.1" 403 787 "https://evliyalar.net/wp-login.php" "Mozilla/5.0 (X11; Linux x86_64) AppleWebKit/537.36 (KHTML, like Gecko) Chrome/91.0.4472.124 Safari/537.36"
129.225.125.127 - - [13/Sep/2026:02:01:38 +0300] "GET /wp-admin/index.php HTTP/1.1" 403 787 "https://evliyalar.net/wp-login.php" "Mozilla/5.0 (X11; Linux x86_64) AppleWebKit/537.36 (KHTML, like Gecko) Chrome/91.0.4472.124 Safari/537.36"
129.225.125.127 - - [13/Sep/2026:02:01:38 +0300] "POST /wp-login.php HTTP/1.1" 200 3321 "https://evliyalar.net/wp-login.php" "Mozilla/5.0 (X11; Linux x86_64) AppleWebKit/537.36 (KHTML, like Gecko) Chrome/90.0.4430.212 Safari/537.36"
129.225.125.127 - - [13/Sep/2026:02:01:46 +0300] "GET /wp-admin/index.php HTTP/1.1" 403 787 "https://evliyalar.net/wp-login.php" "Mozilla/5.0 (Macintosh; Intel Mac OS X 10_15_7) AppleWebKit/605.1.15 (KHTML, like Gecko) Version/14.1.2 Safari/605.1.15"
129.225.125.127 - - [13/Sep/2026:02:01:46 +0300] "GET /wp-admin/index.php HTTP/1.1" 403 787 "https://evliyalar.net/wp-login.php" "Mozilla/5.0 (Macintosh; Intel Mac OS X 10_15_7) AppleWebKit/605.1.15 (KHTML, like Gecko) Version/14.1.2 Safari/605.1.15"
129.225.125.127 - - [13/Sep/2026:02:01:46 +0300] "POST /wp-login.php HTTP/1.1" 200 3321 "https://evliyalar.net/wp-login.php" "Mozilla/5.0 (Windows NT 6.1; Win64; x64) AppleWebKit/537.36 (KHTML, like Gecko) Chrome/90.0.4430.212 Safari/537.36"
129.225.125.127 - - [13/Sep/2026:02:01:51 +0300] "GET /wp-admin/index.php HTTP/1.1" 403 787 "https://evliyalar.net/wp-login.php" "Mozilla/5.0 (Macintosh; Intel Mac OS X 10_15_7) AppleWebKit/537.36 (KHTML, like Gecko) Chrome/90.0.4430.212 Safari/537.36"
129.225.125.127 - - [13/Sep/2026:02:01:51 +0300] "GET /wp-admin/index.php HTTP/1.1" 403 787 "https://evliyalar.net/wp-login.php" "Mozilla/5.0 (Macintosh; Intel Mac OS X 10_15_7) AppleWebKit/537.36 (KHTML, like Gecko) Chrome/90.0.4430.212 Safari/537.36"
129.225.125.127 - - [13/Sep/2026:02:01:52 +0300] "POST /wp-login.php HTTP/1.1" 200 3321 "https://evliyalar.net/wp-login.php" "Mozilla/5.0 (Macintosh; Intel Mac OS X 10_15_7) AppleWebKit/605.1.15 (KHTML, like Gecko) Version/15.0 Safari/605.1.15"
129.225.125.127 - - [13/Sep/2026:02:02:01 +0300] "GET /wp-admin/index.php HTTP/1.1" 403 787 "https://evliyalar.net/wp-login.php" "Mozilla/5.0 (Macintosh; Intel Mac OS X 10_15_7) AppleWebKit/605.1.15 (KHTML, like Gecko) Version/14.1.1 Safari/605.1.15"
129.225.125.127 - - [13/Sep/2026:02:02:02 +0300] "GET /wp-admin/index.php HTTP/1.1" 403 787 "https://evliyalar.net/wp-login.php" "Mozilla/5.0 (Macintosh; Intel Mac OS X 10_15_7) AppleWebKit/605.1.15 (KHTML, like Gecko) Version/14.1.1 Safari/605.1.15"
129.225.125.127 - - [13/Sep/2026:02:02:02 +0300] "POST /wp-login.php HTTP/1.1" 200 3321 "https://evliyalar.net/wp-login.php" "Mozilla/5.0 (Windows NT 10.0; Win64; x64) AppleWebKit/605.1.15 (KHTML, like Gecko) Version/14.0.3 Safari/605.1.15"
129.225.125.127 - - [13/Sep/2026:02:02:07 +0300] "GET /wp-admin/index.php HTTP/1.1" 403 787 "https://evliyalar.net/wp-login.php" "Mozilla/5.0 (Macintosh; Intel Mac OS X 10_15_7) AppleWebKit/605.1.15 (KHTML, like Gecko) Version/14.1 Safari/605.1.15"
129.225.125.127 - - [13/Sep/2026:02:02:07 +0300] "GET /wp-admin/index.php HTTP/1.1" 403 787 "https://evliyalar.net/wp-login.php" "Mozilla/5.0 (Macintosh; Intel Mac OS X 10_15_7) AppleWebKit/605.1.15 (KHTML, like Gecko) Version/14.1 Safari/605.1.15"
129.225.125.127 - - [13/Sep/2026:02:02:07 +0300] "POST /wp-login.php HTTP/1.1" 200 3321 "https://evliyalar.net/wp-login.php" "Mozilla/5.0 (Macintosh; Intel Mac OS X 10_15_7) AppleWebKit/605.1.15 (KHTML, like Gecko) Version/14.1.2 Safari/605.1.15"
129.225.125.127 - - [13/Sep/2026:02:02:16 +0300] "GET /wp-admin/index.php HTTP/1.1" 403 787 "https://evliyalar.net/wp-login.php" "Mozilla/5.0 (X11; Linux x86_64; rv:91.0) Gecko/20100101 Firefox/91.0"
129.225.125.127 - - [13/Sep/2026:02:02:16 +0300] "GET /wp-admin/index.php HTTP/1.1" 403 787 "https://evliyalar.net/wp-login.php" "Mozilla/5.0 (X11; Linux x86_64; rv:91.0) Gecko/20100101 Firefox/91.0"
129.225.125.127 - - [13/Sep/2026:02:02:16 +0300] "POST /wp-login.php HTTP/1.1" 200 3321 "https://evliyalar.net/wp-login.php" "Mozilla/5.0 (Macintosh; Intel Mac OS X 10_15_7; rv:90.0) Gecko/20100101 Firefox/90.0.1"
129.225.125.127 - - [13/Sep/2026:02:02:21 +0300] "GET /wp-admin/index.php HTTP/1.1" 403 787 "https://evliyalar.net/wp-login.php" "Mozilla/5.0 (Windows NT 10.0; Win64; x64; rv:93.0) Gecko/20100101 Firefox/93.0"
17.166.236.85 - - [13/Sep/2026:01:59:42 +0300] "GET /location/cabbar-dede-adana/ HTTP/2" 404 796 "-" "Mozilla/5.0 (Macintosh; Intel Mac OS X 10_15_7) AppleWebKit/605.1.15 (KHTML, like Gecko) Version/17.4 Safari/605.1.15 (Applebot/0.1; +http://www.apple.com/go/applebot)"
66.249.70.163 - - [13/Sep/2026:01:59:48 +0300] "GET /?p=40540 HTTP/1.1" 200 2052 "-" "Mozilla/5.0 (Linux; Android 6.0.1; Nexus 5X Build/MMB29P) AppleWebKit/537.36 (KHTML, like Gecko) Chrome/152.0.7977.82 Mobile Safari/537.36 (compatible; Googlebot/2.1; +http://www.google.com/bot.html)"
66.249.70.163 - - [13/Sep/2026:01:59:56 +0300] "GET /?p=55303 HTTP/1.1" 200 2052 "-" "Mozilla/5.0 (Linux; Android 6.0.1; Nexus 5X Build/MMB29P) AppleWebKit/537.36 (KHTML, like Gecko) Chrome/152.0.7977.82 Mobile Safari/537.36 (compatible; Googlebot/2.1; +http://www.google.com/bot.html)"
52.167.144.170 - - [13/Sep/2026:02:00:11 +0300] "GET /wp-content/uploads/2017/01/ahmed-el-cezeri-2-150x150.jpg HTTP/2" 200 7202 "-" "Mozilla/5.0 AppleWebKit/537.36 (KHTML, like Gecko; compatible; bingbot/2.0; +http://www.bing.com/bingbot.htm) Chrome/116.0.1938.76 Safari/537.36"
40.77.167.121 - - [13/Sep/2026:02:00:19 +0300] "GET /wp-content/uploads/2015/10/DSC01551-150x150.jpg HTTP/2" 200 8411 "-" "Mozilla/5.0 AppleWebKit/537.36 (KHTML, like Gecko; compatible; bingbot/2.0; +http://www.bing.com/bingbot.htm) Chrome/116.0.1938.76 Safari/537.36"
91.84.114.45 - - [13/Sep/2026:02:00:37 +0300] "GET / HTTP/1.0" 200 9797 "https://www.evliyalar.net/" "Mozilla/5.0 (Windows NT 10.0; Win64; x64) AppleWebKit/537.36 (KHTML, like Gecko) Chrome/130.0.0.0 Safari/537.36"
17.166.232.71 - - [13/Sep/2026:02:00:38 +0300] "GET /arap-tekke-turbesi-samsun/ HTTP/2" 404 796 "-" "Mozilla/5.0 (Macintosh; Intel Mac OS X 10_15_7) AppleWebKit/605.1.15 (KHTML, like Gecko) Version/17.4 Safari/605.1.15 (Applebot/0.1; +http://www.apple.com/go/applebot)"
66.249.70.163 - - [13/Sep/2026:02:00:41 +0300] "GET /wp-content/uploads/2016/10/IMG_4198.jpg HTTP/1.1" 200 317738 "-" "Googlebot-Image/1.0"
34.30.88.65 - - [13/Sep/2026:02:00:45 +0300] "GET /etiket/marakes-evliyalari HTTP/2" 404 796 "-" "Mozilla/5.0 AppleWebKit/537.36 (KHTML, like Gecko; compatible; KeenableBot/1.0; +https://keenable.ai/)"
52.167.144.170 - - [13/Sep/2026:02:00:51 +0300] "GET /wp-content/uploads/2018/08/Seyyid-Ahmed-%C3%87apak%C3%A7uri-3-1-1068x489.jpg HTTP/2" 200 82840 "-" "Mozilla/5.0 AppleWebKit/537.36 (KHTML, like Gecko; compatible; bingbot/2.0; +http://www.bing.com/bingbot.htm) Chrome/116.0.1938.76 Safari/537.36"
52.167.144.170 - - [13/Sep/2026:02:01:11 +0300] "GET /wp-content/uploads/2020/04/Alaaddin-U%C5%9F%C5%9Faki-7-746x420.jpg HTTP/2" 200 42103 "-" "Mozilla/5.0 AppleWebKit/537.36 (KHTML, like Gecko; compatible; bingbot/2.0; +http://www.bing.com/bingbot.htm) Chrome/116.0.1938.76 Safari/537.36"
199.30.24.234 - - [13/Sep/2026:02:01:23 +0300] "GET /serviceWorker.js HTTP/2" 404 796 "https://www.evliyalar.net/?p=42838" "Mozilla/5.0 (Windows NT 10.0; Win64; x64) AppleWebKit/537.36 (KHTML, like Gecko) HeadlessChrome/146.0.7680.165 Safari/537.36"
185.105.116.12 - - [13/Sep/2026:02:01:29 +0300] "GET / HTTP/2" 200 2053 "https://vavilon-ritual.com.ua/poslugy/orhanyzatsiia-pokhoron.html" "Mozilla/5.0 (Windows NT 10.0; Win64; x64) AppleWebKit/537.36 (KHTML, like Gecko) Chrome/134.0.0.0 Safari/537.36"
66.249.70.163 - - [13/Sep/2026:02:02:04 +0300] "GET /?p=16127 HTTP/1.1" 200 2053 "-" "Mozilla/5.0 (Linux; Android 6.0.1; Nexus 5X Build/MMB29P) AppleWebKit/537.36 (KHTML, like Gecko) Chrome/152.0.7977.82 Mobile Safari/537.36 (compatible; Googlebot/2.1; +http://www.google.com/bot.html)"
34.41.90.133 - - [13/Sep/2026:02:02:40 +0300] "GET /wp-content/uploads/2016/11/IMG_0551.jpg HTTP/2" 200 488699 "-" "Mozilla/5.0 AppleWebKit/537.36 (KHTML, like Gecko; compatible; Reflectionbot/1.0; +https://reflection.ai/bot) Chrome/151.0.0.0 Safari/537.36"
52.167.144.17 - - [13/Sep/2026:02:02:44 +0300] "GET /?p=29708 HTTP/2" 200 2047 "-" "Mozilla/5.0 AppleWebKit/537.36 (KHTML, like Gecko; compatible; bingbot/2.0; +http://www.bing.com/bingbot.htm) Chrome/116.0.1938.76 Safari/537.36"
129.225.125.127 - - [13/Sep/2026:02:02:21 +0300] "GET /wp-admin/index.php HTTP/1.1" 403 787 "https://evliyalar.net/wp-login.php" "Mozilla/5.0 (Windows NT 10.0; Win64; x64; rv:93.0) Gecko/20100101 Firefox/93.0"
129.225.125.127 - - [13/Sep/2026:02:02:21 +0300] "POST /wp-login.php HTTP/1.1" 200 3321 "https://evliyalar.net/wp-login.php" "Mozilla/5.0 (Windows NT 6.1; Win64; x64) AppleWebKit/537.36 (KHTML, like Gecko) Chrome/94.0.4606.71 Safari/537.36"
129.225.125.127 - - [13/Sep/2026:02:02:31 +0300] "GET /wp-admin/index.php HTTP/1.1" 403 787 "https://evliyalar.net/wp-login.php" "Mozilla/5.0 (Macintosh; Intel Mac OS X 10_15_7) AppleWebKit/605.1.15 (KHTML, like Gecko) Version/14.1 Safari/605.1.15"
129.225.125.127 - - [13/Sep/2026:02:02:31 +0300] "GET /wp-admin/index.php HTTP/1.1" 403 787 "https://evliyalar.net/wp-login.php" "Mozilla/5.0 (Macintosh; Intel Mac OS X 10_15_7) AppleWebKit/605.1.15 (KHTML, like Gecko) Version/14.1 Safari/605.1.15"
129.225.125.127 - - [13/Sep/2026:02:02:32 +0300] "POST /wp-login.php HTTP/1.1" 200 3321 "https://evliyalar.net/wp-login.php" "Mozilla/5.0 (Windows NT 10.0; Win64; x64) AppleWebKit/605.1.15 (KHTML, like Gecko) Version/15.0 Safari/605.1.15"
5.46.129.25 - - [13/Sep/2026:02:02:37 +0300] "GET /ortakoy-turbeleri/ HTTP/2" 404 796 "https://www.google.com/" "Mozilla/5.0 (Linux; Android 10; K) AppleWebKit/537.36 (KHTML, like Gecko) Chrome/152.0.0.0 Mobile Safari/537.36"
5.46.129.25 - - [13/Sep/2026:02:02:37 +0300] "GET /wp-includes/css/dist/block-library/style.min.css?ver=6882c8fc093791f87d69fafed19ef10a HTTP/2" 200 14071 "-" "Mozilla/5.0 (Linux; Android 10; K) AppleWebKit/537.36 (KHTML, like Gecko) Chrome/152.0.0.0 Mobile Safari/537.36"
5.46.129.25 - - [13/Sep/2026:02:02:37 +0300] "GET /wp-content/cache/min/1/wp-content/plugins/contact-form-7/includes/css/styles.css?ver=1713381254 HTTP/2" 200 772 "-" "Mozilla/5.0 (Linux; Android 10; K) AppleWebKit/537.36 (KHTML, like Gecko) Chrome/152.0.0.0 Mobile Safari/537.36"
5.46.129.25 - - [13/Sep/2026:02:02:37 +0300] "GET /wp-content/themes/travel-agency/css/animate.min.css?ver=1.5.5 HTTP/2" 200 2502 "-" "Mozilla/5.0 (Linux; Android 10; K) AppleWebKit/537.36 (KHTML, like Gecko) Chrome/152.0.0.0 Mobile Safari/537.36"
129.225.125.127 - - [13/Sep/2026:02:02:37 +0300] "GET /wp-admin/index.php HTTP/1.1" 403 787 "https://evliyalar.net/wp-login.php" "Mozilla/5.0 (X11; Linux x86_64) AppleWebKit/537.36 (KHTML, like Gecko) Chrome/94.0.4606.71 Safari/537.36"
5.46.129.25 - - [13/Sep/2026:02:02:37 +0300] "GET /favicon.ico HTTP/3" 404 796 "https://www.evliyalar.net/ortakoy-turbeleri/" "Mozilla/5.0 (Linux; Android 10; K) AppleWebKit/537.36 (KHTML, like Gecko) Chrome/152.0.0.0 Mobile Safari/537.36"
129.225.125.127 - - [13/Sep/2026:02:02:37 +0300] "GET /wp-admin/index.php HTTP/1.1" 403 787 "https://evliyalar.net/wp-login.php" "Mozilla/5.0 (X11; Linux x86_64) AppleWebKit/537.36 (KHTML, like Gecko) Chrome/94.0.4606.71 Safari/537.36"
129.225.125.127 - - [13/Sep/2026:02:02:38 +0300] "POST /wp-login.php HTTP/1.1" 200 3321 "https://evliyalar.net/wp-login.php" "Mozilla/5.0 (Windows NT 10.0; Win64; x64; rv:89.0) Gecko/20100101 Firefox/89.0.2"
129.225.125.127 - - [13/Sep/2026:02:02:46 +0300] "GET /wp-admin/index.php HTTP/1.1" 403 787 "https://evliyalar.net/wp-login.php" "Mozilla/5.0 (Macintosh; Intel Mac OS X 10_15_7) AppleWebKit/605.1.15 (KHTML, like Gecko) Version/15.0 Safari/605.1.15"
129.225.125.127 - - [13/Sep/2026:02:02:46 +0300] "GET /wp-admin/index.php HTTP/1.1" 403 787 "https://evliyalar.net/wp-login.php" "Mozilla/5.0 (Macintosh; Intel Mac OS X 10_15_7) AppleWebKit/605.1.15 (KHTML, like Gecko) Version/15.0 Safari/605.1.15"
129.225.125.127 - - [13/Sep/2026:02:02:46 +0300] "POST /wp-login.php HTTP/1.1" 200 3321 "https://evliyalar.net/wp-login.php" "Mozilla/5.0 (Windows NT 10.0; Win64; x64; rv:92.0) Gecko/20100101 Firefox/92.0"
129.225.125.127 - - [13/Sep/2026:02:02:51 +0300] "GET /wp-admin/index.php HTTP/1.1" 403 787 "https://evliyalar.net/wp-login.php" "Mozilla/5.0 (Macintosh; Intel Mac OS X 10_15_7) AppleWebKit/605.1.15 (KHTML, like Gecko) Version/14.1.1 Safari/605.1.15"
129.225.125.127 - - [13/Sep/2026:02:02:51 +0300] "GET /wp-admin/index.php HTTP/1.1" 403 787 "https://evliyalar.net/wp-login.php" "Mozilla/5.0 (Macintosh; Intel Mac OS X 10_15_7) AppleWebKit/605.1.15 (KHTML, like Gecko) Version/14.1.1 Safari/605.1.15"
66.249.70.164 - - [13/Sep/2026:02:02:54 +0300] "GET /_autoindex/assets/js/tablesort.js HTTP/1.1" 200 2137 "https://www.evliyalar.net/?gtm_latency=1" "GoogleOther"
66.249.70.164 - - [13/Sep/2026:02:02:54 +0300] "GET /_autoindex/assets/icons/folder-fill.svg HTTP/1.1" 200 333 "https://www.evliyalar.net/?gtm_latency=1" "GoogleOther"
66.249.70.164 - - [13/Sep/2026:02:02:54 +0300] "GET /_autoindex/assets/icons/file-text.svg HTTP/1.1" 200 394 "https://www.evliyalar.net/?gtm_latency=1" "GoogleOther"
66.249.70.164 - - [13/Sep/2026:02:02:54 +0300] "GET /_autoindex/assets/icons/image.svg HTTP/1.1" 200 388 "https://www.evliyalar.net/?gtm_latency=1" "GoogleOther"
129.225.125.127 - - [13/Sep/2026:02:02:51 +0300] "POST /wp-login.php HTTP/1.1" 200 3321 "https://evliyalar.net/wp-login.php" "Mozilla/5.0 (Macintosh; Intel Mac OS X 10_15_7) AppleWebKit/537.36 (KHTML, like Gecko) Chrome/91.0.4472.124 Safari/537.36"
129.225.125.127 - - [13/Sep/2026:02:03:01 +0300] "GET /wp-admin/index.php HTTP/1.1" 403 787 "https://evliyalar.net/wp-login.php" "Mozilla/5.0 (Windows NT 6.1; Win64; x64) AppleWebKit/537.36 (KHTML, like Gecko) Chrome/93.0.4577.63 Safari/537.36"
129.225.125.127 - - [13/Sep/2026:02:03:01 +0300] "GET /wp-admin/index.php HTTP/1.1" 403 787 "https://evliyalar.net/wp-login.php" "Mozilla/5.0 (Windows NT 6.1; Win64; x64) AppleWebKit/537.36 (KHTML, like Gecko) Chrome/93.0.4577.63 Safari/537.36"
129.225.125.127 - - [13/Sep/2026:02:03:01 +0300] "POST /wp-login.php HTTP/1.1" 200 3321 "https://evliyalar.net/wp-login.php" "Mozilla/5.0 (Macintosh; Intel Mac OS X 10_15_7; rv:90.0) Gecko/20100101 Firefox/90.0.1"
129.225.125.127 - - [13/Sep/2026:02:03:06 +0300] "GET /wp-admin/index.php HTTP/1.1" 403 787 "https://evliyalar.net/wp-login.php" "Mozilla/5.0 (Windows NT 10.0; Win64; x64) AppleWebKit/605.1.15 (KHTML, like Gecko) Version/14.1.1 Safari/605.1.15"
129.225.125.127 - - [13/Sep/2026:02:03:06 +0300] "GET /wp-admin/index.php HTTP/1.1" 403 787 "https://evliyalar.net/wp-login.php" "Mozilla/5.0 (Windows NT 10.0; Win64; x64) AppleWebKit/605.1.15 (KHTML, like Gecko) Version/14.1.1 Safari/605.1.15"
129.225.125.127 - - [13/Sep/2026:02:03:06 +0300] "POST /wp-login.php HTTP/1.1" 200 3321 "https://evliyalar.net/wp-login.php" "Mozilla/5.0 (Macintosh; Intel Mac OS X 10_15_7) AppleWebKit/537.36 (KHTML, like Gecko) Chrome/91.0.4472.124 Safari/537.36"
129.225.125.127 - - [13/Sep/2026:02:03:16 +0300] "GET /wp-admin/index.php HTTP/1.1" 403 787 "https://evliyalar.net/wp-login.php" "Mozilla/5.0 (Windows NT 10.0; Win64; x64) AppleWebKit/537.36 (KHTML, like Gecko) Chrome/91.0.4472.124 Safari/537.36"
129.225.125.127 - - [13/Sep/2026:02:03:16 +0300] "GET /wp-admin/index.php HTTP/1.1" 403 787 "https://evliyalar.net/wp-login.php" "Mozilla/5.0 (Windows NT 10.0; Win64; x64) AppleWebKit/537.36 (KHTML, like Gecko) Chrome/91.0.4472.124 Safari/537.36"
129.225.125.127 - - [13/Sep/2026:02:03:16 +0300] "POST /wp-login.php HTTP/1.1" 200 3321 "https://evliyalar.net/wp-login.php" "Mozilla/5.0 (Windows NT 10.0; Win64; x64) AppleWebKit/605.1.15 (KHTML, like Gecko) Version/15.0 Safari/605.1.15"
129.225.125.127 - - [13/Sep/2026:02:03:21 +0300] "GET /wp-admin/index.php HTTP/1.1" 403 787 "https://evliyalar.net/wp-login.php" "Mozilla/5.0 (Windows NT 10.0; Win64; x64) AppleWebKit/605.1.15 (KHTML, like Gecko) Version/14.1.2 Safari/605.1.15"
129.225.125.127 - - [13/Sep/2026:02:03:21 +0300] "GET /wp-admin/index.php HTTP/1.1" 403 787 "https://evliyalar.net/wp-login.php" "Mozilla/5.0 (Windows NT 10.0; Win64; x64) AppleWebKit/605.1.15 (KHTML, like Gecko) Version/14.1.2 Safari/605.1.15"
45.78.206.253 - - [13/Sep/2026:02:03:23 +0300] "GET /wp-admin/admin-ajax.php?action=process_simple_like&nonce=11cd144b30&post_id=5195&disabled=true&is_comment=0 HTTP/2" 403 787 "-" "Mozilla/5.0 (Windows NT 10.0; Win64; x64) AppleWebKit/537.36 (KHTML, like Gecko) Chrome/110.0.0.0 Safari/537.36"
104.154.32.64 - - [13/Sep/2026:02:03:28 +0300] "GET /wp-content/uploads/2014/10/hayri-murat-2-scaled.jpg HTTP/2" 200 674120 "-" "Mozilla/5.0 AppleWebKit/537.36 (KHTML, like Gecko; compatible; Reflectionbot/1.0; +https://reflection.ai/bot) Chrome/151.0.0.0 Safari/537.36"
129.225.125.127 - - [13/Sep/2026:02:03:21 +0300] "POST /wp-login.php HTTP/1.1" 200 3321 "https://evliyalar.net/wp-login.php" "Mozilla/5.0 (Windows NT 6.1; Win64; x64) AppleWebKit/537.36 (KHTML, like Gecko) Chrome/92.0.4515.131 Safari/537.36"
129.225.125.127 - - [13/Sep/2026:02:03:31 +0300] "GET /wp-admin/index.php HTTP/1.1" 403 787 "https://evliyalar.net/wp-login.php" "Mozilla/5.0 (Macintosh; Intel Mac OS X 10_15_7) AppleWebKit/605.1.15 (KHTML, like Gecko) Version/14.1.2 Safari/605.1.15"
129.225.125.127 - - [13/Sep/2026:02:03:31 +0300] "GET /wp-admin/index.php HTTP/1.1" 403 787 "https://evliyalar.net/wp-login.php" "Mozilla/5.0 (Macintosh; Intel Mac OS X 10_15_7) AppleWebKit/605.1.15 (KHTML, like Gecko) Version/14.1.2 Safari/605.1.15"
129.225.125.127 - - [13/Sep/2026:02:03:31 +0300] "POST /wp-login.php HTTP/1.1" 200 3321 "https://evliyalar.net/wp-login.php" "Mozilla/5.0 (Windows NT 6.1; Win64; x64; rv:93.0) Gecko/20100101 Firefox/93.0"
129.225.125.127 - - [13/Sep/2026:02:03:36 +0300] "GET /wp-admin/index.php HTTP/1.1" 403 787 "https://evliyalar.net/wp-login.php" "Mozilla/5.0 (Windows NT 10.0; Win64; x64) AppleWebKit/537.36 (KHTML, like Gecko) Chrome/93.0.4577.63 Safari/537.36"
129.225.125.127 - - [13/Sep/2026:02:03:36 +0300] "GET /wp-admin/index.php HTTP/1.1" 403 787 "https://evliyalar.net/wp-login.php" "Mozilla/5.0 (Windows NT 10.0; Win64; x64) AppleWebKit/537.36 (KHTML, like Gecko) Chrome/93.0.4577.63 Safari/537.36"
136.111.224.63 - - [13/Sep/2026:02:03:36 +0300] "GET /wp-content/uploads/2015/02/Hoca-Ahmet-Yesevi-6.jpg HTTP/2" 200 222158 "-" "Mozilla/5.0 AppleWebKit/537.36 (KHTML, like Gecko; compatible; Reflectionbot/1.0; +https://reflection.ai/bot) Chrome/151.0.0.0 Safari/537.36"
129.225.125.127 - - [13/Sep/2026:02:03:36 +0300] "POST /wp-login.php HTTP/1.1" 200 3321 "https://evliyalar.net/wp-login.php" "Mozilla/5.0 (Macintosh; Intel Mac OS X 10_15_7; rv:90.0) Gecko/20100101 Firefox/90.0.1"
129.225.125.127 - - [13/Sep/2026:02:03:46 +0300] "GET /wp-admin/index.php HTTP/1.1" 403 787 "https://evliyalar.net/wp-login.php" "Mozilla/5.0 (Macintosh; Intel Mac OS X 10_15_7; rv:90.0) Gecko/20100101 Firefox/90.0.1"
129.225.125.127 - - [13/Sep/2026:02:03:46 +0300] "GET /wp-admin/index.php HTTP/1.1" 403 787 "https://evliyalar.net/wp-login.php" "Mozilla/5.0 (Macintosh; Intel Mac OS X 10_15_7; rv:90.0) Gecko/20100101 Firefox/90.0.1"
66.249.70.163 - - [13/Sep/2026:02:03:50 +0300] "GET /?p=48824 HTTP/1.1" 200 2053 "-" "Mozilla/5.0 (Linux; Android 6.0.1; Nexus 5X Build/MMB29P) AppleWebKit/537.36 (KHTML, like Gecko) Chrome/152.0.7977.82 Mobile Safari/537.36 (compatible; Googlebot/2.1; +http://www.google.com/bot.html)"
129.225.125.127 - - [13/Sep/2026:02:03:46 +0300] "POST /wp-login.php HTTP/1.1" 200 3321 "https://evliyalar.net/wp-login.php" "Mozilla/5.0 (X11; Linux x86_64) AppleWebKit/537.36 (KHTML, like Gecko) Chrome/90.0.4430.212 Safari/537.36"
129.225.125.127 - - [13/Sep/2026:02:03:51 +0300] "GET /wp-admin/index.php HTTP/1.1" 403 787 "https://evliyalar.net/wp-login.php" "Mozilla/5.0 (Windows NT 10.0; Win64; x64) AppleWebKit/605.1.15 (KHTML, like Gecko) Version/14.1 Safari/605.1.15"
129.225.125.127 - - [13/Sep/2026:02:03:51 +0300] "GET /wp-admin/index.php HTTP/1.1" 403 787 "https://evliyalar.net/wp-login.php" "Mozilla/5.0 (Windows NT 10.0; Win64; x64) AppleWebKit/605.1.15 (KHTML, like Gecko) Version/14.1 Safari/605.1.15"
89.43.31.214 - - [13/Sep/2026:02:02:51 +0300] "POST /wp-cron.php?doing_wp_cron=1789254171.0775458812713623046875 HTTP/1.1" 200 0 "-" "WordPress/6.5.10; https://www.evliyalar.net"
66.249.70.163 - - [13/Sep/2026:02:02:52 +0300] "GET /kategori/anadolu-evliyalari/agri/eleskirt-evliyalari/ HTTP/1.1" 404 796 "-" "Mozilla/5.0 (Linux; Android 6.0.1; Nexus 5X Build/MMB29P) AppleWebKit/537.36 (KHTML, like Gecko) Chrome/152.0.7977.82 Mobile Safari/537.36 (compatible; Googlebot/2.1; +http://www.google.com/bot.html)"
94.142.141.230 - - [13/Sep/2026:02:02:52 +0300] "GET / HTTP/2" 200 2048 "https://velesritual.com.ua/ritualnyie-perevozki-po-ukraine.html" "Mozilla/5.0 (Linux; Android 10; K) AppleWebKit/537.36 (KHTML, like Gecko) Chrome/136.0.0.0 Mobile Safari/537.36"
66.249.70.163 - - [13/Sep/2026:02:02:53 +0300] "GET /?gtm_latency=1 HTTP/1.1" 200 2048 "-" "GoogleOther"
66.249.70.163 - - [13/Sep/2026:02:02:53 +0300] "GET /_autoindex/assets/css/autoindex.css HTTP/1.1" 200 1170 "https://www.evliyalar.net/?gtm_latency=1" "GoogleOther"
66.249.70.163 - - [13/Sep/2026:02:02:53 +0300] "GET /_autoindex/assets/js/tablesort.number.js HTTP/1.1" 200 322 "https://www.evliyalar.net/?gtm_latency=1" "GoogleOther"
66.249.70.163 - - [13/Sep/2026:02:02:54 +0300] "GET /_autoindex/assets/icons/file.svg HTTP/1.1" 200 354 "https://www.evliyalar.net/?gtm_latency=1" "GoogleOther"
66.249.70.163 - - [13/Sep/2026:02:02:58 +0300] "GET /?p=74596 HTTP/1.1" 200 2048 "-" "Mozilla/5.0 (Linux; Android 6.0.1; Nexus 5X Build/MMB29P) AppleWebKit/537.36 (KHTML, like Gecko) Chrome/152.0.7977.82 Mobile Safari/537.36 (compatible; Googlebot/2.1; +http://www.google.com/bot.html)"
66.249.70.163 - - [13/Sep/2026:02:03:11 +0300] "GET /?p=77553 HTTP/1.1" 200 2055 "-" "Mozilla/5.0 (Linux; Android 6.0.1; Nexus 5X Build/MMB29P) AppleWebKit/537.36 (KHTML, like Gecko) Chrome/152.0.7977.82 Mobile Safari/537.36 (compatible; Googlebot/2.1; +http://www.google.com/bot.html)"
52.167.144.193 - - [13/Sep/2026:02:03:41 +0300] "GET /wp-content/uploads/2015/12/1450858772.jpg HTTP/2" 200 105774 "-" "Mozilla/5.0 AppleWebKit/537.36 (KHTML, like Gecko; compatible; bingbot/2.0; +http://www.bing.com/bingbot.htm) Chrome/116.0.1938.76 Safari/537.36"
54.38.147.228 - - [13/Sep/2026:02:03:54 +0300] "GET /etiket/yagcizade-turbesi/ HTTP/2" 404 796 "-" "Mozilla/5.0 (compatible; AhrefsBot/7.0; +http://ahrefs.com/robot/)"
94.235.218.214 - - [13/Sep/2026:02:04:08 +0300] "GET / HTTP/2" 200 2016 "-" "Mozilla/5.0 (iPhone; CPU iPhone OS 18_7 like Mac OS X) AppleWebKit/605.1.15 (KHTML, like Gecko) Version/26.6.1 Mobile/15E148 Safari/604.1"
94.235.218.214 - - [13/Sep/2026:02:04:08 +0300] "GET /_autoindex/assets/css/autoindex.css HTTP/2" 200 1170 "https://www.evliyalar.net/" "Mozilla/5.0 (iPhone; CPU iPhone OS 18_7 like Mac OS X) AppleWebKit/605.1.15 (KHTML, like Gecko) Version/26.6.1 Mobile/15E148 Safari/604.1"
94.235.218.214 - - [13/Sep/2026:02:04:08 +0300] "GET /_autoindex/assets/js/tablesort.number.js HTTP/2" 200 322 "https://www.evliyalar.net/" "Mozilla/5.0 (iPhone; CPU iPhone OS 18_7 like Mac OS X) AppleWebKit/605.1.15 (KHTML, like Gecko) Version/26.6.1 Mobile/15E148 Safari/604.1"
94.235.218.214 - - [13/Sep/2026:02:04:08 +0300] "GET /_autoindex/assets/js/tablesort.js HTTP/2" 200 2137 "https://www.evliyalar.net/" "Mozilla/5.0 (iPhone; CPU iPhone OS 18_7 like Mac OS X) AppleWebKit/605.1.15 (KHTML, like Gecko) Version/26.6.1 Mobile/15E148 Safari/604.1"
94.235.218.214 - - [13/Sep/2026:02:04:08 +0300] "GET /_autoindex/assets/icons/folder-fill.svg HTTP/2" 200 333 "https://www.evliyalar.net/" "Mozilla/5.0 (iPhone; CPU iPhone OS 18_7 like Mac OS X) AppleWebKit/605.1.15 (KHTML, like Gecko) Version/26.6.1 Mobile/15E148 Safari/604.1"
94.235.218.214 - - [13/Sep/2026:02:04:08 +0300] "GET /_autoindex/assets/icons/file-text.svg HTTP/2" 200 394 "https://www.evliyalar.net/" "Mozilla/5.0 (iPhone; CPU iPhone OS 18_7 like Mac OS X) AppleWebKit/605.1.15 (KHTML, like Gecko) Version/26.6.1 Mobile/15E148 Safari/604.1"
129.225.125.127 - - [13/Sep/2026:02:03:51 +0300] "POST /wp-login.php HTTP/1.1" 200 3321 "https://evliyalar.net/wp-login.php" "Mozilla/5.0 (Windows NT 10.0; Win64; x64) AppleWebKit/605.1.15 (KHTML, like Gecko) Version/14.1.2 Safari/605.1.15"
129.225.125.127 - - [13/Sep/2026:02:04:01 +0300] "GET /wp-admin/index.php HTTP/1.1" 403 787 "https://evliyalar.net/wp-login.php" "Mozilla/5.0 (Windows NT 10.0; Win64; x64; rv:92.0) Gecko/20100101 Firefox/92.0"
129.225.125.127 - - [13/Sep/2026:02:04:02 +0300] "GET /wp-admin/index.php HTTP/1.1" 403 787 "https://evliyalar.net/wp-login.php" "Mozilla/5.0 (Windows NT 10.0; Win64; x64; rv:92.0) Gecko/20100101 Firefox/92.0"
129.225.125.127 - - [13/Sep/2026:02:04:02 +0300] "POST /wp-login.php HTTP/1.1" 200 3321 "https://evliyalar.net/wp-login.php" "Mozilla/5.0 (Macintosh; Intel Mac OS X 10_15_7) AppleWebKit/605.1.15 (KHTML, like Gecko) Version/14.1.1 Safari/605.1.15"
129.225.125.127 - - [13/Sep/2026:02:04:07 +0300] "GET /wp-admin/index.php HTTP/1.1" 403 787 "https://evliyalar.net/wp-login.php" "Mozilla/5.0 (Macintosh; Intel Mac OS X 10_15_7) AppleWebKit/605.1.15 (KHTML, like Gecko) Version/15.0 Safari/605.1.15"
74.125.151.165 - - [13/Sep/2026:02:04:07 +0300] "GET /kategori/anadolu-evliyalari/malatya-evliyalari/kuluncak-evliyalari/ HTTP/1.1" 404 796 "-" "Mozilla/5.0 (en-US) AppleWebKit/537.36 (KHTML, like Gecko; Widget Server) Chrome/152.0.7977.64 Safari/537.36"
129.225.125.127 - - [13/Sep/2026:02:04:07 +0300] "GET /wp-admin/index.php HTTP/1.1" 403 787 "https://evliyalar.net/wp-login.php" "Mozilla/5.0 (Macintosh; Intel Mac OS X 10_15_7) AppleWebKit/605.1.15 (KHTML, like Gecko) Version/15.0 Safari/605.1.15"
129.225.125.127 - - [13/Sep/2026:02:04:08 +0300] "POST /wp-login.php HTTP/1.1" 200 3321 "https://evliyalar.net/wp-login.php" "Mozilla/5.0 (X11; Linux x86_64; rv:93.0) Gecko/20100101 Firefox/93.0"
129.225.125.127 - - [13/Sep/2026:02:04:16 +0300] "GET /wp-admin/index.php HTTP/1.1" 403 787 "https://evliyalar.net/wp-login.php" "Mozilla/5.0 (Windows NT 10.0; Win64; x64; rv:92.0) Gecko/20100101 Firefox/92.0"
129.225.125.127 - - [13/Sep/2026:02:04:16 +0300] "GET /wp-admin/index.php HTTP/1.1" 403 787 "https://evliyalar.net/wp-login.php" "Mozilla/5.0 (Windows NT 10.0; Win64; x64; rv:92.0) Gecko/20100101 Firefox/92.0"
129.225.125.127 - - [13/Sep/2026:02:04:16 +0300] "POST /wp-login.php HTTP/1.1" 200 3321 "https://evliyalar.net/wp-login.php" "Mozilla/5.0 (Windows NT 10.0; Win64; x64) AppleWebKit/537.36 (KHTML, like Gecko) Chrome/94.0.4606.71 Safari/537.36"
129.225.125.127 - - [13/Sep/2026:02:04:21 +0300] "GET /wp-admin/index.php HTTP/1.1" 403 787 "https://evliyalar.net/wp-login.php" "Mozilla/5.0 (Windows NT 10.0; Win64; x64; rv:93.0) Gecko/20100101 Firefox/93.0"
129.225.125.127 - - [13/Sep/2026:02:04:21 +0300] "GET /wp-admin/index.php HTTP/1.1" 403 787 "https://evliyalar.net/wp-login.php" "Mozilla/5.0 (Windows NT 10.0; Win64; x64; rv:93.0) Gecko/20100101 Firefox/93.0"
129.225.125.127 - - [13/Sep/2026:02:04:21 +0300] "POST /wp-login.php HTTP/1.1" 200 3321 "https://evliyalar.net/wp-login.php" "Mozilla/5.0 (Windows NT 10.0; Win64; x64; rv:89.0) Gecko/20100101 Firefox/89.0.2"
129.225.125.127 - - [13/Sep/2026:02:04:30 +0300] "GET /wp-admin/index.php HTTP/1.1" 403 787 "https://evliyalar.net/wp-login.php" "Mozilla/5.0 (Windows NT 10.0; Win64; x64) AppleWebKit/605.1.15 (KHTML, like Gecko) Version/14.1.2 Safari/605.1.15"
129.225.125.127 - - [13/Sep/2026:02:04:31 +0300] "GET /wp-admin/index.php HTTP/1.1" 403 787 "https://evliyalar.net/wp-login.php" "Mozilla/5.0 (Windows NT 10.0; Win64; x64) AppleWebKit/605.1.15 (KHTML, like Gecko) Version/14.1.2 Safari/605.1.15"
129.225.125.127 - - [13/Sep/2026:02:04:31 +0300] "POST /wp-login.php HTTP/1.1" 200 3321 "https://evliyalar.net/wp-login.php" "Mozilla/5.0 (Windows NT 10.0; Win64; x64) AppleWebKit/605.1.15 (KHTML, like Gecko) Version/14.1 Safari/605.1.15"
129.225.125.127 - - [13/Sep/2026:02:04:36 +0300] "GET /wp-admin/index.php HTTP/1.1" 403 787 "https://evliyalar.net/wp-login.php" "Mozilla/5.0 (Windows NT 10.0; Win64; x64) AppleWebKit/537.36 (KHTML, like Gecko) Chrome/91.0.4472.124 Safari/537.36"
129.225.125.127 - - [13/Sep/2026:02:04:36 +0300] "GET /wp-admin/index.php HTTP/1.1" 403 787 "https://evliyalar.net/wp-login.php" "Mozilla/5.0 (Windows NT 10.0; Win64; x64) AppleWebKit/537.36 (KHTML, like Gecko) Chrome/91.0.4472.124 Safari/537.36"
129.225.125.127 - - [13/Sep/2026:02:04:36 +0300] "POST /wp-login.php HTTP/1.1" 200 3321 "https://evliyalar.net/wp-login.php" "Mozilla/5.0 (Windows NT 10.0; Win64; x64) AppleWebKit/537.36 (KHTML, like Gecko) Chrome/91.0.4472.124 Safari/537.36"
129.225.125.127 - - [13/Sep/2026:02:04:46 +0300] "GET /wp-admin/index.php HTTP/1.1" 403 787 "https://evliyalar.net/wp-login.php" "Mozilla/5.0 (Windows NT 6.1; Win64; x64) AppleWebKit/537.36 (KHTML, like Gecko) Chrome/91.0.4472.124 Safari/537.36"
129.225.125.127 - - [13/Sep/2026:02:04:46 +0300] "GET /wp-admin/index.php HTTP/1.1" 403 787 "https://evliyalar.net/wp-login.php" "Mozilla/5.0 (Windows NT 6.1; Win64; x64) AppleWebKit/537.36 (KHTML, like Gecko) Chrome/91.0.4472.124 Safari/537.36"
136.114.20.174 - - [13/Sep/2026:02:04:46 +0300] "GET /wp-content/uploads/2015/04/Abdurrahman-sami-Niyazi7-scaled.jpg HTTP/2" 200 1354755 "-" "Mozilla/5.0 AppleWebKit/537.36 (KHTML, like Gecko; compatible; Reflectionbot/1.0; +https://reflection.ai/bot) Chrome/151.0.0.0 Safari/537.36"
184.73.195.18 - - [13/Sep/2026:02:04:48 +0300] "GET /wp-json/oembed/1.0/embed?format=xml&url=https://www.evliyalar.net/kaplan-baba/ HTTP/1.1" 404 796 "-" "Mozilla/5.0 AppleWebKit/537.36 (KHTML, like Gecko; compatible; Amazonbot/0.1; +https://developer.amazon.com/support/amazonbot) Chrome/119.0.6045.214 Safari/537.36"
129.225.125.127 - - [13/Sep/2026:02:04:46 +0300] "POST /wp-login.php HTTP/1.1" 200 3321 "https://evliyalar.net/wp-login.php" "Mozilla/5.0 (Windows NT 10.0; Win64; x64) AppleWebKit/537.36 (KHTML, like Gecko) Chrome/91.0.4472.124 Safari/537.36"
129.225.125.127 - - [13/Sep/2026:02:04:51 +0300] "GET /wp-admin/index.php HTTP/1.1" 403 787 "https://evliyalar.net/wp-login.php" "Mozilla/5.0 (Macintosh; Intel Mac OS X 10_15_7) AppleWebKit/605.1.15 (KHTML, like Gecko) Version/14.1.2 Safari/605.1.15"
129.225.125.127 - - [13/Sep/2026:02:04:51 +0300] "GET /wp-admin/index.php HTTP/1.1" 403 787 "https://evliyalar.net/wp-login.php" "Mozilla/5.0 (Macintosh; Intel Mac OS X 10_15_7) AppleWebKit/605.1.15 (KHTML, like Gecko) Version/14.1.2 Safari/605.1.15"
66.249.70.164 - - [13/Sep/2026:02:05:00 +0300] "GET /?p=28778 HTTP/1.1" 200 2024 "-" "Mozilla/5.0 (Linux; Android 6.0.1; Nexus 5X Build/MMB29P) AppleWebKit/537.36 (KHTML, like Gecko) Chrome/152.0.7977.82 Mobile Safari/537.36 (compatible; Googlebot/2.1; +http://www.google.com/bot.html)"
129.225.125.127 - - [13/Sep/2026:02:04:51 +0300] "POST /wp-login.php HTTP/1.1" 200 3321 "https://evliyalar.net/wp-login.php" "Mozilla/5.0 (X11; Linux x86_64; rv:90.0) Gecko/20100101 Firefox/90.0.1"
129.225.125.127 - - [13/Sep/2026:02:05:00 +0300] "GET /wp-admin/index.php HTTP/1.1" 403 787 "https://evliyalar.net/wp-login.php" "Mozilla/5.0 (Windows NT 6.1; Win64; x64) AppleWebKit/537.36 (KHTML, like Gecko) Chrome/93.0.4577.63 Safari/537.36"
129.225.125.127 - - [13/Sep/2026:02:05:01 +0300] "GET /wp-admin/index.php HTTP/1.1" 403 787 "https://evliyalar.net/wp-login.php" "Mozilla/5.0 (Windows NT 6.1; Win64; x64) AppleWebKit/537.36 (KHTML, like Gecko) Chrome/93.0.4577.63 Safari/537.36"
40.77.167.121 - - [13/Sep/2026:02:05:02 +0300] "GET /veled-i-habib-turbesi-mehmet-emin-efendi/ HTTP/2" 404 796 "-" "Mozilla/5.0 AppleWebKit/537.36 (KHTML, like Gecko; compatible; bingbot/2.0; +http://www.bing.com/bingbot.htm) Chrome/116.0.1938.76 Safari/537.36"
44.207.252.58 - - [13/Sep/2026:02:05:04 +0300] "GET /location/abdulbaki-dede-k-s/ HTTP/1.1" 404 796 "-" "Mozilla/5.0 AppleWebKit/537.36 (KHTML, like Gecko; compatible; Amazonbot/0.1; +https://developer.amazon.com/support/amazonbot) Chrome/119.0.6045.214 Safari/537.36"
129.225.125.127 - - [13/Sep/2026:02:05:01 +0300] "POST /wp-login.php HTTP/1.1" 200 3321 "https://evliyalar.net/wp-login.php" "Mozilla/5.0 (Macintosh; Intel Mac OS X 10_15_7) AppleWebKit/605.1.15 (KHTML, like Gecko) Version/14.1.1 Safari/605.1.15"
