66.249.70.165 - - [13/Sep/2026:04:11:19 +0300] "GET /?p=23301 HTTP/1.1" 200 2053 "-" "Mozilla/5.0 (Linux; Android 6.0.1; Nexus 5X Build/MMB29P) AppleWebKit/537.36 (KHTML, like Gecko) Chrome/152.0.7977.82 Mobile Safari/537.36 (compatible; Googlebot/2.1; +http://www.google.com/bot.html)"
66.249.70.164 - - [13/Sep/2026:04:11:19 +0300] "GET /?p=15780 HTTP/1.1" 200 2024 "-" "Mozilla/5.0 (Linux; Android 6.0.1; Nexus 5X Build/MMB29P) AppleWebKit/537.36 (KHTML, like Gecko) Chrome/152.0.7977.82 Mobile Safari/537.36 (compatible; Googlebot/2.1; +http://www.google.com/bot.html)"
66.249.70.164 - - [13/Sep/2026:04:11:22 +0300] "GET /?p=26440 HTTP/1.1" 200 2053 "-" "Mozilla/5.0 (Linux; Android 6.0.1; Nexus 5X Build/MMB29P) AppleWebKit/537.36 (KHTML, like Gecko) Chrome/152.0.7977.82 Mobile Safari/537.36 (compatible; Googlebot/2.1; +http://www.google.com/bot.html)"
66.249.70.164 - - [13/Sep/2026:04:11:25 +0300] "GET /kovaci-dede/ HTTP/1.1" 404 796 "-" "Mozilla/5.0 (Linux; Android 6.0.1; Nexus 5X Build/MMB29P) AppleWebKit/537.36 (KHTML, like Gecko) Chrome/152.0.7977.82 Mobile Safari/537.36 (compatible; Googlebot/2.1; +http://www.google.com/bot.html)"
66.249.70.164 - - [13/Sep/2026:04:11:26 +0300] "GET /?p=70935 HTTP/1.1" 200 2053 "-" "Mozilla/5.0 (Linux; Android 6.0.1; Nexus 5X Build/MMB29P) AppleWebKit/537.36 (KHTML, like Gecko) Chrome/152.0.7977.82 Mobile Safari/537.36 (compatible; Googlebot/2.1; +http://www.google.com/bot.html)"
66.249.70.164 - - [13/Sep/2026:04:11:27 +0300] "GET /?p=66909 HTTP/1.1" 200 2053 "-" "Mozilla/5.0 (Linux; Android 6.0.1; Nexus 5X Build/MMB29P) AppleWebKit/537.36 (KHTML, like Gecko) Chrome/152.0.7977.82 Mobile Safari/537.36 (compatible; Googlebot/2.1; +http://www.google.com/bot.html)"
52.167.144.141 - - [13/Sep/2026:04:11:28 +0300] "GET /?p=15072 HTTP/2" 200 2053 "-" "Mozilla/5.0 AppleWebKit/537.36 (KHTML, like Gecko; compatible; bingbot/2.0; +http://www.bing.com/bingbot.htm) Chrome/116.0.1938.76 Safari/537.36"
201.25.171.38 - - [13/Sep/2026:04:11:28 +0300] "GET /wp-content/uploads/2020/04/Hac%C3%84%C2%B1-%C3%84%C2%B0sa-3-768x576.jpg HTTP/1.1" 200 0 "-" "Mozilla/5.0 (compatible; crawler)"
52.167.144.141 - - [13/Sep/2026:04:11:29 +0300] "GET /?p=41861 HTTP/2" 200 2053 "-" "Mozilla/5.0 AppleWebKit/537.36 (KHTML, like Gecko; compatible; bingbot/2.0; +http://www.bing.com/bingbot.htm) Chrome/116.0.1938.76 Safari/537.36"
52.167.144.141 - - [13/Sep/2026:04:11:29 +0300] "GET /?p=36761 HTTP/2" 200 2053 "-" "Mozilla/5.0 AppleWebKit/537.36 (KHTML, like Gecko; compatible; bingbot/2.0; +http://www.bing.com/bingbot.htm) Chrome/116.0.1938.76 Safari/537.36"
52.167.144.141 - - [13/Sep/2026:04:11:29 +0300] "GET /?p=1386 HTTP/2" 200 2053 "-" "Mozilla/5.0 AppleWebKit/537.36 (KHTML, like Gecko; compatible; bingbot/2.0; +http://www.bing.com/bingbot.htm) Chrome/116.0.1938.76 Safari/537.36"
66.249.70.163 - - [13/Sep/2026:04:10:06 +0300] "GET /?p=44989 HTTP/1.1" 200 2024 "-" "Mozilla/5.0 (Linux; Android 6.0.1; Nexus 5X Build/MMB29P) AppleWebKit/537.36 (KHTML, like Gecko) Chrome/152.0.7977.82 Mobile Safari/537.36 (compatible; Googlebot/2.1; +http://www.google.com/bot.html)"
66.249.70.164 - - [13/Sep/2026:04:10:06 +0300] "GET /?p=37612 HTTP/1.1" 200 2053 "-" "Mozilla/5.0 (Linux; Android 6.0.1; Nexus 5X Build/MMB29P) AppleWebKit/537.36 (KHTML, like Gecko) Chrome/152.0.7977.82 Mobile Safari/537.36 (compatible; Googlebot/2.1; +http://www.google.com/bot.html)"
66.249.70.164 - - [13/Sep/2026:04:10:07 +0300] "GET /?p=75728 HTTP/1.1" 200 2024 "-" "Mozilla/5.0 (Linux; Android 6.0.1; Nexus 5X Build/MMB29P) AppleWebKit/537.36 (KHTML, like Gecko) Chrome/152.0.7977.82 Mobile Safari/537.36 (compatible; Googlebot/2.1; +http://www.google.com/bot.html)"
66.249.70.164 - - [13/Sep/2026:04:10:07 +0300] "GET /?p=76719 HTTP/1.1" 200 2053 "-" "Mozilla/5.0 (Linux; Android 6.0.1; Nexus 5X Build/MMB29P) AppleWebKit/537.36 (KHTML, like Gecko) Chrome/152.0.7977.82 Mobile Safari/537.36 (compatible; Googlebot/2.1; +http://www.google.com/bot.html)"
86.229.87.51 - - [13/Sep/2026:04:10:11 +0300] "GET /wp-content/uploads/2015/10/DSC01636-150x150.jpg HTTP/1.1" 200 7802 "https://google.com" "Mozilla/5.0 (X11; Linux i686; rv:52.5.3) Gecko/20100101 Firefox/52.5.3"
162.128.157.18 - - [13/Sep/2026:04:10:22 +0300] "GET /wp-content/uploads/2015/10/DSC01607-150x150.jpg HTTP/1.1" 200 7685 "-" "Mozilla/5.0 (Macintosh; Intel Mac OS X 10_15_7) AppleWebKit/537.36 (KHTML, like Gecko) Chrome/143.0.0.0 Safari/537.36"
114.119.146.185 - - [13/Sep/2026:04:10:36 +0300] "GET /page/189/?b0FLmKd4023f2225526sNbDf18e_beer HTTP/1.1" 404 796 "https://www.evliyalar.net/page/189/?b0FLmKd4023f2225526sNbDf18e_beer" "Mozilla/5.0 (Linux; Android 7.0;) AppleWebKit/537.36 (HTML, like Gecko) Mobile Safari/537.36 (compatible; PetalBot;+https://webmaster.petalsearch.com/site/petalbot)"
66.249.70.164 - - [13/Sep/2026:04:11:06 +0300] "GET /ibrahim-hayrani/ HTTP/1.1" 404 796 "-" "Mozilla/5.0 (Linux; Android 6.0.1; Nexus 5X Build/MMB29P) AppleWebKit/537.36 (KHTML, like Gecko) Chrome/152.0.7977.82 Mobile Safari/537.36 (compatible; Googlebot/2.1; +http://www.google.com/bot.html)"
66.249.70.165 - - [13/Sep/2026:04:11:12 +0300] "GET /_autoindex/assets/icons/image.svg HTTP/1.1" 200 388 "https://www.evliyalar.net/?p=40929" "Mozilla/5.0 (Linux; Android 6.0.1; Nexus 5X Build/MMB29P) AppleWebKit/537.36 (KHTML, like Gecko) Chrome/152.0.7977.82 Mobile Safari/537.36 (compatible; Googlebot/2.1; +http://www.google.com/bot.html)"
66.249.70.165 - - [13/Sep/2026:04:11:23 +0300] "GET /?p=55638 HTTP/1.1" 200 2053 "-" "Mozilla/5.0 (Linux; Android 6.0.1; Nexus 5X Build/MMB29P) AppleWebKit/537.36 (KHTML, like Gecko) Chrome/152.0.7977.82 Mobile Safari/537.36 (compatible; Googlebot/2.1; +http://www.google.com/bot.html)"
17.166.21.15 - - [13/Sep/2026:04:11:34 +0300] "GET /wp-admin/admin-ajax.php?action=process_simple_like&nonce=f353ac4cfc&post_id=7472&disabled=true&is_comment=0 HTTP/2" 403 787 "-" "Mozilla/5.0 (Macintosh; Intel Mac OS X 10_15_7) AppleWebKit/605.1.15 (KHTML, like Gecko) Version/17.4 Safari/605.1.15 (Applebot/0.1; +http://www.apple.com/go/applebot)"
66.249.70.163 - - [13/Sep/2026:04:11:35 +0300] "GET /?p=54977 HTTP/1.1" 200 2053 "-" "Mozilla/5.0 (Linux; Android 6.0.1; Nexus 5X Build/MMB29P) AppleWebKit/537.36 (KHTML, like Gecko) Chrome/152.0.7977.82 Mobile Safari/537.36 (compatible; Googlebot/2.1; +http://www.google.com/bot.html)"
66.249.70.163 - - [13/Sep/2026:04:11:37 +0300] "GET /?p=74728 HTTP/1.1" 200 2053 "-" "Mozilla/5.0 (Linux; Android 6.0.1; Nexus 5X Build/MMB29P) AppleWebKit/537.36 (KHTML, like Gecko) Chrome/152.0.7977.82 Mobile Safari/537.36 (compatible; Googlebot/2.1; +http://www.google.com/bot.html)"
66.249.70.164 - - [13/Sep/2026:04:11:30 +0300] "GET /?p=50733 HTTP/1.1" 200 2053 "-" "Mozilla/5.0 (Linux; Android 6.0.1; Nexus 5X Build/MMB29P) AppleWebKit/537.36 (KHTML, like Gecko) Chrome/152.0.7977.82 Mobile Safari/537.36 (compatible; Googlebot/2.1; +http://www.google.com/bot.html)"
66.249.70.164 - - [13/Sep/2026:04:11:30 +0300] "GET /?p=62383 HTTP/1.1" 200 2053 "-" "Mozilla/5.0 (Linux; Android 6.0.1; Nexus 5X Build/MMB29P) AppleWebKit/537.36 (KHTML, like Gecko) Chrome/152.0.7977.82 Mobile Safari/537.36 (compatible; Googlebot/2.1; +http://www.google.com/bot.html)"
52.167.144.169 - - [13/Sep/2026:04:11:33 +0300] "GET /?p=22263 HTTP/2" 200 2053 "-" "Mozilla/5.0 AppleWebKit/537.36 (KHTML, like Gecko; compatible; bingbot/2.0; +http://www.bing.com/bingbot.htm) Chrome/116.0.1938.76 Safari/537.36"
17.166.153.109 - - [13/Sep/2026:04:11:33 +0300] "GET /dugumlu-baba/ HTTP/2" 404 796 "-" "Mozilla/5.0 (Macintosh; Intel Mac OS X 10_15_7) AppleWebKit/605.1.15 (KHTML, like Gecko) Version/17.4 Safari/605.1.15 (Applebot/0.1; +http://www.apple.com/go/applebot)"
52.167.144.230 - - [13/Sep/2026:04:11:33 +0300] "GET /?p=49686 HTTP/2" 200 2053 "-" "Mozilla/5.0 AppleWebKit/537.36 (KHTML, like Gecko; compatible; bingbot/2.0; +http://www.bing.com/bingbot.htm) Chrome/116.0.1938.76 Safari/537.36"
52.167.144.230 - - [13/Sep/2026:04:11:33 +0300] "GET /?p=11654 HTTP/2" 200 2053 "-" "Mozilla/5.0 AppleWebKit/537.36 (KHTML, like Gecko; compatible; bingbot/2.0; +http://www.bing.com/bingbot.htm) Chrome/116.0.1938.76 Safari/537.36"
52.167.144.230 - - [13/Sep/2026:04:11:34 +0300] "GET /?p=32799 HTTP/2" 200 2053 "-" "Mozilla/5.0 AppleWebKit/537.36 (KHTML, like Gecko; compatible; bingbot/2.0; +http://www.bing.com/bingbot.htm) Chrome/116.0.1938.76 Safari/537.36"
66.249.70.165 - - [13/Sep/2026:04:11:34 +0300] "GET /?p=76357 HTTP/1.1" 200 2024 "-" "Mozilla/5.0 (Linux; Android 6.0.1; Nexus 5X Build/MMB29P) AppleWebKit/537.36 (KHTML, like Gecko) Chrome/152.0.7977.82 Mobile Safari/537.36 (compatible; Googlebot/2.1; +http://www.google.com/bot.html)"
52.167.144.230 - - [13/Sep/2026:04:11:34 +0300] "GET /19Owrd4027e67086b1xcDTdbe HTTP/2" 404 796 "-" "Mozilla/5.0 AppleWebKit/537.36 (KHTML, like Gecko; compatible; bingbot/2.0; +http://www.bing.com/bingbot.htm) Chrome/116.0.1938.76 Safari/537.36"
51.195.215.110 - - [13/Sep/2026:04:11:35 +0300] "GET /evliyala_ornek.sql HTTP/2" 403 787 "-" "Mozilla/5.0 (compatible; AhrefsBot/7.0; +http://ahrefs.com/robot/)"
52.167.144.169 - - [13/Sep/2026:04:11:38 +0300] "GET /?p=38698 HTTP/2" 200 2053 "-" "Mozilla/5.0 AppleWebKit/537.36 (KHTML, like Gecko; compatible; bingbot/2.0; +http://www.bing.com/bingbot.htm) Chrome/116.0.1938.76 Safari/537.36"
52.167.144.230 - - [13/Sep/2026:04:11:57 +0300] "GET /wp-content/uploads/2015/12/1448699635-150x150.jpg HTTP/2" 200 6035 "-" "Mozilla/5.0 AppleWebKit/537.36 (KHTML, like Gecko; compatible; bingbot/2.0; +http://www.bing.com/bingbot.htm) Chrome/116.0.1938.76 Safari/537.36"
95.5.121.74 - - [13/Sep/2026:04:11:59 +0300] "GET /etiket/edirne-evliyalari-2/page/5/ HTTP/2" 404 796 "https://www.google.com/" "Mozilla/5.0 (Linux; Android 10; K) AppleWebKit/537.36 (KHTML, like Gecko) Chrome/152.0.0.0 Mobile Safari/537.36"
95.5.121.74 - - [13/Sep/2026:04:11:59 +0300] "GET /favicon.ico HTTP/2" 404 796 "https://www.evliyalar.net/etiket/edirne-evliyalari-2/page/5/" "Mozilla/5.0 (Linux; Android 10; K) AppleWebKit/537.36 (KHTML, like Gecko) Chrome/152.0.0.0 Mobile Safari/537.36"
114.119.136.184 - - [13/Sep/2026:04:12:01 +0300] "GET /kategori/anadolu-evliyalari/eskisehir-evliyalari/merkez-evliyalari/ HTTP/1.1" 404 796 "https://www.evliyalar.net/ertugrul-gazi-k-s/ertugrul-gazi8-kopyasi/" "Mozilla/5.0 (Linux; Android 7.0;) AppleWebKit/537.36 (HTML, like Gecko) Mobile Safari/537.36 (compatible; PetalBot;+https://webmaster.petalsearch.com/site/petalbot)"
66.249.70.165 - - [13/Sep/2026:04:11:40 +0300] "GET /?p=12740 HTTP/1.1" 200 2053 "-" "Mozilla/5.0 (Linux; Android 6.0.1; Nexus 5X Build/MMB29P) AppleWebKit/537.36 (KHTML, like Gecko) Chrome/152.0.7977.82 Mobile Safari/537.36 (compatible; Googlebot/2.1; +http://www.google.com/bot.html)"
66.249.70.165 - - [13/Sep/2026:04:11:40 +0300] "GET /?p=33287 HTTP/1.1" 200 2053 "-" "Mozilla/5.0 (Linux; Android 6.0.1; Nexus 5X Build/MMB29P) AppleWebKit/537.36 (KHTML, like Gecko) Chrome/152.0.7977.82 Mobile Safari/537.36 (compatible; Googlebot/2.1; +http://www.google.com/bot.html)"
66.249.70.165 - - [13/Sep/2026:04:11:44 +0300] "GET /?p=55097 HTTP/1.1" 200 2053 "-" "Mozilla/5.0 (Linux; Android 6.0.1; Nexus 5X Build/MMB29P) AppleWebKit/537.36 (KHTML, like Gecko) Chrome/152.0.7977.82 Mobile Safari/537.36 (compatible; Googlebot/2.1; +http://www.google.com/bot.html)"
66.249.70.164 - - [13/Sep/2026:04:11:45 +0300] "GET /_autoindex/assets/icons/file-text.svg HTTP/1.1" 200 394 "https://www.evliyalar.net/?p=60637" "Mozilla/5.0 (Linux; Android 6.0.1; Nexus 5X Build/MMB29P) AppleWebKit/537.36 (KHTML, like Gecko) Chrome/152.0.7977.82 Mobile Safari/537.36 (compatible; Googlebot/2.1; +http://www.google.com/bot.html)"
66.249.70.164 - - [13/Sep/2026:04:11:48 +0300] "GET /?p=16202 HTTP/1.1" 200 2053 "-" "Mozilla/5.0 (Linux; Android 6.0.1; Nexus 5X Build/MMB29P) AppleWebKit/537.36 (KHTML, like Gecko) Chrome/152.0.7977.82 Mobile Safari/537.36 (compatible; Googlebot/2.1; +http://www.google.com/bot.html)"
66.249.70.165 - - [13/Sep/2026:04:11:50 +0300] "GET /?p=67584 HTTP/1.1" 200 2053 "-" "Mozilla/5.0 (Linux; Android 6.0.1; Nexus 5X Build/MMB29P) AppleWebKit/537.36 (KHTML, like Gecko) Chrome/152.0.7977.82 Mobile Safari/537.36 (compatible; Googlebot/2.1; +http://www.google.com/bot.html)"
66.249.70.165 - - [13/Sep/2026:04:11:54 +0300] "GET /?p=58823 HTTP/1.1" 200 2024 "-" "Mozilla/5.0 (Linux; Android 6.0.1; Nexus 5X Build/MMB29P) AppleWebKit/537.36 (KHTML, like Gecko) Chrome/152.0.7977.82 Mobile Safari/537.36 (compatible; Googlebot/2.1; +http://www.google.com/bot.html)"
66.249.70.163 - - [13/Sep/2026:04:12:01 +0300] "GET /?p=4090 HTTP/1.1" 200 2053 "-" "Mozilla/5.0 (Linux; Android 6.0.1; Nexus 5X Build/MMB29P) AppleWebKit/537.36 (KHTML, like Gecko) Chrome/152.0.7977.82 Mobile Safari/537.36 (compatible; Googlebot/2.1; +http://www.google.com/bot.html)"
66.249.70.163 - - [13/Sep/2026:04:12:03 +0300] "GET /oksuruk-baba/ HTTP/1.1" 404 796 "-" "Mozilla/5.0 (compatible; Googlebot/2.1; +http://www.google.com/bot.html)"
66.249.70.163 - - [13/Sep/2026:04:12:05 +0300] "GET /?p=42841 HTTP/1.1" 200 2053 "-" "Mozilla/5.0 (Linux; Android 6.0.1; Nexus 5X Build/MMB29P) AppleWebKit/537.36 (KHTML, like Gecko) Chrome/152.0.7977.82 Mobile Safari/537.36 (compatible; Googlebot/2.1; +http://www.google.com/bot.html)"
66.249.70.163 - - [13/Sep/2026:04:12:05 +0300] "GET /?p=71532 HTTP/1.1" 200 2053 "-" "Mozilla/5.0 (Linux; Android 6.0.1; Nexus 5X Build/MMB29P) AppleWebKit/537.36 (KHTML, like Gecko) Chrome/152.0.7977.82 Mobile Safari/537.36 (compatible; Googlebot/2.1; +http://www.google.com/bot.html)"
66.249.70.164 - - [13/Sep/2026:04:12:08 +0300] "GET /?p=9111 HTTP/1.1" 200 2053 "-" "Mozilla/5.0 (Linux; Android 6.0.1; Nexus 5X Build/MMB29P) AppleWebKit/537.36 (KHTML, like Gecko) Chrome/152.0.7977.82 Mobile Safari/537.36 (compatible; Googlebot/2.1; +http://www.google.com/bot.html)"
66.249.70.163 - - [13/Sep/2026:04:12:11 +0300] "GET /?p=55664 HTTP/1.1" 200 2053 "-" "Mozilla/5.0 (Linux; Android 6.0.1; Nexus 5X Build/MMB29P) AppleWebKit/537.36 (KHTML, like Gecko) Chrome/152.0.7977.82 Mobile Safari/537.36 (compatible; Googlebot/2.1; +http://www.google.com/bot.html)"
66.249.70.163 - - [13/Sep/2026:04:12:13 +0300] "GET /?p=67464 HTTP/1.1" 200 2053 "-" "Mozilla/5.0 (Linux; Android 6.0.1; Nexus 5X Build/MMB29P) AppleWebKit/537.36 (KHTML, like Gecko) Chrome/152.0.7977.82 Mobile Safari/537.36 (compatible; Googlebot/2.1; +http://www.google.com/bot.html)"
66.249.70.163 - - [13/Sep/2026:04:12:15 +0300] "GET /?p=76173 HTTP/1.1" 200 2053 "-" "Mozilla/5.0 (Linux; Android 6.0.1; Nexus 5X Build/MMB29P) AppleWebKit/537.36 (KHTML, like Gecko) Chrome/152.0.7977.82 Mobile Safari/537.36 (compatible; Googlebot/2.1; +http://www.google.com/bot.html)"
66.249.70.163 - - [13/Sep/2026:04:12:15 +0300] "GET /?p=44585 HTTP/1.1" 200 2053 "-" "Mozilla/5.0 (Linux; Android 6.0.1; Nexus 5X Build/MMB29P) AppleWebKit/537.36 (KHTML, like Gecko) Chrome/152.0.7977.82 Mobile Safari/537.36 (compatible; Googlebot/2.1; +http://www.google.com/bot.html)"
136.113.164.17 - - [13/Sep/2026:04:12:15 +0300] "GET /wp-content/uploads/2014/11/Molla-Hayali1-scaled.jpg HTTP/2" 200 797939 "-" "Mozilla/5.0 AppleWebKit/537.36 (KHTML, like Gecko; compatible; Reflectionbot/1.0; +https://reflection.ai/bot) Chrome/151.0.0.0 Safari/537.36"
66.249.70.163 - - [13/Sep/2026:04:12:18 +0300] "GET /?p=32594 HTTP/1.1" 200 2024 "-" "Mozilla/5.0 (Linux; Android 6.0.1; Nexus 5X Build/MMB29P) AppleWebKit/537.36 (KHTML, like Gecko) Chrome/152.0.7977.82 Mobile Safari/537.36 (compatible; Googlebot/2.1; +http://www.google.com/bot.html)"
66.249.70.163 - - [13/Sep/2026:04:12:18 +0300] "GET /?p=16988 HTTP/1.1" 200 2053 "-" "Mozilla/5.0 (Linux; Android 6.0.1; Nexus 5X Build/MMB29P) AppleWebKit/537.36 (KHTML, like Gecko) Chrome/152.0.7977.82 Mobile Safari/537.36 (compatible; Googlebot/2.1; +http://www.google.com/bot.html)"
66.249.70.163 - - [13/Sep/2026:04:12:19 +0300] "GET /?p=30636 HTTP/1.1" 200 2053 "-" "Mozilla/5.0 (Linux; Android 6.0.1; Nexus 5X Build/MMB29P) AppleWebKit/537.36 (KHTML, like Gecko) Chrome/152.0.7977.82 Mobile Safari/537.36 (compatible; Googlebot/2.1; +http://www.google.com/bot.html)"
66.249.70.163 - - [13/Sep/2026:04:12:22 +0300] "GET /?p=46667 HTTP/1.1" 200 2053 "-" "Mozilla/5.0 (Linux; Android 6.0.1; Nexus 5X Build/MMB29P) AppleWebKit/537.36 (KHTML, like Gecko) Chrome/152.0.7977.82 Mobile Safari/537.36 (compatible; Googlebot/2.1; +http://www.google.com/bot.html)"
66.249.70.163 - - [13/Sep/2026:04:12:24 +0300] "GET /?p=15770 HTTP/1.1" 200 2024 "-" "Mozilla/5.0 (Linux; Android 6.0.1; Nexus 5X Build/MMB29P) AppleWebKit/537.36 (KHTML, like Gecko) Chrome/152.0.7977.82 Mobile Safari/537.36 (compatible; Googlebot/2.1; +http://www.google.com/bot.html)"
66.249.70.163 - - [13/Sep/2026:04:12:28 +0300] "GET /?p=6416 HTTP/1.1" 200 2053 "-" "Mozilla/5.0 (Linux; Android 6.0.1; Nexus 5X Build/MMB29P) AppleWebKit/537.36 (KHTML, like Gecko) Chrome/152.0.7977.82 Mobile Safari/537.36 (compatible; Googlebot/2.1; +http://www.google.com/bot.html)"
66.249.70.163 - - [13/Sep/2026:04:12:29 +0300] "GET /?p=56936 HTTP/1.1" 200 2053 "-" "Mozilla/5.0 (Linux; Android 6.0.1; Nexus 5X Build/MMB29P) AppleWebKit/537.36 (KHTML, like Gecko) Chrome/152.0.7977.82 Mobile Safari/537.36 (compatible; Googlebot/2.1; +http://www.google.com/bot.html)"
66.249.70.163 - - [13/Sep/2026:04:12:35 +0300] "GET /?p=68973 HTTP/1.1" 200 2053 "-" "Mozilla/5.0 (Linux; Android 6.0.1; Nexus 5X Build/MMB29P) AppleWebKit/537.36 (KHTML, like Gecko) Chrome/152.0.7977.82 Mobile Safari/537.36 (compatible; Googlebot/2.1; +http://www.google.com/bot.html)"
66.249.70.163 - - [13/Sep/2026:04:12:38 +0300] "GET /?p=20807 HTTP/1.1" 200 2053 "-" "Mozilla/5.0 (Linux; Android 6.0.1; Nexus 5X Build/MMB29P) AppleWebKit/537.36 (KHTML, like Gecko) Chrome/152.0.7977.82 Mobile Safari/537.36 (compatible; Googlebot/2.1; +http://www.google.com/bot.html)"
66.249.70.163 - - [13/Sep/2026:04:12:42 +0300] "GET /?p=46608 HTTP/1.1" 200 2053 "-" "Mozilla/5.0 (Linux; Android 6.0.1; Nexus 5X Build/MMB29P) AppleWebKit/537.36 (KHTML, like Gecko) Chrome/152.0.7977.82 Mobile Safari/537.36 (compatible; Googlebot/2.1; +http://www.google.com/bot.html)"
66.249.70.163 - - [13/Sep/2026:04:12:45 +0300] "GET /?p=60030 HTTP/1.1" 200 2024 "-" "Mozilla/5.0 (Linux; Android 6.0.1; Nexus 5X Build/MMB29P) AppleWebKit/537.36 (KHTML, like Gecko) Chrome/152.0.7977.82 Mobile Safari/537.36 (compatible; Googlebot/2.1; +http://www.google.com/bot.html)"
66.249.70.163 - - [13/Sep/2026:04:12:46 +0300] "GET /?p=37617 HTTP/1.1" 200 2053 "-" "Mozilla/5.0 (Linux; Android 6.0.1; Nexus 5X Build/MMB29P) AppleWebKit/537.36 (KHTML, like Gecko) Chrome/152.0.7977.82 Mobile Safari/537.36 (compatible; Googlebot/2.1; +http://www.google.com/bot.html)"
66.249.70.163 - - [13/Sep/2026:04:12:49 +0300] "GET /?p=44023 HTTP/1.1" 200 2053 "-" "Mozilla/5.0 (Linux; Android 6.0.1; Nexus 5X Build/MMB29P) AppleWebKit/537.36 (KHTML, like Gecko) Chrome/152.0.7977.82 Mobile Safari/537.36 (compatible; Googlebot/2.1; +http://www.google.com/bot.html)"
66.249.70.163 - - [13/Sep/2026:04:12:50 +0300] "GET /?p=58975 HTTP/1.1" 200 2053 "-" "Mozilla/5.0 (Linux; Android 6.0.1; Nexus 5X Build/MMB29P) AppleWebKit/537.36 (KHTML, like Gecko) Chrome/152.0.7977.82 Mobile Safari/537.36 (compatible; Googlebot/2.1; +http://www.google.com/bot.html)"
66.249.70.163 - - [13/Sep/2026:04:12:52 +0300] "GET /?p=19755 HTTP/1.1" 200 2053 "-" "Mozilla/5.0 (Linux; Android 6.0.1; Nexus 5X Build/MMB29P) AppleWebKit/537.36 (KHTML, like Gecko) Chrome/152.0.7977.82 Mobile Safari/537.36 (compatible; Googlebot/2.1; +http://www.google.com/bot.html)"
66.249.70.163 - - [13/Sep/2026:04:12:52 +0300] "GET /?p=61477 HTTP/1.1" 200 2053 "-" "Mozilla/5.0 (Linux; Android 6.0.1; Nexus 5X Build/MMB29P) AppleWebKit/537.36 (KHTML, like Gecko) Chrome/152.0.7977.82 Mobile Safari/537.36 (compatible; Googlebot/2.1; +http://www.google.com/bot.html)"
66.249.70.163 - - [13/Sep/2026:04:13:07 +0300] "GET /?p=10601 HTTP/1.1" 200 2053 "-" "Mozilla/5.0 (Linux; Android 6.0.1; Nexus 5X Build/MMB29P) AppleWebKit/537.36 (KHTML, like Gecko) Chrome/152.0.7977.82 Mobile Safari/537.36 (compatible; Googlebot/2.1; +http://www.google.com/bot.html)"
66.249.70.163 - - [13/Sep/2026:04:13:10 +0300] "GET /?p=43914 HTTP/1.1" 200 2053 "-" "Mozilla/5.0 (Linux; Android 6.0.1; Nexus 5X Build/MMB29P) AppleWebKit/537.36 (KHTML, like Gecko) Chrome/152.0.7977.82 Mobile Safari/537.36 (compatible; Googlebot/2.1; +http://www.google.com/bot.html)"
66.249.70.163 - - [13/Sep/2026:04:13:13 +0300] "GET /?p=77064 HTTP/1.1" 200 2053 "-" "Mozilla/5.0 (Linux; Android 6.0.1; Nexus 5X Build/MMB29P) AppleWebKit/537.36 (KHTML, like Gecko) Chrome/152.0.7977.82 Mobile Safari/537.36 (compatible; Googlebot/2.1; +http://www.google.com/bot.html)"
66.249.70.163 - - [13/Sep/2026:04:13:13 +0300] "GET /?p=16836 HTTP/1.1" 200 2053 "-" "Mozilla/5.0 (Linux; Android 6.0.1; Nexus 5X Build/MMB29P) AppleWebKit/537.36 (KHTML, like Gecko) Chrome/152.0.7977.82 Mobile Safari/537.36 (compatible; Googlebot/2.1; +http://www.google.com/bot.html)"
66.249.70.163 - - [13/Sep/2026:04:13:16 +0300] "GET /?p=53478 HTTP/1.1" 200 2053 "-" "Mozilla/5.0 (Linux; Android 6.0.1; Nexus 5X Build/MMB29P) AppleWebKit/537.36 (KHTML, like Gecko) Chrome/152.0.7977.82 Mobile Safari/537.36 (compatible; Googlebot/2.1; +http://www.google.com/bot.html)"
66.249.70.163 - - [13/Sep/2026:04:13:17 +0300] "GET /?p=3376 HTTP/1.1" 200 2053 "-" "Mozilla/5.0 (Linux; Android 6.0.1; Nexus 5X Build/MMB29P) AppleWebKit/537.36 (KHTML, like Gecko) Chrome/152.0.7977.82 Mobile Safari/537.36 (compatible; Googlebot/2.1; +http://www.google.com/bot.html)"
66.249.70.163 - - [13/Sep/2026:04:13:19 +0300] "GET /?p=60237 HTTP/1.1" 200 2053 "-" "Mozilla/5.0 (Linux; Android 6.0.1; Nexus 5X Build/MMB29P) AppleWebKit/537.36 (KHTML, like Gecko) Chrome/152.0.7977.82 Mobile Safari/537.36 (compatible; Googlebot/2.1; +http://www.google.com/bot.html)"
66.249.70.163 - - [13/Sep/2026:04:13:20 +0300] "GET /_autoindex/assets/icons/image.svg HTTP/1.1" 200 388 "https://www.evliyalar.net/?p=53478" "Mozilla/5.0 (Linux; Android 6.0.1; Nexus 5X Build/MMB29P) AppleWebKit/537.36 (KHTML, like Gecko) Chrome/152.0.7977.82 Mobile Safari/537.36 (compatible; Googlebot/2.1; +http://www.google.com/bot.html)"
66.249.70.163 - - [13/Sep/2026:04:13:22 +0300] "GET /?p=39026 HTTP/1.1" 200 2053 "-" "Mozilla/5.0 (Linux; Android 6.0.1; Nexus 5X Build/MMB29P) AppleWebKit/537.36 (KHTML, like Gecko) Chrome/152.0.7977.82 Mobile Safari/537.36 (compatible; Googlebot/2.1; +http://www.google.com/bot.html)"
114.119.136.184 - - [13/Sep/2026:04:13:23 +0300] "GET /gazi-omer-bey/ekran-resmi-2015-05-31-16-19-05/ HTTP/1.1" 404 796 "https://www.evliyalar.net/gazi-omer-bey/ekran-resmi-2015-05-31-16-19-05/" "Mozilla/5.0 (Linux; Android 7.0;) AppleWebKit/537.36 (HTML, like Gecko) Mobile Safari/537.36 (compatible; PetalBot;+https://webmaster.petalsearch.com/site/petalbot)"
45.78.207.10 - - [13/Sep/2026:04:13:25 +0300] "GET /wp-admin/admin-ajax.php?action=process_simple_like&nonce=ba74d362cf&post_id=9609&disabled=true&is_comment=0 HTTP/2" 403 787 "-" "Mozilla/5.0 (Windows NT 10.0; Win64; x64) AppleWebKit/537.36 (KHTML, like Gecko) Chrome/110.0.0.0 Safari/537.36"
66.249.70.163 - - [13/Sep/2026:04:13:25 +0300] "GET /?p=74812 HTTP/1.1" 200 2024 "-" "Mozilla/5.0 (Linux; Android 6.0.1; Nexus 5X Build/MMB29P) AppleWebKit/537.36 (KHTML, like Gecko) Chrome/152.0.7977.82 Mobile Safari/537.36 (compatible; Googlebot/2.1; +http://www.google.com/bot.html)"
66.249.70.163 - - [13/Sep/2026:04:13:29 +0300] "GET /?p=3148 HTTP/1.1" 200 2053 "-" "Mozilla/5.0 (Linux; Android 6.0.1; Nexus 5X Build/MMB29P) AppleWebKit/537.36 (KHTML, like Gecko) Chrome/152.0.7977.82 Mobile Safari/537.36 (compatible; Googlebot/2.1; +http://www.google.com/bot.html)"
66.249.70.163 - - [13/Sep/2026:04:13:32 +0300] "GET /?p=69487 HTTP/1.1" 200 2053 "-" "Mozilla/5.0 (Linux; Android 6.0.1; Nexus 5X Build/MMB29P) AppleWebKit/537.36 (KHTML, like Gecko) Chrome/152.0.7977.82 Mobile Safari/537.36 (compatible; Googlebot/2.1; +http://www.google.com/bot.html)"
54.159.98.248 - - [13/Sep/2026:04:13:34 +0300] "GET /etiket/seyh-ibrahimkumbeti/ HTTP/1.1" 404 796 "-" "Mozilla/5.0 AppleWebKit/537.36 (KHTML, like Gecko; compatible; Amazonbot/0.1; +https://developer.amazon.com/support/amazonbot) Chrome/119.0.6045.214 Safari/537.36"
66.249.70.163 - - [13/Sep/2026:04:13:35 +0300] "GET /?p=33405 HTTP/1.1" 200 2053 "-" "Mozilla/5.0 (Linux; Android 6.0.1; Nexus 5X Build/MMB29P) AppleWebKit/537.36 (KHTML, like Gecko) Chrome/152.0.7977.82 Mobile Safari/537.36 (compatible; Googlebot/2.1; +http://www.google.com/bot.html)"
66.249.70.163 - - [13/Sep/2026:04:13:39 +0300] "GET /?p=58196 HTTP/1.1" 200 2053 "-" "Mozilla/5.0 (Linux; Android 6.0.1; Nexus 5X Build/MMB29P) AppleWebKit/537.36 (KHTML, like Gecko) Chrome/152.0.7977.82 Mobile Safari/537.36 (compatible; Googlebot/2.1; +http://www.google.com/bot.html)"
66.249.70.163 - - [13/Sep/2026:04:13:43 +0300] "GET /?p=12377 HTTP/1.1" 200 2053 "-" "Mozilla/5.0 (Linux; Android 6.0.1; Nexus 5X Build/MMB29P) AppleWebKit/537.36 (KHTML, like Gecko) Chrome/152.0.7977.82 Mobile Safari/537.36 (compatible; Googlebot/2.1; +http://www.google.com/bot.html)"
66.249.70.163 - - [13/Sep/2026:04:13:43 +0300] "GET /?p=38040 HTTP/1.1" 200 2053 "-" "Mozilla/5.0 (Linux; Android 6.0.1; Nexus 5X Build/MMB29P) AppleWebKit/537.36 (KHTML, like Gecko) Chrome/152.0.7977.82 Mobile Safari/537.36 (compatible; Googlebot/2.1; +http://www.google.com/bot.html)"
66.249.70.163 - - [13/Sep/2026:04:13:46 +0300] "GET /?p=43081 HTTP/1.1" 200 2024 "-" "Mozilla/5.0 (Linux; Android 6.0.1; Nexus 5X Build/MMB29P) AppleWebKit/537.36 (KHTML, like Gecko) Chrome/152.0.7977.82 Mobile Safari/537.36 (compatible; Googlebot/2.1; +http://www.google.com/bot.html)"
66.249.70.163 - - [13/Sep/2026:04:13:48 +0300] "GET /?p=9769 HTTP/1.1" 200 2024 "-" "Mozilla/5.0 (Linux; Android 6.0.1; Nexus 5X Build/MMB29P) AppleWebKit/537.36 (KHTML, like Gecko) Chrome/152.0.7977.82 Mobile Safari/537.36 (compatible; Googlebot/2.1; +http://www.google.com/bot.html)"
212.34.155.126 - - [13/Sep/2026:04:13:52 +0300] "GET / HTTP/2" 200 2048 "-" "Mozilla/5.0 (Macintosh; Intel Mac OS X 10_15_7) AppleWebKit/537.36 (KHTML, like Gecko) Chrome/150.0.0.0 Safari/537.36"
66.249.70.165 - - [13/Sep/2026:04:13:59 +0300] "GET /?p=63945 HTTP/1.1" 200 2053 "-" "Mozilla/5.0 (Linux; Android 6.0.1; Nexus 5X Build/MMB29P) AppleWebKit/537.36 (KHTML, like Gecko) Chrome/152.0.7977.82 Mobile Safari/537.36 (compatible; Googlebot/2.1; +http://www.google.com/bot.html)"
66.249.70.163 - - [13/Sep/2026:04:14:10 +0300] "GET /?p=55672 HTTP/1.1" 200 2024 "-" "Mozilla/5.0 (Linux; Android 6.0.1; Nexus 5X Build/MMB29P) AppleWebKit/537.36 (KHTML, like Gecko) Chrome/152.0.7977.82 Mobile Safari/537.36 (compatible; Googlebot/2.1; +http://www.google.com/bot.html)"
52.167.144.169 - - [13/Sep/2026:04:14:10 +0300] "GET /wp-content/uploads/2020/03/hayreddin-tokadi96-1068x801.jpg HTTP/2" 200 130898 "-" "Mozilla/5.0 AppleWebKit/537.36 (KHTML, like Gecko; compatible; bingbot/2.0; +http://www.bing.com/bingbot.htm) Chrome/116.0.1938.76 Safari/537.36"
66.249.70.163 - - [13/Sep/2026:04:14:14 +0300] "GET /?p=35401 HTTP/1.1" 200 2053 "-" "Mozilla/5.0 (Linux; Android 6.0.1; Nexus 5X Build/MMB29P) AppleWebKit/537.36 (KHTML, like Gecko) Chrome/152.0.7977.82 Mobile Safari/537.36 (compatible; Googlebot/2.1; +http://www.google.com/bot.html)"
66.249.70.163 - - [13/Sep/2026:04:14:17 +0300] "GET /?p=23353 HTTP/1.1" 200 2053 "-" "Mozilla/5.0 (Linux; Android 6.0.1; Nexus 5X Build/MMB29P) AppleWebKit/537.36 (KHTML, like Gecko) Chrome/152.0.7977.82 Mobile Safari/537.36 (compatible; Googlebot/2.1; +http://www.google.com/bot.html)"
66.249.70.163 - - [13/Sep/2026:04:14:18 +0300] "GET /?p=23975 HTTP/1.1" 200 2053 "-" "Mozilla/5.0 (Linux; Android 6.0.1; Nexus 5X Build/MMB29P) AppleWebKit/537.36 (KHTML, like Gecko) Chrome/152.0.7977.82 Mobile Safari/537.36 (compatible; Googlebot/2.1; +http://www.google.com/bot.html)"
66.249.70.163 - - [13/Sep/2026:04:14:19 +0300] "GET /?p=17984 HTTP/1.1" 200 2053 "-" "Mozilla/5.0 (Linux; Android 6.0.1; Nexus 5X Build/MMB29P) AppleWebKit/537.36 (KHTML, like Gecko) Chrome/152.0.7977.82 Mobile Safari/537.36 (compatible; Googlebot/2.1; +http://www.google.com/bot.html)"
66.249.70.163 - - [13/Sep/2026:04:14:22 +0300] "GET /?p=43800 HTTP/1.1" 200 2053 "-" "Mozilla/5.0 (Linux; Android 6.0.1; Nexus 5X Build/MMB29P) AppleWebKit/537.36 (KHTML, like Gecko) Chrome/152.0.7977.82 Mobile Safari/537.36 (compatible; Googlebot/2.1; +http://www.google.com/bot.html)"
66.249.70.163 - - [13/Sep/2026:04:14:25 +0300] "GET /?p=1460 HTTP/1.1" 200 2053 "-" "Mozilla/5.0 (Linux; Android 6.0.1; Nexus 5X Build/MMB29P) AppleWebKit/537.36 (KHTML, like Gecko) Chrome/152.0.7977.82 Mobile Safari/537.36 (compatible; Googlebot/2.1; +http://www.google.com/bot.html)"
66.249.70.163 - - [13/Sep/2026:04:14:28 +0300] "GET /?p=24836 HTTP/1.1" 200 2053 "-" "Mozilla/5.0 (Linux; Android 6.0.1; Nexus 5X Build/MMB29P) AppleWebKit/537.36 (KHTML, like Gecko) Chrome/152.0.7977.82 Mobile Safari/537.36 (compatible; Googlebot/2.1; +http://www.google.com/bot.html)"
66.249.70.163 - - [13/Sep/2026:04:14:30 +0300] "GET /?p=71341 HTTP/1.1" 200 2053 "-" "Mozilla/5.0 (Linux; Android 6.0.1; Nexus 5X Build/MMB29P) AppleWebKit/537.36 (KHTML, like Gecko) Chrome/152.0.7977.82 Mobile Safari/537.36 (compatible; Googlebot/2.1; +http://www.google.com/bot.html)"
136.116.228.215 - - [13/Sep/2026:04:14:31 +0300] "GET /etiket/revak-sultan/ HTTP/2" 404 796 "-" "Mozilla/5.0 AppleWebKit/537.36 (KHTML, like Gecko; compatible; Reflectionbot/1.0; +https://reflection.ai/bot) Chrome/151.0.0.0 Safari/537.36"
66.249.70.163 - - [13/Sep/2026:04:14:32 +0300] "GET /?p=28022 HTTP/1.1" 200 2053 "-" "Mozilla/5.0 (Linux; Android 6.0.1; Nexus 5X Build/MMB29P) AppleWebKit/537.36 (KHTML, like Gecko) Chrome/152.0.7977.82 Mobile Safari/537.36 (compatible; Googlebot/2.1; +http://www.google.com/bot.html)"
66.249.70.163 - - [13/Sep/2026:04:14:34 +0300] "GET /?p=73277 HTTP/1.1" 200 2053 "-" "Mozilla/5.0 (Linux; Android 6.0.1; Nexus 5X Build/MMB29P) AppleWebKit/537.36 (KHTML, like Gecko) Chrome/152.0.7977.82 Mobile Safari/537.36 (compatible; Googlebot/2.1; +http://www.google.com/bot.html)"
66.249.70.163 - - [13/Sep/2026:04:14:35 +0300] "GET /?p=45494 HTTP/1.1" 200 2053 "-" "Mozilla/5.0 (Linux; Android 6.0.1; Nexus 5X Build/MMB29P) AppleWebKit/537.36 (KHTML, like Gecko) Chrome/152.0.7977.82 Mobile Safari/537.36 (compatible; Googlebot/2.1; +http://www.google.com/bot.html)"
66.249.70.165 - - [13/Sep/2026:04:12:01 +0300] "GET /?p=35518 HTTP/1.1" 200 2053 "-" "Mozilla/5.0 (Linux; Android 6.0.1; Nexus 5X Build/MMB29P) AppleWebKit/537.36 (KHTML, like Gecko) Chrome/152.0.7977.82 Mobile Safari/537.36 (compatible; Googlebot/2.1; +http://www.google.com/bot.html)"
66.249.70.165 - - [13/Sep/2026:04:12:03 +0300] "GET /?p=35367 HTTP/1.1" 200 2053 "-" "Mozilla/5.0 (Linux; Android 6.0.1; Nexus 5X Build/MMB29P) AppleWebKit/537.36 (KHTML, like Gecko) Chrome/152.0.7977.82 Mobile Safari/537.36 (compatible; Googlebot/2.1; +http://www.google.com/bot.html)"
95.5.121.74 - - [13/Sep/2026:04:12:08 +0300] "GET /etiket/edirne-evliyalari-2/page/5/ HTTP/3" 404 796 "https://www.google.com/" "Mozilla/5.0 (Linux; Android 10; K) AppleWebKit/537.36 (KHTML, like Gecko) Chrome/152.0.0.0 Mobile Safari/537.36"
52.167.144.141 - - [13/Sep/2026:04:12:10 +0300] "GET /bahaeddin-dede/ HTTP/2" 404 796 "-" "Mozilla/5.0 AppleWebKit/537.36 (KHTML, like Gecko; compatible; bingbot/2.0; +http://www.bing.com/bingbot.htm) Chrome/116.0.1938.76 Safari/537.36"
52.167.144.230 - - [13/Sep/2026:04:12:46 +0300] "GET /wp-content/uploads/2020/03/Ahmed-%C5%9Eemseddin-Marmaravi-Yi%C4%9Fitba%C5%9F-Veli-9-696x464.jpg HTTP/2" 200 26707 "-" "Mozilla/5.0 AppleWebKit/537.36 (KHTML, like Gecko; compatible; bingbot/2.0; +http://www.bing.com/bingbot.htm) Chrome/116.0.1938.76 Safari/537.36"
66.249.70.163 - - [13/Sep/2026:04:12:57 +0300] "GET /?p=58137 HTTP/1.1" 200 2053 "-" "Mozilla/5.0 (Linux; Android 6.0.1; Nexus 5X Build/MMB29P) AppleWebKit/537.36 (KHTML, like Gecko) Chrome/152.0.7977.82 Mobile Safari/537.36 (compatible; Googlebot/2.1; +http://www.google.com/bot.html)"
66.249.70.163 - - [13/Sep/2026:04:12:59 +0300] "GET /?p=40703 HTTP/1.1" 200 2053 "-" "Mozilla/5.0 (Linux; Android 6.0.1; Nexus 5X Build/MMB29P) AppleWebKit/537.36 (KHTML, like Gecko) Chrome/152.0.7977.82 Mobile Safari/537.36 (compatible; Googlebot/2.1; +http://www.google.com/bot.html)"
66.249.70.163 - - [13/Sep/2026:04:13:02 +0300] "GET /?p=25806 HTTP/1.1" 200 2053 "-" "Mozilla/5.0 (Linux; Android 6.0.1; Nexus 5X Build/MMB29P) AppleWebKit/537.36 (KHTML, like Gecko) Chrome/152.0.7977.82 Mobile Safari/537.36 (compatible; Googlebot/2.1; +http://www.google.com/bot.html)"
66.249.70.163 - - [13/Sep/2026:04:13:53 +0300] "GET /?p=61902 HTTP/1.1" 200 2053 "-" "Mozilla/5.0 (Linux; Android 6.0.1; Nexus 5X Build/MMB29P) AppleWebKit/537.36 (KHTML, like Gecko) Chrome/152.0.7977.82 Mobile Safari/537.36 (compatible; Googlebot/2.1; +http://www.google.com/bot.html)"
66.249.70.163 - - [13/Sep/2026:04:13:55 +0300] "GET /?p=36980 HTTP/1.1" 200 2053 "-" "Mozilla/5.0 (Linux; Android 6.0.1; Nexus 5X Build/MMB29P) AppleWebKit/537.36 (KHTML, like Gecko) Chrome/152.0.7977.82 Mobile Safari/537.36 (compatible; Googlebot/2.1; +http://www.google.com/bot.html)"
176.236.199.111 - - [13/Sep/2026:04:13:57 +0300] "GET /?p=2840 HTTP/1.1" 200 2407 "-" "Mozilla/5.0 (Windows NT 10.0; Win64; x64) AppleWebKit/537.36 (KHTML, like Gecko) Chrome/149.0.0.0 Safari/537.36 Edg/149.0.0.0"
66.249.70.164 - - [13/Sep/2026:04:14:02 +0300] "GET /?p=71853 HTTP/1.1" 200 2053 "-" "Mozilla/5.0 (Linux; Android 6.0.1; Nexus 5X Build/MMB29P) AppleWebKit/537.36 (KHTML, like Gecko) Chrome/152.0.7977.82 Mobile Safari/537.36 (compatible; Googlebot/2.1; +http://www.google.com/bot.html)"
66.249.70.164 - - [13/Sep/2026:04:14:05 +0300] "GET /?p=29805 HTTP/1.1" 200 2053 "-" "Mozilla/5.0 (Linux; Android 6.0.1; Nexus 5X Build/MMB29P) AppleWebKit/537.36 (KHTML, like Gecko) Chrome/152.0.7977.82 Mobile Safari/537.36 (compatible; Googlebot/2.1; +http://www.google.com/bot.html)"
54.90.8.255 - - [13/Sep/2026:04:14:24 +0300] "GET /location/hz-suayb-a-s/embed/ HTTP/1.1" 404 796 "-" "Mozilla/5.0 AppleWebKit/537.36 (KHTML, like Gecko; compatible; Amazonbot/0.1; +https://developer.amazon.com/support/amazonbot) Chrome/119.0.6045.214 Safari/537.36"
85.97.45.10 - - [13/Sep/2026:04:14:41 +0300] "GET /wp-content/uploads/2024/04/Gafur-Baba2.jpg HTTP/2" 200 58910 "https://www.google.com/" "Mozilla/5.0 (Linux; Android 15; Z2468N Build/AP3A.240905.015.A2; wv) AppleWebKit/537.36 (KHTML, like Gecko) Version/4.0 Chrome/152.0.7977.64 Mobile Safari/537.36 GoogleApp/17.56.15.ve.arm64"
66.249.70.163 - - [13/Sep/2026:04:14:43 +0300] "GET /?p=72651 HTTP/1.1" 200 2053 "-" "Mozilla/5.0 (Linux; Android 6.0.1; Nexus 5X Build/MMB29P) AppleWebKit/537.36 (KHTML, like Gecko) Chrome/152.0.7977.82 Mobile Safari/537.36 (compatible; Googlebot/2.1; +http://www.google.com/bot.html)"
85.97.45.10 - - [13/Sep/2026:04:14:43 +0300] "GET /wp-content/uploads/2014/10/Gaffar-Baba-scaled.jpg HTTP/2" 200 789744 "https://www.google.com/" "Mozilla/5.0 (Linux; Android 15; Z2468N Build/AP3A.240905.015.A2; wv) AppleWebKit/537.36 (KHTML, like Gecko) Version/4.0 Chrome/152.0.7977.64 Mobile Safari/537.36 GoogleApp/17.56.15.ve.arm64"
66.249.70.163 - - [13/Sep/2026:04:14:45 +0300] "GET /?p=23305 HTTP/1.1" 200 2053 "-" "Mozilla/5.0 (Linux; Android 6.0.1; Nexus 5X Build/MMB29P) AppleWebKit/537.36 (KHTML, like Gecko) Chrome/152.0.7977.82 Mobile Safari/537.36 (compatible; Googlebot/2.1; +http://www.google.com/bot.html)"
66.249.70.163 - - [13/Sep/2026:04:14:49 +0300] "GET /?p=48753 HTTP/1.1" 200 2053 "-" "Mozilla/5.0 (Linux; Android 6.0.1; Nexus 5X Build/MMB29P) AppleWebKit/537.36 (KHTML, like Gecko) Chrome/152.0.7977.82 Mobile Safari/537.36 (compatible; Googlebot/2.1; +http://www.google.com/bot.html)"
66.249.70.163 - - [13/Sep/2026:04:14:51 +0300] "GET /?p=38824 HTTP/1.1" 200 2053 "-" "Mozilla/5.0 (Linux; Android 6.0.1; Nexus 5X Build/MMB29P) AppleWebKit/537.36 (KHTML, like Gecko) Chrome/152.0.7977.82 Mobile Safari/537.36 (compatible; Googlebot/2.1; +http://www.google.com/bot.html)"
66.249.70.163 - - [13/Sep/2026:04:14:53 +0300] "GET /?p=65676 HTTP/1.1" 200 2024 "-" "Mozilla/5.0 (Linux; Android 6.0.1; Nexus 5X Build/MMB29P) AppleWebKit/537.36 (KHTML, like Gecko) Chrome/152.0.7977.82 Mobile Safari/537.36 (compatible; Googlebot/2.1; +http://www.google.com/bot.html)"
66.249.70.163 - - [13/Sep/2026:04:14:57 +0300] "GET /?p=725 HTTP/1.1" 200 2053 "-" "Mozilla/5.0 (Linux; Android 6.0.1; Nexus 5X Build/MMB29P) AppleWebKit/537.36 (KHTML, like Gecko) Chrome/152.0.7977.82 Mobile Safari/537.36 (compatible; Googlebot/2.1; +http://www.google.com/bot.html)"
66.249.70.165 - - [13/Sep/2026:04:15:00 +0300] "GET /?p=13836 HTTP/1.1" 200 2024 "-" "Mozilla/5.0 (Linux; Android 6.0.1; Nexus 5X Build/MMB29P) AppleWebKit/537.36 (KHTML, like Gecko) Chrome/152.0.7977.82 Mobile Safari/537.36 (compatible; Googlebot/2.1; +http://www.google.com/bot.html)"
66.249.70.165 - - [13/Sep/2026:04:15:02 +0300] "GET /?p=52062 HTTP/1.1" 200 2053 "-" "Mozilla/5.0 (Linux; Android 6.0.1; Nexus 5X Build/MMB29P) AppleWebKit/537.36 (KHTML, like Gecko) Chrome/152.0.7977.82 Mobile Safari/537.36 (compatible; Googlebot/2.1; +http://www.google.com/bot.html)"
66.249.70.163 - - [13/Sep/2026:04:15:11 +0300] "GET /?p=62842 HTTP/1.1" 200 2053 "-" "Mozilla/5.0 (Linux; Android 6.0.1; Nexus 5X Build/MMB29P) AppleWebKit/537.36 (KHTML, like Gecko) Chrome/152.0.7977.82 Mobile Safari/537.36 (compatible; Googlebot/2.1; +http://www.google.com/bot.html)"
66.249.70.163 - - [13/Sep/2026:04:15:16 +0300] "GET /?p=66406 HTTP/1.1" 200 2024 "-" "Mozilla/5.0 (Linux; Android 6.0.1; Nexus 5X Build/MMB29P) AppleWebKit/537.36 (KHTML, like Gecko) Chrome/152.0.7977.82 Mobile Safari/537.36 (compatible; Googlebot/2.1; +http://www.google.com/bot.html)"
66.249.70.163 - - [13/Sep/2026:04:15:19 +0300] "GET /?p=65530 HTTP/1.1" 200 2024 "-" "Mozilla/5.0 (Linux; Android 6.0.1; Nexus 5X Build/MMB29P) AppleWebKit/537.36 (KHTML, like Gecko) Chrome/152.0.7977.82 Mobile Safari/537.36 (compatible; Googlebot/2.1; +http://www.google.com/bot.html)"
66.249.70.163 - - [13/Sep/2026:04:15:28 +0300] "GET /?p=29478 HTTP/1.1" 200 2053 "-" "Mozilla/5.0 (Linux; Android 6.0.1; Nexus 5X Build/MMB29P) AppleWebKit/537.36 (KHTML, like Gecko) Chrome/152.0.7977.82 Mobile Safari/537.36 (compatible; Googlebot/2.1; +http://www.google.com/bot.html)"
66.249.70.163 - - [13/Sep/2026:04:15:30 +0300] "GET /cahidi-sultan/ HTTP/1.1" 404 796 "-" "Mozilla/5.0 (Linux; Android 6.0.1; Nexus 5X Build/MMB29P) AppleWebKit/537.36 (KHTML, like Gecko) Chrome/152.0.7977.82 Mobile Safari/537.36 (compatible; Googlebot/2.1; +http://www.google.com/bot.html)"
66.249.70.163 - - [13/Sep/2026:04:15:31 +0300] "GET /?p=12282 HTTP/1.1" 200 2053 "-" "Mozilla/5.0 (Linux; Android 6.0.1; Nexus 5X Build/MMB29P) AppleWebKit/537.36 (KHTML, like Gecko) Chrome/152.0.7977.82 Mobile Safari/537.36 (compatible; Googlebot/2.1; +http://www.google.com/bot.html)"
66.249.70.163 - - [13/Sep/2026:04:15:33 +0300] "GET /?p=53340 HTTP/1.1" 200 2053 "-" "Mozilla/5.0 (Linux; Android 6.0.1; Nexus 5X Build/MMB29P) AppleWebKit/537.36 (KHTML, like Gecko) Chrome/152.0.7977.82 Mobile Safari/537.36 (compatible; Googlebot/2.1; +http://www.google.com/bot.html)"
66.249.70.163 - - [13/Sep/2026:04:15:36 +0300] "GET /?p=1119 HTTP/1.1" 200 2053 "-" "Mozilla/5.0 (Linux; Android 6.0.1; Nexus 5X Build/MMB29P) AppleWebKit/537.36 (KHTML, like Gecko) Chrome/152.0.7977.82 Mobile Safari/537.36 (compatible; Googlebot/2.1; +http://www.google.com/bot.html)"
66.249.70.165 - - [13/Sep/2026:04:15:39 +0300] "GET /?p=16359 HTTP/1.1" 200 2024 "-" "Mozilla/5.0 (Linux; Android 6.0.1; Nexus 5X Build/MMB29P) AppleWebKit/537.36 (KHTML, like Gecko) Chrome/152.0.7977.82 Mobile Safari/537.36 (compatible; Googlebot/2.1; +http://www.google.com/bot.html)"
66.249.70.165 - - [13/Sep/2026:04:15:42 +0300] "GET /?p=11721 HTTP/1.1" 200 2053 "-" "Mozilla/5.0 (Linux; Android 6.0.1; Nexus 5X Build/MMB29P) AppleWebKit/537.36 (KHTML, like Gecko) Chrome/152.0.7977.82 Mobile Safari/537.36 (compatible; Googlebot/2.1; +http://www.google.com/bot.html)"
66.249.70.165 - - [13/Sep/2026:04:15:45 +0300] "GET /?p=74187 HTTP/1.1" 200 2053 "-" "Mozilla/5.0 (Linux; Android 6.0.1; Nexus 5X Build/MMB29P) AppleWebKit/537.36 (KHTML, like Gecko) Chrome/152.0.7977.82 Mobile Safari/537.36 (compatible; Googlebot/2.1; +http://www.google.com/bot.html)"
66.249.70.165 - - [13/Sep/2026:04:15:47 +0300] "GET /?p=26094 HTTP/1.1" 200 2024 "-" "Mozilla/5.0 (Linux; Android 6.0.1; Nexus 5X Build/MMB29P) AppleWebKit/537.36 (KHTML, like Gecko) Chrome/152.0.7977.82 Mobile Safari/537.36 (compatible; Googlebot/2.1; +http://www.google.com/bot.html)"
66.249.70.164 - - [13/Sep/2026:04:15:50 +0300] "GET /?p=50061 HTTP/1.1" 200 2053 "-" "Mozilla/5.0 (Linux; Android 6.0.1; Nexus 5X Build/MMB29P) AppleWebKit/537.36 (KHTML, like Gecko) Chrome/152.0.7977.82 Mobile Safari/537.36 (compatible; Googlebot/2.1; +http://www.google.com/bot.html)"
66.249.70.164 - - [13/Sep/2026:04:15:52 +0300] "GET /?p=63082 HTTP/1.1" 200 2053 "-" "Mozilla/5.0 (Linux; Android 6.0.1; Nexus 5X Build/MMB29P) AppleWebKit/537.36 (KHTML, like Gecko) Chrome/152.0.7977.82 Mobile Safari/537.36 (compatible; Googlebot/2.1; +http://www.google.com/bot.html)"
66.249.70.165 - - [13/Sep/2026:04:15:55 +0300] "GET /?p=28783 HTTP/1.1" 200 2053 "-" "Mozilla/5.0 (Linux; Android 6.0.1; Nexus 5X Build/MMB29P) AppleWebKit/537.36 (KHTML, like Gecko) Chrome/152.0.7977.82 Mobile Safari/537.36 (compatible; Googlebot/2.1; +http://www.google.com/bot.html)"
66.249.70.165 - - [13/Sep/2026:04:15:57 +0300] "GET /?p=51816 HTTP/1.1" 200 2053 "-" "Mozilla/5.0 (Linux; Android 6.0.1; Nexus 5X Build/MMB29P) AppleWebKit/537.36 (KHTML, like Gecko) Chrome/152.0.7977.82 Mobile Safari/537.36 (compatible; Googlebot/2.1; +http://www.google.com/bot.html)"
66.249.70.165 - - [13/Sep/2026:04:15:59 +0300] "GET /_autoindex/assets/icons/file.svg HTTP/1.1" 200 354 "https://www.evliyalar.net/?p=28783" "Mozilla/5.0 (Linux; Android 6.0.1; Nexus 5X Build/MMB29P) AppleWebKit/537.36 (KHTML, like Gecko) Chrome/152.0.7977.82 Mobile Safari/537.36 (compatible; Googlebot/2.1; +http://www.google.com/bot.html)"
66.249.70.163 - - [13/Sep/2026:04:14:38 +0300] "GET /?p=74011 HTTP/1.1" 200 2053 "-" "Mozilla/5.0 (Linux; Android 6.0.1; Nexus 5X Build/MMB29P) AppleWebKit/537.36 (KHTML, like Gecko) Chrome/152.0.7977.82 Mobile Safari/537.36 (compatible; Googlebot/2.1; +http://www.google.com/bot.html)"
114.119.157.237 - - [13/Sep/2026:04:14:47 +0300] "GET /etiket/yunus HTTP/1.1" 404 796 "https://www.evliyalar.net/etiket/yunus" "Mozilla/5.0 (Linux; Android 7.0;) AppleWebKit/537.36 (HTML, like Gecko) Mobile Safari/537.36 (compatible; PetalBot;+https://webmaster.petalsearch.com/site/petalbot)"
66.249.70.164 - - [13/Sep/2026:04:15:05 +0300] "GET /?p=77380 HTTP/1.1" 200 2053 "-" "Mozilla/5.0 (Linux; Android 6.0.1; Nexus 5X Build/MMB29P) AppleWebKit/537.36 (KHTML, like Gecko) Chrome/152.0.7977.82 Mobile Safari/537.36 (compatible; Googlebot/2.1; +http://www.google.com/bot.html)"
66.249.70.164 - - [13/Sep/2026:04:15:07 +0300] "GET /?p=72885 HTTP/1.1" 200 2053 "-" "Mozilla/5.0 (Linux; Android 6.0.1; Nexus 5X Build/MMB29P) AppleWebKit/537.36 (KHTML, like Gecko) Chrome/152.0.7977.82 Mobile Safari/537.36 (compatible; Googlebot/2.1; +http://www.google.com/bot.html)"
66.249.70.163 - - [13/Sep/2026:04:15:24 +0300] "GET /?p=62757 HTTP/1.1" 200 2053 "-" "Mozilla/5.0 (Linux; Android 6.0.1; Nexus 5X Build/MMB29P) AppleWebKit/537.36 (KHTML, like Gecko) Chrome/152.0.7977.82 Mobile Safari/537.36 (compatible; Googlebot/2.1; +http://www.google.com/bot.html)"
66.249.70.163 - - [13/Sep/2026:04:15:27 +0300] "GET /?p=74150 HTTP/1.1" 200 2053 "-" "Mozilla/5.0 (Linux; Android 6.0.1; Nexus 5X Build/MMB29P) AppleWebKit/537.36 (KHTML, like Gecko) Chrome/152.0.7977.82 Mobile Safari/537.36 (compatible; Googlebot/2.1; +http://www.google.com/bot.html)"
66.249.70.163 - - [13/Sep/2026:04:15:49 +0300] "GET /?p=13110 HTTP/1.1" 200 2053 "-" "Mozilla/5.0 (Linux; Android 6.0.1; Nexus 5X Build/MMB29P) AppleWebKit/537.36 (KHTML, like Gecko) Chrome/152.0.7977.82 Mobile Safari/537.36 (compatible; Googlebot/2.1; +http://www.google.com/bot.html)"
23.22.59.87 - - [13/Sep/2026:04:16:00 +0300] "GET /wp-content/uploads/2015/10/DSC01558.jpg HTTP/1.1" 200 1214507 "-" "Mozilla/5.0 AppleWebKit/537.36 (KHTML, like Gecko; compatible; Amazonbot/0.1; +https://developer.amazon.com/support/amazonbot) Chrome/119.0.6045.214 Safari/537.36"
114.119.157.237 - - [13/Sep/2026:04:16:10 +0300] "GET /location/nadir-baba HTTP/1.1" 404 796 "https://www.evliyalar.net/location/nadir-baba" "Mozilla/5.0 (Linux; Android 7.0;) AppleWebKit/537.36 (HTML, like Gecko) Mobile Safari/537.36 (compatible; PetalBot;+https://webmaster.petalsearch.com/site/petalbot)"
66.249.70.163 - - [13/Sep/2026:04:16:21 +0300] "GET /?p=47990 HTTP/1.1" 200 2053 "-" "Mozilla/5.0 (Linux; Android 6.0.1; Nexus 5X Build/MMB29P) AppleWebKit/537.36 (KHTML, like Gecko) Chrome/152.0.7977.82 Mobile Safari/537.36 (compatible; Googlebot/2.1; +http://www.google.com/bot.html)"
66.249.70.163 - - [13/Sep/2026:04:16:23 +0300] "GET /?p=51322 HTTP/1.1" 200 2053 "-" "Mozilla/5.0 (Linux; Android 6.0.1; Nexus 5X Build/MMB29P) AppleWebKit/537.36 (KHTML, like Gecko) Chrome/152.0.7977.82 Mobile Safari/537.36 (compatible; Googlebot/2.1; +http://www.google.com/bot.html)"
66.249.70.163 - - [13/Sep/2026:04:16:25 +0300] "GET /?p=68703 HTTP/1.1" 200 2024 "-" "Mozilla/5.0 (Linux; Android 6.0.1; Nexus 5X Build/MMB29P) AppleWebKit/537.36 (KHTML, like Gecko) Chrome/152.0.7977.82 Mobile Safari/537.36 (compatible; Googlebot/2.1; +http://www.google.com/bot.html)"
66.249.70.163 - - [13/Sep/2026:04:16:27 +0300] "GET /?p=49622 HTTP/1.1" 200 2053 "-" "Mozilla/5.0 (Linux; Android 6.0.1; Nexus 5X Build/MMB29P) AppleWebKit/537.36 (KHTML, like Gecko) Chrome/152.0.7977.82 Mobile Safari/537.36 (compatible; Googlebot/2.1; +http://www.google.com/bot.html)"
84.37.178.49 - - [13/Sep/2026:04:16:27 +0300] "GET /wp-content/uploads/2015/09/Ekran-Resmi-2015-09-07-22.38.18-150x150.png HTTP/1.1" 200 18010 "-" "Mozilla/5.0 (compatible; crawler)"
66.249.70.163 - - [13/Sep/2026:04:16:29 +0300] "GET /?p=44093 HTTP/1.1" 200 2053 "-" "Mozilla/5.0 (Linux; Android 6.0.1; Nexus 5X Build/MMB29P) AppleWebKit/537.36 (KHTML, like Gecko) Chrome/152.0.7977.82 Mobile Safari/537.36 (compatible; Googlebot/2.1; +http://www.google.com/bot.html)"
66.249.70.163 - - [13/Sep/2026:04:16:30 +0300] "GET /?p=30035 HTTP/1.1" 200 2053 "-" "Mozilla/5.0 (Linux; Android 6.0.1; Nexus 5X Build/MMB29P) AppleWebKit/537.36 (KHTML, like Gecko) Chrome/152.0.7977.82 Mobile Safari/537.36 (compatible; Googlebot/2.1; +http://www.google.com/bot.html)"
52.167.144.169 - - [13/Sep/2026:04:16:30 +0300] "GET /?s=%E6%B8%B8%E6%88%8F%E5%88%B6%E4%BD%9C%E7%BD%91%E6%81%8B%E5%AF%B9%E8%B1%A1%E7%AB%9F%E6%98%AF%E5%BD%93%E7%BA%A2%E5%BD%B1%E5%90%8Etxt%E4%B8%8B%E8%BD%BD HTTP/2" 200 2053 "-" "Mozilla/5.0 AppleWebKit/537.36 (KHTML, like Gecko; compatible; bingbot/2.0; +http://www.bing.com/bingbot.htm) Chrome/116.0.1938.76 Safari/537.36"
66.249.70.163 - - [13/Sep/2026:04:16:32 +0300] "GET /?p=22540 HTTP/1.1" 200 2053 "-" "Mozilla/5.0 (Linux; Android 6.0.1; Nexus 5X Build/MMB29P) AppleWebKit/537.36 (KHTML, like Gecko) Chrome/152.0.7977.82 Mobile Safari/537.36 (compatible; Googlebot/2.1; +http://www.google.com/bot.html)"
66.249.70.163 - - [13/Sep/2026:04:16:35 +0300] "GET /?p=70636 HTTP/1.1" 200 2024 "-" "Mozilla/5.0 (Linux; Android 6.0.1; Nexus 5X Build/MMB29P) AppleWebKit/537.36 (KHTML, like Gecko) Chrome/152.0.7977.82 Mobile Safari/537.36 (compatible; Googlebot/2.1; +http://www.google.com/bot.html)"
66.249.70.163 - - [13/Sep/2026:04:16:37 +0300] "GET /?p=15853 HTTP/1.1" 200 2024 "-" "Mozilla/5.0 (Linux; Android 6.0.1; Nexus 5X Build/MMB29P) AppleWebKit/537.36 (KHTML, like Gecko) Chrome/152.0.7977.82 Mobile Safari/537.36 (compatible; Googlebot/2.1; +http://www.google.com/bot.html)"
66.249.70.163 - - [13/Sep/2026:04:16:40 +0300] "GET /?p=61041 HTTP/1.1" 200 2053 "-" "Mozilla/5.0 (Linux; Android 6.0.1; Nexus 5X Build/MMB29P) AppleWebKit/537.36 (KHTML, like Gecko) Chrome/152.0.7977.82 Mobile Safari/537.36 (compatible; Googlebot/2.1; +http://www.google.com/bot.html)"
66.249.70.163 - - [13/Sep/2026:04:16:42 +0300] "GET /?p=47397 HTTP/1.1" 200 2053 "-" "Mozilla/5.0 (Linux; Android 6.0.1; Nexus 5X Build/MMB29P) AppleWebKit/537.36 (KHTML, like Gecko) Chrome/152.0.7977.82 Mobile Safari/537.36 (compatible; Googlebot/2.1; +http://www.google.com/bot.html)"
66.249.70.163 - - [13/Sep/2026:04:16:43 +0300] "GET /?p=35185 HTTP/1.1" 200 2024 "-" "Mozilla/5.0 (Linux; Android 6.0.1; Nexus 5X Build/MMB29P) AppleWebKit/537.36 (KHTML, like Gecko) Chrome/152.0.7977.82 Mobile Safari/537.36 (compatible; Googlebot/2.1; +http://www.google.com/bot.html)"
66.249.70.163 - - [13/Sep/2026:04:16:46 +0300] "GET /?p=19397 HTTP/1.1" 200 2053 "-" "Mozilla/5.0 (Linux; Android 6.0.1; Nexus 5X Build/MMB29P) AppleWebKit/537.36 (KHTML, like Gecko) Chrome/152.0.7977.82 Mobile Safari/537.36 (compatible; Googlebot/2.1; +http://www.google.com/bot.html)"
52.167.144.163 - - [13/Sep/2026:04:16:46 +0300] "GET /wp-content/uploads/2023/05/Gazi-Turhan-Bey4_1-1536x937.jpg HTTP/2" 200 218416 "-" "Mozilla/5.0 AppleWebKit/537.36 (KHTML, like Gecko; compatible; bingbot/2.0; +http://www.bing.com/bingbot.htm) Chrome/116.0.1938.76 Safari/537.36"
66.249.70.163 - - [13/Sep/2026:04:16:49 +0300] "GET /?p=61875 HTTP/1.1" 200 2053 "-" "Mozilla/5.0 (Linux; Android 6.0.1; Nexus 5X Build/MMB29P) AppleWebKit/537.36 (KHTML, like Gecko) Chrome/152.0.7977.82 Mobile Safari/537.36 (compatible; Googlebot/2.1; +http://www.google.com/bot.html)"
17.166.25.53 - - [13/Sep/2026:04:16:49 +0300] "GET /wp-content/uploads/2015/10/DSC01686-150x150.jpg HTTP/2" 200 6656 "-" "Mozilla/5.0 (Macintosh; Intel Mac OS X 10_15_7) AppleWebKit/605.1.15 (KHTML, like Gecko) Version/17.4 Safari/605.1.15 (Applebot/0.1; +http://www.apple.com/go/applebot)"
