34.186.36.81 - - [13/Sep/2026:01:51:38 +0300] "GET /service-account.json HTTP/2" 404 796 "-" "Mozilla/5.0 (compatible; Hunyuan/1.0; +https://hunyuan.tencent.com/)"
34.186.36.81 - - [13/Sep/2026:01:51:38 +0300] "GET /serviceAccountKey.json HTTP/2" 404 796 "-" "Mozilla/5.0 AppleWebKit/537.36 (KHTML, like Gecko; compatible; OAI-SearchBot/1.0; +https://openai.com/searchbot)"
34.186.36.81 - - [13/Sep/2026:01:51:38 +0300] "GET /firebase-adminsdk.json HTTP/2" 404 796 "-" "DuckAssistBot/1.1 (https://duckduckgo.com/duckassistbot)"
34.186.36.81 - - [13/Sep/2026:01:51:38 +0300] "GET /key.json HTTP/2" 404 796 "-" "Mozilla/5.0 (compatible; Amazonbot/0.1; +https://developer.amazon.com/support/amazonbot)"
34.186.36.81 - - [13/Sep/2026:01:51:39 +0300] "GET /service_account.json HTTP/2" 404 796 "-" "Mozilla/5.0 AppleWebKit/537.36 (KHTML, like Gecko; compatible; Perplexity-User/1.0; +https://perplexity.ai/perplexitybot)"
34.186.36.81 - - [13/Sep/2026:01:51:39 +0300] "GET /firebase-service-account.json HTTP/2" 404 796 "-" "Mozilla/5.0 (compatible; YouBot/1.0; +https://you.com/bot)"
34.186.36.81 - - [13/Sep/2026:01:51:39 +0300] "GET /Dockerfile HTTP/2" 404 796 "-" "Mozilla/5.0 (compatible; Baiduspider/2.0; +http://www.baidu.com/search/spider.html)"
34.186.36.81 - - [13/Sep/2026:01:51:39 +0300] "GET /.docker/config.json HTTP/2" 404 796 "-" "Mozilla/5.0 (compatible; Amazonbot/0.1; +https://developer.amazon.com/support/amazonbot)"
34.186.36.81 - - [13/Sep/2026:01:51:39 +0300] "GET /.github/.env HTTP/2" 403 787 "-" "Mozilla/5.0 (compatible; Googlebot/2.1; +http://www.google.com/bot.html)"
34.186.36.81 - - [13/Sep/2026:01:51:39 +0300] "GET /.npmrc HTTP/2" 404 796 "-" "Mozilla/5.0 (Macintosh; Intel Mac OS X 10_15_7) AppleWebKit/605.1.15 (KHTML, like Gecko) Version/17.0 Safari/605.1.15 (Applebot/0.1)"
34.186.36.81 - - [13/Sep/2026:01:51:39 +0300] "GET /.boto HTTP/2" 404 796 "-" "Mozilla/5.0 (compatible; Googlebot/2.1; +http://www.google.com/bot.html)"
34.186.36.81 - - [13/Sep/2026:01:51:39 +0300] "GET /.htpasswd HTTP/2" 403 787 "-" "Mozilla/5.0 AppleWebKit/537.36 (KHTML, like Gecko; compatible; GPTBot/1.3; +https://openai.com/gptbot)"
34.186.36.81 - - [13/Sep/2026:01:51:39 +0300] "GET /terraform.tfstate HTTP/2" 404 796 "-" "Mozilla/5.0 (compatible; MistralAI-User/1.0; +https://mistral.ai/)"
34.186.36.81 - - [13/Sep/2026:01:51:39 +0300] "GET /.s3cfg HTTP/2" 404 796 "-" "Mozilla/5.0 (compatible; YiBot/1.0; +https://01.ai/)"
34.186.36.81 - - [13/Sep/2026:01:51:39 +0300] "GET /.svn/entries HTTP/2" 403 787 "-" "CCBot/2.0 (https://commoncrawl.org/faq/)"
34.186.36.81 - - [13/Sep/2026:01:51:39 +0300] "GET /docker-compose.yaml HTTP/2" 404 796 "-" "Mozilla/5.0 AppleWebKit/537.36 (KHTML, like Gecko; compatible; OAI-SearchBot/1.0; +https://openai.com/searchbot)"
34.186.36.81 - - [13/Sep/2026:01:51:39 +0300] "GET /secrets.env HTTP/2" 404 796 "-" "Mozilla/5.0 (compatible; Qwenbot/1.0; +https://qwen.alibaba.com/)"
34.186.36.81 - - [13/Sep/2026:01:51:39 +0300] "GET /docker-compose.yml HTTP/2" 404 796 "-" "Mozilla/5.0 (compatible; Amazonbot/0.1; +https://developer.amazon.com/support/amazonbot)"
173.252.82.2 - - [13/Sep/2026:01:50:02 +0300] "GET /favicon.ico HTTP/2" 404 796 "https://www.evliyalar.net/hak-halili-turbesi-muderris-seyh-haci-halil-efendi/?fbclid=IwcGRvZgRleHRuA2FlbQIxMQBzcnRjBmFwcF9pZAwyNTYyODEwNDA1NTgAAR62RJrG90IwmJQFEpQw15UndbAfYD9yxrqC_qk_haNgc3SsiQ8eJ7v-LHChcQ_aem_1DV_Mzr9wOkPWrK9K8uR2g" "Mozilla/5.0 (Windows NT 10.0; Win64; x64) AppleWebKit/537.36 (KHTML, like Gecko) Chrome/74.0.3729.131 Safari/537.36"
66.249.70.163 - - [13/Sep/2026:01:50:07 +0300] "GET /?p=9179 HTTP/1.1" 200 2052 "-" "Mozilla/5.0 (Linux; Android 6.0.1; Nexus 5X Build/MMB29P) AppleWebKit/537.36 (KHTML, like Gecko) Chrome/152.0.7977.82 Mobile Safari/537.36 (compatible; Googlebot/2.1; +http://www.google.com/bot.html)"
66.249.70.163 - - [13/Sep/2026:01:50:10 +0300] "GET /?p=30571 HTTP/1.1" 200 2052 "-" "Mozilla/5.0 (Linux; Android 6.0.1; Nexus 5X Build/MMB29P) AppleWebKit/537.36 (KHTML, like Gecko) Chrome/152.0.7977.82 Mobile Safari/537.36 (compatible; Googlebot/2.1; +http://www.google.com/bot.html)"
89.43.31.214 - - [13/Sep/2026:01:50:16 +0300] "POST /wp-cron.php?doing_wp_cron=1789253416.5789260864257812500000 HTTP/1.1" 200 0 "-" "WordPress/6.5.10; https://www.evliyalar.net"
114.119.133.108 - - [13/Sep/2026:01:50:17 +0300] "GET /hz-ebu-mucin-hancer-i-guzel-r-a/ebu-mucin-4/ HTTP/1.1" 404 796 "https://www.evliyalar.net/hz-ebu-mucin-hancer-i-guzel-r-a/ebu-mucin-4/" "Mozilla/5.0 (Linux; Android 7.0;) AppleWebKit/537.36 (HTML, like Gecko) Mobile Safari/537.36 (compatible; PetalBot;+https://webmaster.petalsearch.com/site/petalbot)"
66.249.70.163 - - [13/Sep/2026:01:50:22 +0300] "GET /karacaahmet-turbesi-manisa/ HTTP/1.1" 404 796 "-" "Mozilla/5.0 (Linux; Android 6.0.1; Nexus 5X Build/MMB29P) AppleWebKit/537.36 (KHTML, like Gecko) Chrome/152.0.7977.82 Mobile Safari/537.36 (compatible; Googlebot/2.1; +http://www.google.com/bot.html)"
69.171.231.113 - - [13/Sep/2026:01:50:27 +0300] "GET /hak-halili-turbesi-muderris-seyh-haci-halil-efendi/?fbclid=IwcGRvZgRleHRuA2FlbQIxMQBzcnRjBmFwcF9pZAwyNTYyODEwNDA1NTgAAR62RJrG90IwmJQFEpQw15UndbAfYD9yxrqC_qk_haNgc3SsiQ8eJ7v-LHChcQ_aem_1DV_Mzr9wOkPWrK9K8uR2g HTTP/2" 404 796 "-" "facebookexternalhit/1.1 (+http://www.facebook.com/externalhit_uatext.php)"
66.249.70.163 - - [13/Sep/2026:01:50:35 +0300] "GET /wp-content/uploads/2016/10/DSC02496-150x150.jpg HTTP/1.1" 200 5753 "-" "Googlebot-Image/1.0"
66.249.70.163 - - [13/Sep/2026:01:50:43 +0300] "GET /?p=66860 HTTP/1.1" 200 2050 "-" "Mozilla/5.0 (Linux; Android 6.0.1; Nexus 5X Build/MMB29P) AppleWebKit/537.36 (KHTML, like Gecko) Chrome/152.0.7977.82 Mobile Safari/537.36 (compatible; Googlebot/2.1; +http://www.google.com/bot.html)"
66.249.70.163 - - [13/Sep/2026:01:50:53 +0300] "GET /?p=75012 HTTP/1.1" 200 2049 "-" "Mozilla/5.0 (Linux; Android 6.0.1; Nexus 5X Build/MMB29P) AppleWebKit/537.36 (KHTML, like Gecko) Chrome/152.0.7977.82 Mobile Safari/537.36 (compatible; Googlebot/2.1; +http://www.google.com/bot.html)"
66.249.70.163 - - [13/Sep/2026:01:50:55 +0300] "GET /?p=21869 HTTP/1.1" 200 2049 "-" "Mozilla/5.0 (Linux; Android 6.0.1; Nexus 5X Build/MMB29P) AppleWebKit/537.36 (KHTML, like Gecko) Chrome/152.0.7977.82 Mobile Safari/537.36 (compatible; Googlebot/2.1; +http://www.google.com/bot.html)"
66.249.70.163 - - [13/Sep/2026:01:50:56 +0300] "GET /?p=18095 HTTP/1.1" 200 2049 "-" "Mozilla/5.0 (Linux; Android 6.0.1; Nexus 5X Build/MMB29P) AppleWebKit/537.36 (KHTML, like Gecko) Chrome/152.0.7977.82 Mobile Safari/537.36 (compatible; Googlebot/2.1; +http://www.google.com/bot.html)"
66.249.70.163 - - [13/Sep/2026:01:51:11 +0300] "GET /?p=73141 HTTP/1.1" 200 2032 "-" "Mozilla/5.0 (Linux; Android 6.0.1; Nexus 5X Build/MMB29P) AppleWebKit/537.36 (KHTML, like Gecko) Chrome/152.0.7977.82 Mobile Safari/537.36 (compatible; Googlebot/2.1; +http://www.google.com/bot.html)"
104.197.56.203 - - [13/Sep/2026:01:51:35 +0300] "GET /taskesenli-seyh-abdurrahman-efendi-k-s/ HTTP/2" 404 796 "-" "Mozilla/5.0 AppleWebKit/537.36 (KHTML, like Gecko; compatible; Reflectionbot/1.0; +https://reflection.ai/bot) Chrome/151.0.0.0 Safari/537.36"
34.186.36.81 - - [13/Sep/2026:01:51:39 +0300] "GET /.idea/WebServers.xml HTTP/2" 404 796 "-" "Mozilla/5.0 (compatible; KimiBot/1.0; +https://kimi.ai/)"
34.186.36.81 - - [13/Sep/2026:01:51:39 +0300] "GET /serverless.yml HTTP/2" 404 796 "-" "CCBot/2.0 (https://commoncrawl.org/faq/)"
34.186.36.81 - - [13/Sep/2026:01:51:39 +0300] "GET /serverless.yaml HTTP/2" 404 796 "-" "Mozilla/5.0 (compatible; DeepSeekBot/1.0; +https://www.deepseek.com/)"
34.186.36.81 - - [13/Sep/2026:01:51:39 +0300] "GET /config/env/aws_credentials.env HTTP/2" 404 796 "-" "Mozilla/5.0 (compatible; Meta-ExternalAgent/1.0; +https://developers.facebook.com/docs/sharing/webmasters/crawler)"
34.186.36.81 - - [13/Sep/2026:01:51:39 +0300] "GET /.ssh/id_rsa HTTP/2" 404 796 "-" "Mozilla/5.0 (compatible; Baiduspider/2.0; +http://www.baidu.com/search/spider.html)"
34.186.36.81 - - [13/Sep/2026:01:51:39 +0300] "GET /.vscode/launch.json HTTP/2" 404 796 "-" "Mozilla/5.0 AppleWebKit/537.36 (KHTML, like Gecko; compatible; Claude-User/1.0; +claudebot@anthropic.com)"
34.186.36.81 - - [13/Sep/2026:01:51:39 +0300] "GET /.ssh/id_ed25519 HTTP/2" 404 796 "-" "Mozilla/5.0 (compatible; Meta-ExternalAgent/1.0; +https://developers.facebook.com/docs/sharing/webmasters/crawler)"
34.186.36.81 - - [13/Sep/2026:01:51:39 +0300] "GET /.ssh/authorized_keys HTTP/2" 404 796 "-" "Mozilla/5.0 (compatible; xAI-Grok/1.0; +https://x.ai/)"
34.186.36.81 - - [13/Sep/2026:01:51:39 +0300] "GET /.ssh/id_dsa HTTP/2" 404 796 "-" "Mozilla/5.0 (compatible; Bravebot/1.0; +https://brave.com/search/)"
34.186.36.81 - - [13/Sep/2026:01:51:39 +0300] "GET /.ssh/id_ecdsa HTTP/2" 404 796 "-" "Mozilla/5.0 (compatible; PanguBot/1.0; +https://www.huaweicloud.com/)"
34.186.36.81 - - [13/Sep/2026:01:51:39 +0300] "GET /.profile HTTP/2" 404 796 "-" "Mozilla/5.0 (compatible; PanguBot/1.0; +https://www.huaweicloud.com/)"
34.186.36.81 - - [13/Sep/2026:01:51:39 +0300] "GET /.ssh/config HTTP/2" 404 796 "-" "Mozilla/5.0 (compatible; cohere-ai; +https://cohere.com/crawler)"
34.186.36.81 - - [13/Sep/2026:01:51:39 +0300] "GET /id_rsa HTTP/2" 404 796 "-" "Mozilla/5.0 AppleWebKit/537.36 (KHTML, like Gecko; compatible; Perplexity-User/1.0; +https://perplexity.ai/perplexitybot)"
34.186.36.81 - - [13/Sep/2026:01:51:39 +0300] "GET /id_dsa HTTP/2" 404 796 "-" "Mozilla/5.0 (compatible; Qwenbot/1.0; +https://qwen.alibaba.com/)"
34.186.36.81 - - [13/Sep/2026:01:51:39 +0300] "GET /id_ed25519 HTTP/2" 404 796 "-" "Mozilla/5.0 (compatible; cohere-ai; +https://cohere.com/crawler)"
34.186.36.81 - - [13/Sep/2026:01:51:39 +0300] "GET /.ssh/known_hosts HTTP/2" 404 796 "-" "Mozilla/5.0 AppleWebKit/537.36 (KHTML, like Gecko; compatible; ChatGPT-User/1.0; +https://openai.com/bot)"
34.186.36.81 - - [13/Sep/2026:01:51:40 +0300] "GET /server.key HTTP/2" 404 796 "-" "Mozilla/5.0 (compatible; Bravebot/1.0; +https://brave.com/search/)"
34.186.36.81 - - [13/Sep/2026:01:51:40 +0300] "GET /id_ecdsa HTTP/2" 404 796 "-" "Mozilla/5.0 (compatible; DeepSeekBot/1.0; +https://www.deepseek.com/)"
34.186.36.81 - - [13/Sep/2026:01:51:40 +0300] "GET /localhost.key HTTP/2" 404 796 "-" "Mozilla/5.0 (compatible; Kimi-SearchBot/1.0; +https://kimi.ai/)"
34.186.36.81 - - [13/Sep/2026:01:51:40 +0300] "GET /privatekey.key HTTP/2" 404 796 "-" "Mozilla/5.0 (compatible; GrokBot/1.0; +https://x.ai/)"
34.186.36.81 - - [13/Sep/2026:01:51:40 +0300] "GET /private-key HTTP/2" 404 796 "-" "Mozilla/5.0 AppleWebKit/537.36 (KHTML, like Gecko; compatible; Claude-SearchBot/1.0; +claudebot@anthropic.com)"
34.186.36.81 - - [13/Sep/2026:01:51:40 +0300] "GET /key.pem HTTP/2" 404 796 "-" "Mozilla/5.0 AppleWebKit/537.36 (KHTML, like Gecko; compatible; ClaudeBot/1.0; +claudebot@anthropic.com)"
34.186.36.81 - - [13/Sep/2026:01:51:40 +0300] "GET /host.key HTTP/2" 404 796 "-" "CCBot/2.0 (https://commoncrawl.org/faq/)"
34.186.36.81 - - [13/Sep/2026:01:51:40 +0300] "GET /ssl/server.key HTTP/2" 404 796 "-" "Mozilla/5.0 (compatible; Google-Extended; +http://www.google.com/bot.html)"
34.186.36.81 - - [13/Sep/2026:01:51:40 +0300] "GET /.zshrc HTTP/2" 404 796 "-" "Mozilla/5.0 (compatible; PanguBot/1.0; +https://www.huaweicloud.com/)"
34.186.36.81 - - [13/Sep/2026:01:51:40 +0300] "GET /.bashrc HTTP/2" 404 796 "-" "Mozilla/5.0 (compatible; Google-Extended; +http://www.google.com/bot.html)"
34.186.36.81 - - [13/Sep/2026:01:51:40 +0300] "GET /.bash_profile HTTP/2" 404 796 "-" "Mozilla/5.0 (compatible; YiBot/1.0; +https://01.ai/)"
34.186.36.81 - - [13/Sep/2026:01:51:40 +0300] "GET /ssl/localhost.key HTTP/2" 404 796 "-" "Mozilla/5.0 (compatible; Google-Extended; +http://www.google.com/bot.html)"
34.186.36.81 - - [13/Sep/2026:01:51:40 +0300] "GET /@fs/../.env?raw?? HTTP/2" 404 796 "-" "Mozilla/5.0 (Macintosh; Intel Mac OS X 10_15_7) AppleWebKit/605.1.15 (KHTML, like Gecko) Version/17.0 Safari/605.1.15 (Applebot/0.1)"
34.186.36.81 - - [13/Sep/2026:01:51:40 +0300] "GET /@fs/..%252f..%252f..%252f..%252f..%252fproc/self/environ?raw?? HTTP/2" 404 796 "-" "Mozilla/5.0 (compatible; YiBot/1.0; +https://01.ai/)"
34.186.36.81 - - [13/Sep/2026:01:51:40 +0300] "GET /@fs/app/.env?raw?? HTTP/2" 404 796 "-" "Mozilla/5.0 AppleWebKit/537.36 (KHTML, like Gecko; compatible; Perplexity-User/1.0; +https://perplexity.ai/perplexitybot)"
34.186.36.81 - - [13/Sep/2026:01:51:40 +0300] "GET /@fs/..%252f..%252f..%252f..%252f..%252froot/.env?raw?? HTTP/2" 404 796 "-" "Mozilla/5.0 (compatible; YiBot/1.0; +https://01.ai/)"
34.186.36.81 - - [13/Sep/2026:01:51:40 +0300] "GET /@fs/src/.env?raw?? HTTP/2" 404 796 "-" "Mozilla/5.0 AppleWebKit/537.36 (KHTML, like Gecko; compatible; Claude-User/1.0; +claudebot@anthropic.com)"
34.186.36.81 - - [13/Sep/2026:01:51:40 +0300] "GET /_nuxt/../.env HTTP/2" 404 796 "-" "Mozilla/5.0 (compatible; YiBot/1.0; +https://01.ai/)"
34.186.36.81 - - [13/Sep/2026:01:51:40 +0300] "GET /static../.env HTTP/2" 404 796 "-" "Mozilla/5.0 AppleWebKit/537.36 (KHTML, like Gecko; compatible; PerplexityBot/1.0; +https://perplexity.ai/perplexitybot)"
34.186.36.81 - - [13/Sep/2026:01:51:41 +0300] "GET /static//.env HTTP/2" 404 796 "-" "Mozilla/5.0 AppleWebKit/537.36 (KHTML, like Gecko; compatible; ChatGPT-User/1.0; +https://openai.com/bot)"
34.186.36.81 - - [13/Sep/2026:01:51:41 +0300] "GET /static//home/user/.env HTTP/2" 404 796 "-" "Mozilla/5.0 AppleWebKit/537.36 (KHTML, like Gecko; compatible; ChatGPT-User/1.0; +https://openai.com/bot)"
34.186.36.81 - - [13/Sep/2026:01:51:41 +0300] "GET /media../.env HTTP/2" 404 796 "-" "Mozilla/5.0 (compatible; Bravebot/1.0; +https://brave.com/search/)"
34.186.36.81 - - [13/Sep/2026:01:51:41 +0300] "GET /static//app/.env HTTP/2" 404 796 "-" "Mozilla/5.0 (compatible; Amazonbot/0.1; +https://developer.amazon.com/support/amazonbot)"
34.186.36.81 - - [13/Sep/2026:01:51:41 +0300] "GET /files../.env HTTP/2" 404 796 "-" "Mozilla/5.0 (compatible; YiBot/1.0; +https://01.ai/)"
34.186.36.81 - - [13/Sep/2026:01:51:41 +0300] "GET /.//.env HTTP/2" 404 796 "-" "Mozilla/5.0 AppleWebKit/537.36 (KHTML, like Gecko; compatible; ClaudeBot/1.0; +claudebot@anthropic.com)"
34.186.36.81 - - [13/Sep/2026:01:51:41 +0300] "GET /api/.env/public/.env HTTP/2" 404 796 "-" "CCBot/2.0 (https://commoncrawl.org/faq/)"
34.186.36.81 - - [13/Sep/2026:01:51:41 +0300] "GET /%2eenv HTTP/2" 404 796 "-" "Mozilla/5.0 (compatible; Hunyuan/1.0; +https://hunyuan.tencent.com/)"
34.186.36.81 - - [13/Sep/2026:01:51:41 +0300] "GET //.env HTTP/2" 404 796 "-" "DuckAssistBot/1.1 (https://duckduckgo.com/duckassistbot)"
34.186.36.81 - - [13/Sep/2026:01:51:41 +0300] "GET /@fs/home/ubuntu/.aws/credentials?raw?? HTTP/2" 404 796 "-" "Mozilla/5.0 AppleWebKit/537.36 (KHTML, like Gecko; compatible; ClaudeBot/1.0; +claudebot@anthropic.com)"
34.186.36.81 - - [13/Sep/2026:01:51:41 +0300] "GET /assets../.env HTTP/2" 404 796 "-" "Mozilla/5.0 (compatible; PanguBot/1.0; +https://www.huaweicloud.com/)"
34.186.36.81 - - [13/Sep/2026:01:51:41 +0300] "GET /images../.env HTTP/2" 404 796 "-" "Mozilla/5.0 AppleWebKit/537.36 (KHTML, like Gecko; compatible; GPTBot/1.3; +https://openai.com/gptbot)"
34.186.36.81 - - [13/Sep/2026:01:51:41 +0300] "GET /uploads../.env HTTP/2" 404 796 "-" "Mozilla/5.0 (compatible; ChatGLM-Spider/1.0; +https://zhipuai.cn/)"
34.186.36.81 - - [13/Sep/2026:01:51:41 +0300] "GET /img../.env HTTP/2" 404 796 "-" "Mozilla/5.0 (compatible; Googlebot/2.1; +http://www.google.com/bot.html)"
34.186.36.81 - - [13/Sep/2026:01:51:41 +0300] "GET /@fs/root/.aws/credentials?raw?? HTTP/2" 404 796 "-" "Mozilla/5.0 AppleWebKit/537.36 (KHTML, like Gecko; compatible; ChatGPT-User/1.0; +https://openai.com/bot)"
34.186.36.81 - - [13/Sep/2026:01:51:41 +0300] "GET /@fs/var/task/.env?raw?? HTTP/2" 404 796 "-" "Mozilla/5.0 (compatible; Amazonbot/0.1; +https://developer.amazon.com/support/amazonbot)"
34.186.36.81 - - [13/Sep/2026:01:51:41 +0300] "GET /@fs/home/ec2-user/.aws/credentials?raw?? HTTP/2" 404 796 "-" "Mozilla/5.0 (compatible; DeepSeekBot/1.0; +https://www.deepseek.com/)"
34.186.36.81 - - [13/Sep/2026:01:51:41 +0300] "GET /@fs/proc/self/cwd/.env?raw?? HTTP/2" 404 796 "-" "Mozilla/5.0 (compatible; Kimi-SearchBot/1.0; +https://kimi.ai/)"
34.186.36.81 - - [13/Sep/2026:01:51:41 +0300] "GET /dashboard%2F.env HTTP/2" 404 796 "-" "Mozilla/5.0 (compatible; KimiBot/1.0; +https://kimi.ai/)"
34.186.36.81 - - [13/Sep/2026:01:51:41 +0300] "GET /api%2F.env HTTP/2" 404 796 "-" "Mozilla/5.0 AppleWebKit/537.36 (KHTML, like Gecko; compatible; ClaudeBot/1.0; +claudebot@anthropic.com)"
34.186.36.81 - - [13/Sep/2026:01:51:41 +0300] "GET /admin%2F.env HTTP/2" 404 796 "-" "Mozilla/5.0 (compatible; xAI-Grok/1.0; +https://x.ai/)"
34.186.36.81 - - [13/Sep/2026:01:51:41 +0300] "GET /settings%2F.env HTTP/2" 404 796 "-" "Mozilla/5.0 AppleWebKit/537.36 (KHTML, like Gecko; compatible; Perplexity-User/1.0; +https://perplexity.ai/perplexitybot)"
34.186.36.81 - - [13/Sep/2026:01:51:42 +0300] "POST / HTTP/2" 200 2374 "-" "Mozilla/5.0 (compatible; Bravebot/1.0; +https://brave.com/search/)"
34.186.36.81 - - [13/Sep/2026:01:51:42 +0300] "GET /api/graphql HTTP/2" 404 796 "-" "Mozilla/5.0 AppleWebKit/537.36 (KHTML, like Gecko; compatible; Perplexity-User/1.0; +https://perplexity.ai/perplexitybot)"
90.184.19.84 - - [13/Sep/2026:01:51:41 +0300] "GET /wp-content/uploads/2014/10/kabri-serifi-2-1-scaled.jpg HTTP/2" 200 751904 "https://www.google.com/" "Mozilla/5.0 (Macintosh; Intel Mac OS X 10_15_7) AppleWebKit/537.36 (KHTML, like Gecko) Chrome/153.0.0.0 Safari/537.36"
34.186.36.81 - - [13/Sep/2026:01:51:42 +0300] "POST /api HTTP/2" 404 796 "-" "Mozilla/5.0 (compatible; Google-Extended; +http://www.google.com/bot.html)"
34.186.36.81 - - [13/Sep/2026:01:51:42 +0300] "POST /api/v1/validate/code HTTP/2" 404 796 "-" "Mozilla/5.0 AppleWebKit/537.36 (KHTML, like Gecko; compatible; PerplexityBot/1.0; +https://perplexity.ai/perplexitybot)"
34.186.36.81 - - [13/Sep/2026:01:51:42 +0300] "POST /api/fs/exec HTTP/2" 404 796 "-" "Mozilla/5.0 (compatible; Kimi-SearchBot/1.0; +https://kimi.ai/)"
34.186.36.81 - - [13/Sep/2026:01:51:43 +0300] "DELETE /api/inngest HTTP/2" 404 796 "-" "Mozilla/5.0 (compatible; cohere-ai; +https://cohere.com/crawler)"
34.186.36.81 - - [13/Sep/2026:01:51:43 +0300] "DELETE /inngest HTTP/2" 404 796 "-" "Mozilla/5.0 (compatible; KimiBot/1.0; +https://kimi.ai/)"
34.186.36.81 - - [13/Sep/2026:01:51:43 +0300] "POST /read-document HTTP/2" 404 796 "-" "Mozilla/5.0 (compatible; PanguBot/1.0; +https://www.huaweicloud.com/)"
34.186.36.81 - - [13/Sep/2026:01:51:43 +0300] "POST /read-document HTTP/2" 404 796 "-" "Mozilla/5.0 (compatible; Hunyuan/1.0; +https://hunyuan.tencent.com/)"
90.184.19.84 - - [13/Sep/2026:01:51:43 +0300] "GET /etiket/suleymancilar/ HTTP/2" 404 796 "https://www.google.com/" "Mozilla/5.0 (Macintosh; Intel Mac OS X 10_15_7) AppleWebKit/537.36 (KHTML, like Gecko) Chrome/153.0.0.0 Safari/537.36"
34.186.36.81 - - [13/Sep/2026:01:51:44 +0300] "POST /mcp HTTP/2" 404 796 "-" "Mozilla/5.0 (compatible; ChatGLM-Spider/1.0; +https://zhipuai.cn/)"
90.184.19.84 - - [13/Sep/2026:01:51:44 +0300] "GET /favicon.ico HTTP/2" 404 796 "https://www.evliyalar.net/etiket/suleymancilar/" "Mozilla/5.0 (Macintosh; Intel Mac OS X 10_15_7) AppleWebKit/537.36 (KHTML, like Gecko) Chrome/153.0.0.0 Safari/537.36"
129.225.125.127 - - [13/Sep/2026:01:51:36 +0300] "POST /wp-login.php HTTP/1.1" 200 3321 "https://evliyalar.net/wp-login.php" "Mozilla/5.0 (X11; Linux x86_64; rv:92.0) Gecko/20100101 Firefox/92.0"
129.225.125.127 - - [13/Sep/2026:01:51:46 +0300] "GET /wp-admin/index.php HTTP/1.1" 403 787 "https://evliyalar.net/wp-login.php" "Mozilla/5.0 (Windows NT 10.0; Win64; x64) AppleWebKit/537.36 (KHTML, like Gecko) Chrome/91.0.4472.124 Safari/537.36"
129.225.125.127 - - [13/Sep/2026:01:51:46 +0300] "GET /wp-admin/index.php HTTP/1.1" 403 787 "https://evliyalar.net/wp-login.php" "Mozilla/5.0 (Windows NT 10.0; Win64; x64) AppleWebKit/537.36 (KHTML, like Gecko) Chrome/91.0.4472.124 Safari/537.36"
87.236.194.202 - - [13/Sep/2026:01:51:47 +0300] "GET /wp-content/uploads/2022/11/Cemaleddin-I%CC%87shak-Karamani1.jpg HTTP/1.1" 200 66963 "-" "pimeyes-downloader-api/0.1"
129.225.125.127 - - [13/Sep/2026:01:51:46 +0300] "POST /wp-login.php HTTP/1.1" 200 3321 "https://evliyalar.net/wp-login.php" "Mozilla/5.0 (Macintosh; Intel Mac OS X 10_15_7) AppleWebKit/605.1.15 (KHTML, like Gecko) Version/14.1.1 Safari/605.1.15"
129.225.125.127 - - [13/Sep/2026:01:51:51 +0300] "GET /wp-admin/index.php HTTP/1.1" 403 787 "https://evliyalar.net/wp-login.php" "Mozilla/5.0 (Windows NT 6.1; Win64; x64) AppleWebKit/537.36 (KHTML, like Gecko) Chrome/92.0.4515.131 Safari/537.36"
129.225.125.127 - - [13/Sep/2026:01:51:51 +0300] "GET /wp-admin/index.php HTTP/1.1" 403 787 "https://evliyalar.net/wp-login.php" "Mozilla/5.0 (Windows NT 6.1; Win64; x64) AppleWebKit/537.36 (KHTML, like Gecko) Chrome/92.0.4515.131 Safari/537.36"
52.167.144.180 - - [13/Sep/2026:01:51:57 +0300] "GET /wp-content/uploads/2015/10/DSC02172-150x150.jpg HTTP/2" 200 9197 "-" "Mozilla/5.0 AppleWebKit/537.36 (KHTML, like Gecko; compatible; bingbot/2.0; +http://www.bing.com/bingbot.htm) Chrome/116.0.1938.76 Safari/537.36"
52.167.144.180 - - [13/Sep/2026:01:51:57 +0300] "GET /wp-content/uploads/2015/04/Bicakci-Omer-Dede3-scaled.jpg HTTP/2" 200 623405 "-" "Mozilla/5.0 AppleWebKit/537.36 (KHTML, like Gecko; compatible; bingbot/2.0; +http://www.bing.com/bingbot.htm) Chrome/116.0.1938.76 Safari/537.36"
129.225.125.127 - - [13/Sep/2026:01:51:51 +0300] "POST /wp-login.php HTTP/1.1" 200 3327 "https://evliyalar.net/wp-login.php" "Mozilla/5.0 (X11; Linux x86_64) AppleWebKit/537.36 (KHTML, like Gecko) Chrome/90.0.4430.212 Safari/537.36"
129.225.125.127 - - [13/Sep/2026:01:52:01 +0300] "GET /wp-admin/index.php HTTP/1.1" 403 787 "https://evliyalar.net/wp-login.php" "Mozilla/5.0 (X11; Linux x86_64) AppleWebKit/537.36 (KHTML, like Gecko) Chrome/92.0.4515.131 Safari/537.36"
129.225.125.127 - - [13/Sep/2026:01:52:01 +0300] "GET /wp-admin/index.php HTTP/1.1" 403 787 "https://evliyalar.net/wp-login.php" "Mozilla/5.0 (X11; Linux x86_64) AppleWebKit/537.36 (KHTML, like Gecko) Chrome/92.0.4515.131 Safari/537.36"
129.225.125.127 - - [13/Sep/2026:01:52:02 +0300] "POST /wp-login.php HTTP/1.1" 200 3321 "https://evliyalar.net/wp-login.php" "Mozilla/5.0 (Windows NT 10.0; Win64; x64) AppleWebKit/605.1.15 (KHTML, like Gecko) Version/14.1.2 Safari/605.1.15"
129.225.125.127 - - [13/Sep/2026:01:52:07 +0300] "GET /wp-admin/index.php HTTP/1.1" 403 787 "https://evliyalar.net/wp-login.php" "Mozilla/5.0 (Macintosh; Intel Mac OS X 10_15_7) AppleWebKit/605.1.15 (KHTML, like Gecko) Version/14.1 Safari/605.1.15"
129.225.125.127 - - [13/Sep/2026:01:52:07 +0300] "GET /wp-admin/index.php HTTP/1.1" 403 787 "https://evliyalar.net/wp-login.php" "Mozilla/5.0 (Macintosh; Intel Mac OS X 10_15_7) AppleWebKit/605.1.15 (KHTML, like Gecko) Version/14.1 Safari/605.1.15"
17.166.20.72 - - [13/Sep/2026:01:51:40 +0300] "GET /kategori/sahabeler/page/3/ HTTP/2" 404 796 "-" "Mozilla/5.0 (Macintosh; Intel Mac OS X 10_15_7) AppleWebKit/605.1.15 (KHTML, like Gecko) Version/17.4 Safari/605.1.15 (Applebot/0.1; +http://www.apple.com/go/applebot)"
35.198.113.100 - - [13/Sep/2026:01:51:40 +0300] "GET /robots.txt HTTP/2" 200 77 "-" "LinkupBot/1.0 (LinkupBot for web indexing; https://linkup.so/bot; bot@linkup.so)"
35.198.113.100 - - [13/Sep/2026:01:51:40 +0300] "GET /kategori/yollar/yeseviyye/ HTTP/2" 404 796 "-" "LinkupBot/1.0 (LinkupBot for web indexing; https://linkup.so/bot; bot@linkup.so)"
35.198.113.100 - - [13/Sep/2026:01:51:41 +0300] "GET /kategori/anadolu-evliyalari/canakkale-evliyalari/canakkale-ozel/ HTTP/2" 404 796 "-" "LinkupBot/1.0 (LinkupBot for web indexing; https://linkup.so/bot; bot@linkup.so)"
66.249.70.163 - - [13/Sep/2026:01:51:42 +0300] "GET /?p=63304 HTTP/1.1" 200 2053 "-" "Mozilla/5.0 (Linux; Android 6.0.1; Nexus 5X Build/MMB29P) AppleWebKit/537.36 (KHTML, like Gecko) Chrome/152.0.7977.82 Mobile Safari/537.36 (compatible; Googlebot/2.1; +http://www.google.com/bot.html)"
35.198.113.100 - - [13/Sep/2026:01:51:43 +0300] "GET /kategori/anadolu-evliyalari/kastamonu-evliyalari/kastamonu-merkez/ HTTP/2" 404 796 "-" "LinkupBot/1.0 (LinkupBot for web indexing; https://linkup.so/bot; bot@linkup.so)"
114.119.136.184 - - [13/Sep/2026:01:51:43 +0300] "GET /huseyin-avni-konuk/ahmed-avni-konuk1/ HTTP/1.1" 404 796 "https://www.evliyalar.net/huseyin-avni-konuk/ahmed-avni-konuk1/" "Mozilla/5.0 (Linux; Android 7.0;) AppleWebKit/537.36 (HTML, like Gecko) Mobile Safari/537.36 (compatible; PetalBot;+https://webmaster.petalsearch.com/site/petalbot)"
35.198.113.100 - - [13/Sep/2026:01:51:44 +0300] "GET /kategori/anadolu-evliyalari/samsun-evliyalari/havza-evliyalari/ HTTP/2" 404 796 "-" "LinkupBot/1.0 (LinkupBot for web indexing; https://linkup.so/bot; bot@linkup.so)"
35.198.113.100 - - [13/Sep/2026:01:51:45 +0300] "GET /kategori/silsile/silsile-i-kadiriyye/ HTTP/2" 404 796 "-" "LinkupBot/1.0 (LinkupBot for web indexing; https://linkup.so/bot; bot@linkup.so)"
35.198.113.100 - - [13/Sep/2026:01:51:46 +0300] "GET /kategori/ozbekistan-evliyalari/taskent-evliyalari/ HTTP/2" 404 796 "-" "LinkupBot/1.0 (LinkupBot for web indexing; https://linkup.so/bot; bot@linkup.so)"
35.198.113.100 - - [13/Sep/2026:01:51:47 +0300] "GET /kategori/silsile/silsile-i-yeseviyye/ HTTP/2" 404 796 "-" "LinkupBot/1.0 (LinkupBot for web indexing; https://linkup.so/bot; bot@linkup.so)"
66.249.70.163 - - [13/Sep/2026:01:51:47 +0300] "GET /?p=21491 HTTP/1.1" 200 2054 "-" "Mozilla/5.0 (Linux; Android 6.0.1; Nexus 5X Build/MMB29P) AppleWebKit/537.36 (KHTML, like Gecko) Chrome/152.0.7977.82 Mobile Safari/537.36 (compatible; Googlebot/2.1; +http://www.google.com/bot.html)"
66.249.70.163 - - [13/Sep/2026:01:51:48 +0300] "GET /?p=72629 HTTP/1.1" 200 2054 "-" "Mozilla/5.0 (Linux; Android 6.0.1; Nexus 5X Build/MMB29P) AppleWebKit/537.36 (KHTML, like Gecko) Chrome/152.0.7977.82 Mobile Safari/537.36 (compatible; Googlebot/2.1; +http://www.google.com/bot.html)"
35.198.113.100 - - [13/Sep/2026:01:51:48 +0300] "GET /kategori/anadolu-evliyalari/canakkale-evliyalari/ HTTP/2" 404 796 "-" "LinkupBot/1.0 (LinkupBot for web indexing; https://linkup.so/bot; bot@linkup.so)"
66.249.70.163 - - [13/Sep/2026:01:52:43 +0300] "GET /?p=60189 HTTP/1.1" 200 2050 "-" "Mozilla/5.0 (Linux; Android 6.0.1; Nexus 5X Build/MMB29P) AppleWebKit/537.36 (KHTML, like Gecko) Chrome/152.0.7977.82 Mobile Safari/537.36 (compatible; Googlebot/2.1; +http://www.google.com/bot.html)"
66.249.70.163 - - [13/Sep/2026:01:52:44 +0300] "GET /?p=17246 HTTP/1.1" 200 2050 "-" "Mozilla/5.0 (Linux; Android 6.0.1; Nexus 5X Build/MMB29P) AppleWebKit/537.36 (KHTML, like Gecko) Chrome/152.0.7977.82 Mobile Safari/537.36 (compatible; Googlebot/2.1; +http://www.google.com/bot.html)"
66.249.70.163 - - [13/Sep/2026:01:52:11 +0300] "GET /?p=15450 HTTP/1.1" 200 2048 "-" "Mozilla/5.0 (Linux; Android 6.0.1; Nexus 5X Build/MMB29P) AppleWebKit/537.36 (KHTML, like Gecko) Chrome/152.0.7977.82 Mobile Safari/537.36 (compatible; Googlebot/2.1; +http://www.google.com/bot.html)"
129.225.125.127 - - [13/Sep/2026:01:52:07 +0300] "POST /wp-login.php HTTP/1.1" 200 3321 "https://evliyalar.net/wp-login.php" "Mozilla/5.0 (Windows NT 6.1; Win64; x64) AppleWebKit/537.36 (KHTML, like Gecko) Chrome/93.0.4577.63 Safari/537.36"
129.225.125.127 - - [13/Sep/2026:01:52:16 +0300] "GET /wp-admin/index.php HTTP/1.1" 403 787 "https://evliyalar.net/wp-login.php" "Mozilla/5.0 (Windows NT 10.0; Win64; x64) AppleWebKit/605.1.15 (KHTML, like Gecko) Version/14.1 Safari/605.1.15"
129.225.125.127 - - [13/Sep/2026:01:52:16 +0300] "GET /wp-admin/index.php HTTP/1.1" 403 787 "https://evliyalar.net/wp-login.php" "Mozilla/5.0 (Windows NT 10.0; Win64; x64) AppleWebKit/605.1.15 (KHTML, like Gecko) Version/14.1 Safari/605.1.15"
129.225.125.127 - - [13/Sep/2026:01:52:16 +0300] "POST /wp-login.php HTTP/1.1" 200 3321 "https://evliyalar.net/wp-login.php" "Mozilla/5.0 (X11; Linux x86_64) AppleWebKit/537.36 (KHTML, like Gecko) Chrome/93.0.4577.63 Safari/537.36"
129.225.125.127 - - [13/Sep/2026:01:52:21 +0300] "GET /wp-admin/index.php HTTP/1.1" 403 787 "https://evliyalar.net/wp-login.php" "Mozilla/5.0 (Windows NT 10.0; Win64; x64) AppleWebKit/605.1.15 (KHTML, like Gecko) Version/14.1.1 Safari/605.1.15"
129.225.125.127 - - [13/Sep/2026:01:52:21 +0300] "GET /wp-admin/index.php HTTP/1.1" 403 787 "https://evliyalar.net/wp-login.php" "Mozilla/5.0 (Windows NT 10.0; Win64; x64) AppleWebKit/605.1.15 (KHTML, like Gecko) Version/14.1.1 Safari/605.1.15"
66.249.70.163 - - [13/Sep/2026:01:52:21 +0300] "GET /?p=40953 HTTP/1.1" 200 2052 "-" "Mozilla/5.0 (Linux; Android 6.0.1; Nexus 5X Build/MMB29P) AppleWebKit/537.36 (KHTML, like Gecko) Chrome/152.0.7977.82 Mobile Safari/537.36 (compatible; Googlebot/2.1; +http://www.google.com/bot.html)"
66.249.70.164 - - [13/Sep/2026:01:52:21 +0300] "GET /?p=71565 HTTP/1.1" 200 2052 "-" "Mozilla/5.0 (Linux; Android 6.0.1; Nexus 5X Build/MMB29P) AppleWebKit/537.36 (KHTML, like Gecko) Chrome/152.0.7977.82 Mobile Safari/537.36 (compatible; Googlebot/2.1; +http://www.google.com/bot.html)"
66.249.70.164 - - [13/Sep/2026:01:52:24 +0300] "GET /?p=33695 HTTP/1.1" 200 2052 "-" "Mozilla/5.0 (Linux; Android 6.0.1; Nexus 5X Build/MMB29P) AppleWebKit/537.36 (KHTML, like Gecko) Chrome/152.0.7977.82 Mobile Safari/537.36 (compatible; Googlebot/2.1; +http://www.google.com/bot.html)"
129.225.125.127 - - [13/Sep/2026:01:52:21 +0300] "POST /wp-login.php HTTP/1.1" 200 3321 "https://evliyalar.net/wp-login.php" "Mozilla/5.0 (Macintosh; Intel Mac OS X 10_15_7) AppleWebKit/605.1.15 (KHTML, like Gecko) Version/14.1 Safari/605.1.15"
129.225.125.127 - - [13/Sep/2026:01:52:31 +0300] "GET /wp-admin/index.php HTTP/1.1" 403 787 "https://evliyalar.net/wp-login.php" "Mozilla/5.0 (Macintosh; Intel Mac OS X 10_15_7) AppleWebKit/537.36 (KHTML, like Gecko) Chrome/92.0.4515.131 Safari/537.36"
129.225.125.127 - - [13/Sep/2026:01:52:31 +0300] "GET /wp-admin/index.php HTTP/1.1" 403 787 "https://evliyalar.net/wp-login.php" "Mozilla/5.0 (Macintosh; Intel Mac OS X 10_15_7) AppleWebKit/537.36 (KHTML, like Gecko) Chrome/92.0.4515.131 Safari/537.36"
129.225.125.127 - - [13/Sep/2026:01:52:31 +0300] "POST /wp-login.php HTTP/1.1" 200 3321 "https://evliyalar.net/wp-login.php" "Mozilla/5.0 (Windows NT 10.0; Win64; x64) AppleWebKit/537.36 (KHTML, like Gecko) Chrome/91.0.4472.124 Safari/537.36"
129.225.125.127 - - [13/Sep/2026:01:52:36 +0300] "GET /wp-admin/index.php HTTP/1.1" 403 787 "https://evliyalar.net/wp-login.php" "Mozilla/5.0 (Windows NT 10.0; Win64; x64) AppleWebKit/537.36 (KHTML, like Gecko) Chrome/92.0.4515.131 Safari/537.36"
129.225.125.127 - - [13/Sep/2026:01:52:36 +0300] "GET /wp-admin/index.php HTTP/1.1" 403 787 "https://evliyalar.net/wp-login.php" "Mozilla/5.0 (Windows NT 10.0; Win64; x64) AppleWebKit/537.36 (KHTML, like Gecko) Chrome/92.0.4515.131 Safari/537.36"
129.225.125.127 - - [13/Sep/2026:01:52:36 +0300] "POST /wp-login.php HTTP/1.1" 200 3321 "https://evliyalar.net/wp-login.php" "Mozilla/5.0 (X11; Linux x86_64; rv:89.0) Gecko/20100101 Firefox/89.0.2"
129.225.125.127 - - [13/Sep/2026:01:52:45 +0300] "GET /wp-admin/index.php HTTP/1.1" 403 787 "https://evliyalar.net/wp-login.php" "Mozilla/5.0 (Macintosh; Intel Mac OS X 10_15_7) AppleWebKit/605.1.15 (KHTML, like Gecko) Version/14.1.1 Safari/605.1.15"
129.225.125.127 - - [13/Sep/2026:01:52:46 +0300] "GET /wp-admin/index.php HTTP/1.1" 403 787 "https://evliyalar.net/wp-login.php" "Mozilla/5.0 (Macintosh; Intel Mac OS X 10_15_7) AppleWebKit/605.1.15 (KHTML, like Gecko) Version/14.1.1 Safari/605.1.15"
45.138.251.80 - - [13/Sep/2026:01:52:49 +0300] "GET /melamilik/ HTTP/2" 404 796 "-" "Mozilla/5.0 (Macintosh; Intel Mac OS X 10_15_7) AppleWebKit/537.36 (KHTML, like Gecko) Chrome/142.0.0.0 Safari/537.36"
43.159.145.149 - - [13/Sep/2026:01:52:49 +0300] "GET / HTTP/1.1" 200 2396 "http://evliyalar.net" "Mozilla/5.0 (iPhone; CPU iPhone OS 13_2_3 like Mac OS X) AppleWebKit/605.1.15 (KHTML, like Gecko) Version/13.0.3 Mobile/15E148 Safari/604.1"
66.249.70.163 - - [13/Sep/2026:01:52:49 +0300] "GET /melamilik/ HTTP/1.1" 404 796 "-" "Mozilla/5.0 (compatible; Googlebot/2.1; +http://www.google.com/bot.html)"
89.43.31.214 - - [13/Sep/2026:01:52:51 +0300] "POST /wp-cron.php?doing_wp_cron=1789253571.0314750671386718750000 HTTP/1.1" 200 0 "-" "WordPress/6.5.10; https://www.evliyalar.net"
129.225.125.127 - - [13/Sep/2026:01:52:46 +0300] "POST /wp-login.php HTTP/1.1" 200 3321 "https://evliyalar.net/wp-login.php" "Mozilla/5.0 (X11; Linux x86_64) AppleWebKit/537.36 (KHTML, like Gecko) Chrome/91.0.4472.124 Safari/537.36"
129.225.125.127 - - [13/Sep/2026:01:52:51 +0300] "GET /wp-admin/index.php HTTP/1.1" 403 787 "https://evliyalar.net/wp-login.php" "Mozilla/5.0 (Windows NT 10.0; Win64; x64) AppleWebKit/605.1.15 (KHTML, like Gecko) Version/14.1.1 Safari/605.1.15"
129.225.125.127 - - [13/Sep/2026:01:52:51 +0300] "GET /wp-admin/index.php HTTP/1.1" 403 787 "https://evliyalar.net/wp-login.php" "Mozilla/5.0 (Windows NT 10.0; Win64; x64) AppleWebKit/605.1.15 (KHTML, like Gecko) Version/14.1.1 Safari/605.1.15"
66.249.70.163 - - [13/Sep/2026:01:52:54 +0300] "GET /?p=76023 HTTP/1.1" 200 2052 "-" "Mozilla/5.0 (Linux; Android 6.0.1; Nexus 5X Build/MMB29P) AppleWebKit/537.36 (KHTML, like Gecko) Chrome/152.0.7977.82 Mobile Safari/537.36 (compatible; Googlebot/2.1; +http://www.google.com/bot.html)"
89.43.31.214 - - [13/Sep/2026:01:53:00 +0300] "POST /wp-cron.php?doing_wp_cron=1789253580.8153359889984130859375 HTTP/1.1" 200 0 "-" "WordPress/6.5.10; https://www.evliyalar.net"
129.225.125.127 - - [13/Sep/2026:01:52:51 +0300] "POST /wp-login.php HTTP/1.1" 200 3315 "https://evliyalar.net/wp-login.php" "Mozilla/5.0 (Windows NT 10.0; Win64; x64) AppleWebKit/605.1.15 (KHTML, like Gecko) Version/14.1.2 Safari/605.1.15"
129.225.125.127 - - [13/Sep/2026:01:53:01 +0300] "GET /wp-admin/index.php HTTP/1.1" 403 787 "https://evliyalar.net/wp-login.php" "Mozilla/5.0 (Macintosh; Intel Mac OS X 10_15_7) AppleWebKit/605.1.15 (KHTML, like Gecko) Version/15.0 Safari/605.1.15"
129.225.125.127 - - [13/Sep/2026:01:53:01 +0300] "GET /wp-admin/index.php HTTP/1.1" 403 787 "https://evliyalar.net/wp-login.php" "Mozilla/5.0 (Macintosh; Intel Mac OS X 10_15_7) AppleWebKit/605.1.15 (KHTML, like Gecko) Version/15.0 Safari/605.1.15"
129.225.125.127 - - [13/Sep/2026:01:53:01 +0300] "POST /wp-login.php HTTP/1.1" 200 3321 "https://evliyalar.net/wp-login.php" "Mozilla/5.0 (Windows NT 6.1; Win64; x64) AppleWebKit/537.36 (KHTML, like Gecko) Chrome/92.0.4515.131 Safari/537.36"
129.225.125.127 - - [13/Sep/2026:01:53:06 +0300] "GET /wp-admin/index.php HTTP/1.1" 403 787 "https://evliyalar.net/wp-login.php" "Mozilla/5.0 (Macintosh; Intel Mac OS X 10_15_7) AppleWebKit/537.36 (KHTML, like Gecko) Chrome/93.0.4577.63 Safari/537.36"
129.225.125.127 - - [13/Sep/2026:01:53:06 +0300] "GET /wp-admin/index.php HTTP/1.1" 403 787 "https://evliyalar.net/wp-login.php" "Mozilla/5.0 (Macintosh; Intel Mac OS X 10_15_7) AppleWebKit/537.36 (KHTML, like Gecko) Chrome/93.0.4577.63 Safari/537.36"
66.249.70.164 - - [13/Sep/2026:01:53:07 +0300] "GET /?p=62388 HTTP/1.1" 200 2052 "-" "Mozilla/5.0 (Linux; Android 6.0.1; Nexus 5X Build/MMB29P) AppleWebKit/537.36 (KHTML, like Gecko) Chrome/152.0.7977.82 Mobile Safari/537.36 (compatible; Googlebot/2.1; +http://www.google.com/bot.html)"
66.249.70.164 - - [13/Sep/2026:01:53:10 +0300] "GET /?p=70920 HTTP/1.1" 200 2052 "-" "Mozilla/5.0 (Linux; Android 6.0.1; Nexus 5X Build/MMB29P) AppleWebKit/537.36 (KHTML, like Gecko) Chrome/152.0.7977.82 Mobile Safari/537.36 (compatible; Googlebot/2.1; +http://www.google.com/bot.html)"
129.225.125.127 - - [13/Sep/2026:01:53:07 +0300] "POST /wp-login.php HTTP/1.1" 200 3321 "https://evliyalar.net/wp-login.php" "Mozilla/5.0 (Windows NT 10.0; Win64; x64) AppleWebKit/537.36 (KHTML, like Gecko) Chrome/92.0.4515.131 Safari/537.36"
129.225.125.127 - - [13/Sep/2026:01:53:15 +0300] "GET /wp-admin/index.php HTTP/1.1" 403 787 "https://evliyalar.net/wp-login.php" "Mozilla/5.0 (Windows NT 10.0; Win64; x64) AppleWebKit/605.1.15 (KHTML, like Gecko) Version/15.0 Safari/605.1.15"
129.225.125.127 - - [13/Sep/2026:01:53:16 +0300] "GET /wp-admin/index.php HTTP/1.1" 403 787 "https://evliyalar.net/wp-login.php" "Mozilla/5.0 (Windows NT 10.0; Win64; x64) AppleWebKit/605.1.15 (KHTML, like Gecko) Version/15.0 Safari/605.1.15"
129.225.125.127 - - [13/Sep/2026:01:53:16 +0300] "POST /wp-login.php HTTP/1.1" 200 3321 "https://evliyalar.net/wp-login.php" "Mozilla/5.0 (Macintosh; Intel Mac OS X 10_15_7; rv:92.0) Gecko/20100101 Firefox/92.0"
129.225.125.127 - - [13/Sep/2026:01:53:21 +0300] "GET /wp-admin/index.php HTTP/1.1" 403 787 "https://evliyalar.net/wp-login.php" "Mozilla/5.0 (Macintosh; Intel Mac OS X 10_15_7) AppleWebKit/537.36 (KHTML, like Gecko) Chrome/91.0.4472.124 Safari/537.36"
129.225.125.127 - - [13/Sep/2026:01:53:21 +0300] "GET /wp-admin/index.php HTTP/1.1" 403 787 "https://evliyalar.net/wp-login.php" "Mozilla/5.0 (Macintosh; Intel Mac OS X 10_15_7) AppleWebKit/537.36 (KHTML, like Gecko) Chrome/91.0.4472.124 Safari/537.36"
129.225.125.127 - - [13/Sep/2026:01:53:21 +0300] "POST /wp-login.php HTTP/1.1" 200 3315 "https://evliyalar.net/wp-login.php" "Mozilla/5.0 (X11; Linux x86_64) AppleWebKit/537.36 (KHTML, like Gecko) Chrome/91.0.4472.124 Safari/537.36"
129.225.125.127 - - [13/Sep/2026:01:53:31 +0300] "GET /wp-admin/index.php HTTP/1.1" 403 787 "https://evliyalar.net/wp-login.php" "Mozilla/5.0 (X11; Linux x86_64) AppleWebKit/537.36 (KHTML, like Gecko) Chrome/94.0.4606.71 Safari/537.36"
129.225.125.127 - - [13/Sep/2026:01:53:31 +0300] "GET /wp-admin/index.php HTTP/1.1" 403 787 "https://evliyalar.net/wp-login.php" "Mozilla/5.0 (X11; Linux x86_64) AppleWebKit/537.36 (KHTML, like Gecko) Chrome/94.0.4606.71 Safari/537.36"
66.249.70.163 - - [13/Sep/2026:01:53:35 +0300] "GET /?p=12677 HTTP/1.1" 200 2051 "-" "Mozilla/5.0 (Linux; Android 6.0.1; Nexus 5X Build/MMB29P) AppleWebKit/537.36 (KHTML, like Gecko) Chrome/152.0.7977.82 Mobile Safari/537.36 (compatible; Googlebot/2.1; +http://www.google.com/bot.html)"
129.225.125.127 - - [13/Sep/2026:01:53:31 +0300] "POST /wp-login.php HTTP/1.1" 200 3321 "https://evliyalar.net/wp-login.php" "Mozilla/5.0 (Windows NT 10.0; Win64; x64) AppleWebKit/605.1.15 (KHTML, like Gecko) Version/14.1 Safari/605.1.15"
129.225.125.127 - - [13/Sep/2026:01:53:36 +0300] "GET /wp-admin/index.php HTTP/1.1" 403 787 "https://evliyalar.net/wp-login.php" "Mozilla/5.0 (Macintosh; Intel Mac OS X 10_15_7) AppleWebKit/537.36 (KHTML, like Gecko) Chrome/93.0.4577.63 Safari/537.36"
129.225.125.127 - - [13/Sep/2026:01:53:36 +0300] "GET /wp-admin/index.php HTTP/1.1" 403 787 "https://evliyalar.net/wp-login.php" "Mozilla/5.0 (Macintosh; Intel Mac OS X 10_15_7) AppleWebKit/537.36 (KHTML, like Gecko) Chrome/93.0.4577.63 Safari/537.36"
66.249.70.163 - - [13/Sep/2026:01:53:36 +0300] "GET /?p=65075 HTTP/1.1" 200 2052 "-" "Mozilla/5.0 (Linux; Android 6.0.1; Nexus 5X Build/MMB29P) AppleWebKit/537.36 (KHTML, like Gecko) Chrome/152.0.7977.82 Mobile Safari/537.36 (compatible; Googlebot/2.1; +http://www.google.com/bot.html)"
52.167.144.180 - - [13/Sep/2026:01:53:42 +0300] "GET /?p=50710 HTTP/2" 200 2052 "-" "Mozilla/5.0 AppleWebKit/537.36 (KHTML, like Gecko; compatible; bingbot/2.0; +http://www.bing.com/bingbot.htm) Chrome/116.0.1938.76 Safari/537.36"
52.167.144.180 - - [13/Sep/2026:01:53:42 +0300] "GET /?p=38608 HTTP/2" 200 2030 "-" "Mozilla/5.0 AppleWebKit/537.36 (KHTML, like Gecko; compatible; bingbot/2.0; +http://www.bing.com/bingbot.htm) Chrome/116.0.1938.76 Safari/537.36"
52.167.144.180 - - [13/Sep/2026:01:53:43 +0300] "GET /?p=61622 HTTP/2" 200 2052 "-" "Mozilla/5.0 AppleWebKit/537.36 (KHTML, like Gecko; compatible; bingbot/2.0; +http://www.bing.com/bingbot.htm) Chrome/116.0.1938.76 Safari/537.36"
52.167.144.180 - - [13/Sep/2026:01:53:43 +0300] "GET /?p=67593 HTTP/2" 200 2052 "-" "Mozilla/5.0 AppleWebKit/537.36 (KHTML, like Gecko; compatible; bingbot/2.0; +http://www.bing.com/bingbot.htm) Chrome/116.0.1938.76 Safari/537.36"
52.167.144.180 - - [13/Sep/2026:01:53:43 +0300] "GET /?p=60538 HTTP/2" 200 2052 "-" "Mozilla/5.0 AppleWebKit/537.36 (KHTML, like Gecko; compatible; bingbot/2.0; +http://www.bing.com/bingbot.htm) Chrome/116.0.1938.76 Safari/537.36"
52.167.144.180 - - [13/Sep/2026:01:53:45 +0300] "GET /?p=70577 HTTP/2" 200 2049 "-" "Mozilla/5.0 AppleWebKit/537.36 (KHTML, like Gecko; compatible; bingbot/2.0; +http://www.bing.com/bingbot.htm) Chrome/116.0.1938.76 Safari/537.36"
52.167.144.170 - - [13/Sep/2026:01:53:46 +0300] "GET /intro HTTP/2" 404 796 "-" "Mozilla/5.0 AppleWebKit/537.36 (KHTML, like Gecko; compatible; bingbot/2.0; +http://www.bing.com/bingbot.htm) Chrome/116.0.1938.76 Safari/537.36"
129.225.125.127 - - [13/Sep/2026:01:53:36 +0300] "POST /wp-login.php HTTP/1.1" 200 3321 "https://evliyalar.net/wp-login.php" "Mozilla/5.0 (X11; Linux x86_64) AppleWebKit/537.36 (KHTML, like Gecko) Chrome/90.0.4430.212 Safari/537.36"
129.225.125.127 - - [13/Sep/2026:01:53:46 +0300] "GET /wp-admin/index.php HTTP/1.1" 403 787 "https://evliyalar.net/wp-login.php" "Mozilla/5.0 (Windows NT 6.1; Win64; x64; rv:90.0) Gecko/20100101 Firefox/90.0.1"
129.225.125.127 - - [13/Sep/2026:01:53:46 +0300] "GET /wp-admin/index.php HTTP/1.1" 403 787 "https://evliyalar.net/wp-login.php" "Mozilla/5.0 (Windows NT 6.1; Win64; x64; rv:90.0) Gecko/20100101 Firefox/90.0.1"
129.225.125.127 - - [13/Sep/2026:01:53:47 +0300] "POST /wp-login.php HTTP/1.1" 200 3321 "https://evliyalar.net/wp-login.php" "Mozilla/5.0 (X11; Linux x86_64; rv:90.0) Gecko/20100101 Firefox/90.0.1"
129.225.125.127 - - [13/Sep/2026:01:53:52 +0300] "GET /wp-admin/index.php HTTP/1.1" 403 787 "https://evliyalar.net/wp-login.php" "Mozilla/5.0 (Windows NT 10.0; Win64; x64) AppleWebKit/605.1.15 (KHTML, like Gecko) Version/14.0.3 Safari/605.1.15"
129.225.125.127 - - [13/Sep/2026:01:53:52 +0300] "GET /wp-admin/index.php HTTP/1.1" 403 787 "https://evliyalar.net/wp-login.php" "Mozilla/5.0 (Windows NT 10.0; Win64; x64) AppleWebKit/605.1.15 (KHTML, like Gecko) Version/14.0.3 Safari/605.1.15"
129.225.125.127 - - [13/Sep/2026:01:53:52 +0300] "POST /wp-login.php HTTP/1.1" 200 3327 "https://evliyalar.net/wp-login.php" "Mozilla/5.0 (X11; Linux x86_64) AppleWebKit/537.36 (KHTML, like Gecko) Chrome/91.0.4472.124 Safari/537.36"
129.225.125.127 - - [13/Sep/2026:01:54:01 +0300] "GET /wp-admin/index.php HTTP/1.1" 403 787 "https://evliyalar.net/wp-login.php" "Mozilla/5.0 (Windows NT 10.0; Win64; x64) AppleWebKit/605.1.15 (KHTML, like Gecko) Version/14.0.3 Safari/605.1.15"
129.225.125.127 - - [13/Sep/2026:01:54:01 +0300] "GET /wp-admin/index.php HTTP/1.1" 403 787 "https://evliyalar.net/wp-login.php" "Mozilla/5.0 (Windows NT 10.0; Win64; x64) AppleWebKit/605.1.15 (KHTML, like Gecko) Version/14.0.3 Safari/605.1.15"
194.67.207.55 - - [13/Sep/2026:01:52:44 +0300] "GET / HTTP/2" 200 2050 "https://pamjatnik.com.ua/uslugi-info/kolumbariy-stena" "Mozilla/5.0 (Windows NT 10.0; Win64; x64) AppleWebKit/537.36 (KHTML, like Gecko) Chrome/122.0.0.0 Safari/537.36"
66.249.70.163 - - [13/Sep/2026:01:52:49 +0300] "GET /melamilik/ HTTP/1.1" 404 796 "-" "Mozilla/5.0 (Linux; Android 6.0.1; Nexus 5X Build/MMB29P) AppleWebKit/537.36 (KHTML, like Gecko) Chrome/152.0.7977.82 Mobile Safari/537.36 (compatible; Googlebot/2.1; +http://www.google.com/bot.html)"
195.40.30.170 - - [13/Sep/2026:01:52:52 +0300] "GET /melamilik/ HTTP/2" 404 796 "-" "Mozilla/5.0 (Macintosh; Intel Mac OS X 10_15_7) AppleWebKit/537.36 (KHTML, like Gecko) Chrome/143.0.0.0 Safari/537.36"
66.249.70.163 - - [13/Sep/2026:01:52:59 +0300] "GET /?p=21556 HTTP/1.1" 200 2052 "-" "Mozilla/5.0 (Linux; Android 6.0.1; Nexus 5X Build/MMB29P) AppleWebKit/537.36 (KHTML, like Gecko) Chrome/152.0.7977.82 Mobile Safari/537.36 (compatible; Googlebot/2.1; +http://www.google.com/bot.html)"
52.167.144.25 - - [13/Sep/2026:01:53:04 +0300] "GET /?p=40826 HTTP/2" 200 2053 "-" "Mozilla/5.0 AppleWebKit/537.36 (KHTML, like Gecko; compatible; bingbot/2.0; +http://www.bing.com/bingbot.htm) Chrome/116.0.1938.76 Safari/537.36"
114.119.155.54 - - [13/Sep/2026:01:53:07 +0300] "GET /kategori/anadolu-evliyalari/samsun-evliyalari/tekkekoy HTTP/1.1" 404 796 "https://www.evliyalar.net/kategori/anadolu-evliyalari/samsun-evliyalari/tekkekoy" "Mozilla/5.0 (Linux; Android 7.0;) AppleWebKit/537.36 (HTML, like Gecko) Mobile Safari/537.36 (compatible; PetalBot;+https://webmaster.petalsearch.com/site/petalbot)"
52.167.144.170 - - [13/Sep/2026:01:53:11 +0300] "GET /wp-content/uploads/2020/11/Seyh-Omer-Turbesi5.jpg HTTP/2" 200 119109 "-" "Mozilla/5.0 AppleWebKit/537.36 (KHTML, like Gecko; compatible; bingbot/2.0; +http://www.bing.com/bingbot.htm) Chrome/116.0.1938.76 Safari/537.36"
52.167.144.170 - - [13/Sep/2026:01:53:11 +0300] "GET /?p=29910 HTTP/2" 200 2052 "-" "Mozilla/5.0 AppleWebKit/537.36 (KHTML, like Gecko; compatible; bingbot/2.0; +http://www.bing.com/bingbot.htm) Chrome/116.0.1938.76 Safari/537.36"
66.249.70.163 - - [13/Sep/2026:01:53:11 +0300] "GET /_autoindex/assets/icons/folder-fill.svg HTTP/1.1" 200 333 "https://www.evliyalar.net/?p=62388" "Mozilla/5.0 (Linux; Android 6.0.1; Nexus 5X Build/MMB29P) AppleWebKit/537.36 (KHTML, like Gecko) Chrome/152.0.7977.82 Mobile Safari/537.36 (compatible; Googlebot/2.1; +http://www.google.com/bot.html)"
66.249.70.163 - - [13/Sep/2026:01:53:20 +0300] "GET /?p=66323 HTTP/1.1" 200 2051 "-" "Mozilla/5.0 (Linux; Android 6.0.1; Nexus 5X Build/MMB29P) AppleWebKit/537.36 (KHTML, like Gecko) Chrome/152.0.7977.82 Mobile Safari/537.36 (compatible; Googlebot/2.1; +http://www.google.com/bot.html)"
52.167.144.25 - - [13/Sep/2026:01:53:51 +0300] "GET /?p=29405 HTTP/2" 200 2052 "-" "Mozilla/5.0 AppleWebKit/537.36 (KHTML, like Gecko; compatible; bingbot/2.0; +http://www.bing.com/bingbot.htm) Chrome/116.0.1938.76 Safari/537.36"
52.167.144.25 - - [13/Sep/2026:01:53:52 +0300] "GET /?p=51901 HTTP/2" 200 2052 "-" "Mozilla/5.0 AppleWebKit/537.36 (KHTML, like Gecko; compatible; bingbot/2.0; +http://www.bing.com/bingbot.htm) Chrome/116.0.1938.76 Safari/537.36"
52.167.144.170 - - [13/Sep/2026:01:54:00 +0300] "GET /wp-content/uploads/2016/11/DSCF3077.jpg HTTP/2" 200 288897 "-" "Mozilla/5.0 AppleWebKit/537.36 (KHTML, like Gecko; compatible; bingbot/2.0; +http://www.bing.com/bingbot.htm) Chrome/116.0.1938.76 Safari/537.36"
52.167.144.170 - - [13/Sep/2026:01:54:00 +0300] "GET /wp-content/uploads/2015/12/Ekran-Resmi-2015-12-08-20.07.45-300x173.png HTTP/2" 200 82958 "-" "Mozilla/5.0 AppleWebKit/537.36 (KHTML, like Gecko; compatible; bingbot/2.0; +http://www.bing.com/bingbot.htm) Chrome/116.0.1938.76 Safari/537.36"
66.249.70.163 - - [13/Sep/2026:01:54:11 +0300] "GET /seyh-halil-becirmani-k-s/ HTTP/1.1" 404 796 "-" "Mozilla/5.0 (Linux; Android 6.0.1; Nexus 5X Build/MMB29P) AppleWebKit/537.36 (KHTML, like Gecko) Chrome/152.0.7977.82 Mobile Safari/537.36 (compatible; Googlebot/2.1; +http://www.google.com/bot.html)"
66.249.70.164 - - [13/Sep/2026:01:54:04 +0300] "GET /?p=9305 HTTP/1.1" 200 2029 "-" "Mozilla/5.0 (Linux; Android 6.0.1; Nexus 5X Build/MMB29P) AppleWebKit/537.36 (KHTML, like Gecko) Chrome/152.0.7977.82 Mobile Safari/537.36 (compatible; Googlebot/2.1; +http://www.google.com/bot.html)"
129.225.125.127 - - [13/Sep/2026:01:54:01 +0300] "POST /wp-login.php HTTP/1.1" 200 3315 "https://evliyalar.net/wp-login.php" "Mozilla/5.0 (Macintosh; Intel Mac OS X 10_15_7) AppleWebKit/605.1.15 (KHTML, like Gecko) Version/14.0.3 Safari/605.1.15"
129.225.125.127 - - [13/Sep/2026:01:54:06 +0300] "GET /wp-admin/index.php HTTP/1.1" 403 787 "https://evliyalar.net/wp-login.php" "Mozilla/5.0 (Macintosh; Intel Mac OS X 10_15_7) AppleWebKit/537.36 (KHTML, like Gecko) Chrome/94.0.4606.71 Safari/537.36"
129.225.125.127 - - [13/Sep/2026:01:54:06 +0300] "GET /wp-admin/index.php HTTP/1.1" 403 787 "https://evliyalar.net/wp-login.php" "Mozilla/5.0 (Macintosh; Intel Mac OS X 10_15_7) AppleWebKit/537.36 (KHTML, like Gecko) Chrome/94.0.4606.71 Safari/537.36"
129.225.125.127 - - [13/Sep/2026:01:54:06 +0300] "POST /wp-login.php HTTP/1.1" 200 3321 "https://evliyalar.net/wp-login.php" "Mozilla/5.0 (Macintosh; Intel Mac OS X 10_15_7) AppleWebKit/605.1.15 (KHTML, like Gecko) Version/14.0.3 Safari/605.1.15"
129.225.125.127 - - [13/Sep/2026:01:54:16 +0300] "GET /wp-admin/index.php HTTP/1.1" 403 787 "https://evliyalar.net/wp-login.php" "Mozilla/5.0 (Windows NT 10.0; Win64; x64) AppleWebKit/605.1.15 (KHTML, like Gecko) Version/14.0.3 Safari/605.1.15"
129.225.125.127 - - [13/Sep/2026:01:54:16 +0300] "GET /wp-admin/index.php HTTP/1.1" 403 787 "https://evliyalar.net/wp-login.php" "Mozilla/5.0 (Windows NT 10.0; Win64; x64) AppleWebKit/605.1.15 (KHTML, like Gecko) Version/14.0.3 Safari/605.1.15"
66.249.70.163 - - [13/Sep/2026:01:54:20 +0300] "GET /?p=73868 HTTP/1.1" 200 2029 "-" "Mozilla/5.0 (Linux; Android 6.0.1; Nexus 5X Build/MMB29P) AppleWebKit/537.36 (KHTML, like Gecko) Chrome/152.0.7977.82 Mobile Safari/537.36 (compatible; Googlebot/2.1; +http://www.google.com/bot.html)"
129.225.125.127 - - [13/Sep/2026:01:54:17 +0300] "POST /wp-login.php HTTP/1.1" 200 3321 "https://evliyalar.net/wp-login.php" "Mozilla/5.0 (X11; Linux x86_64) AppleWebKit/537.36 (KHTML, like Gecko) Chrome/90.0.4430.212 Safari/537.36"
129.225.125.127 - - [13/Sep/2026:01:54:22 +0300] "GET /wp-admin/index.php HTTP/1.1" 403 787 "https://evliyalar.net/wp-login.php" "Mozilla/5.0 (Windows NT 10.0; Win64; x64; rv:90.0) Gecko/20100101 Firefox/90.0.1"
129.225.125.127 - - [13/Sep/2026:01:54:22 +0300] "GET /wp-admin/index.php HTTP/1.1" 403 787 "https://evliyalar.net/wp-login.php" "Mozilla/5.0 (Windows NT 10.0; Win64; x64; rv:90.0) Gecko/20100101 Firefox/90.0.1"
129.225.125.127 - - [13/Sep/2026:01:54:22 +0300] "POST /wp-login.php HTTP/1.1" 200 3315 "https://evliyalar.net/wp-login.php" "Mozilla/5.0 (Windows NT 10.0; Win64; x64) AppleWebKit/605.1.15 (KHTML, like Gecko) Version/14.1.2 Safari/605.1.15"
