| Current Path : /home/evliyala/access-logs/ |
| Current File : /home/evliyala/access-logs/evliyalar.net |
80.94.95.236 - - [12/Sep/2026:23:39:17 +0300] "GET / HTTP/1.1" 301 795 "-" "Mozilla/5.0 (Windows NT 6.0) AppleWebKit/537.36 (KHTML, like Gecko) Chrome/30.0.1599.17 Safari/537.36"
216.73.216.28 - - [12/Sep/2026:23:41:38 +0300] "GET /location/hz-ali-k-v-irak HTTP/1.1" 301 795 "-" "Mozilla/5.0 AppleWebKit/537.36 (KHTML, like Gecko; compatible; ClaudeBot/1.0; +claudebot@anthropic.com)"
114.119.167.51 - - [12/Sep/2026:23:47:11 +0300] "GET /ceocr/hy8slo.php?eu=Z2N5eT01Jm1ndGFzbW09MTc2JmV1ODMyPWNhcnRlci1oYW1yaWMtbmFzaHZpbGxl HTTP/1.1" 301 795 "http://www.evliyalar.net/ceocr/hy8slo.php?eu=Z2N5eT01Jm1ndGFzbW09MTc2JmV1ODMyPWNhcnRlci1oYW1yaWMtbmFzaHZpbGxl" "Mozilla/5.0 (Linux; Android 7.0;) AppleWebKit/537.36 (HTML, like Gecko) Mobile Safari/537.36 (compatible; PetalBot;+https://webmaster.petalsearch.com/site/petalbot)"
62.92.252.147 - - [12/Sep/2026:23:51:12 +0300] "GET /wp-content/uploads/2017/02/Kesikba%C5%9F-H%C3%BCseyin-A%C4%9Fa-1.jpg HTTP/1.1" 301 795 "-" "Mozilla/5.0 (X11; Linux x86_64) AppleWebKit/537.36 (KHTML, like Gecko) Chrome/120.0 Safari/537.36"
62.92.252.147 - - [12/Sep/2026:23:51:14 +0300] "GET /wp-content/uploads/2017/01/K%C3%BC%C3%A7%C3%BCk-H%C3%BCseyin-Efendi-351x185.jpg HTTP/1.1" 301 795 "-" "Mozilla/5.0 (X11; Linux x86_64) AppleWebKit/537.36 (KHTML, like Gecko) Chrome/120.0 Safari/537.36"
62.92.252.147 - - [12/Sep/2026:23:51:15 +0300] "GET /wp-content/uploads/2017/07/%C4%B0mam-H%C3%BCseyin-3-351x185.jpg HTTP/1.1" 301 795 "-" "Mozilla/5.0 (X11; Linux x86_64) AppleWebKit/537.36 (KHTML, like Gecko) Chrome/120.0 Safari/537.36"
62.92.252.147 - - [12/Sep/2026:23:51:19 +0300] "GET /wp-content/uploads/2014/12/DSCF5604.jpg HTTP/1.1" 301 795 "-" "Mozilla/5.0 (X11; Linux x86_64) AppleWebKit/537.36 (KHTML, like Gecko) Chrome/120.0 Safari/537.36"
62.92.252.147 - - [12/Sep/2026:23:51:19 +0300] "GET /wp-content/uploads/2014/10/kabir4.jpg HTTP/1.1" 301 795 "-" "Mozilla/5.0 (X11; Linux x86_64) AppleWebKit/537.36 (KHTML, like Gecko) Chrome/120.0 Safari/537.36"
35.93.51.26 - - [13/Sep/2026:00:04:51 +0300] "GET /wp-content/uploads/2020/04/%C4%B0hramc%C4%B1zade-%C4%B0smail-Hakk%C4%B1-Toprak-.jpg HTTP/1.1" 301 795 "-" "Mozilla/5.0 (Windows NT 10.0; Win64; x64) AppleWebKit/537.36 (KHTML, like Gecko) Chrome/144.0.0.0 Safari/537.36"
31.145.253.116 - - [13/Sep/2026:00:10:26 +0300] "GET /rss HTTP/1.1" 301 795 "-" "Mozilla/4.0 (compatible; Like Firefox; SismicsReaderBot/1.0;+http://www.sismics.com/reader/)"
206.42.109.58 - - [13/Sep/2026:00:14:07 +0300] "GET /how-to-frame-sports-jerseys HTTP/1.1" 301 795 "-" "SofyaBot/1.0 (+https://sofya.co/bot)"
101.47.55.250 - - [13/Sep/2026:00:24:17 +0300] "GET /wp-content/uploads/2015/10/DSC02198-150x150.jpg HTTP/1.1" 301 795 "http://www.evliyalar.net/" "Mozilla/5.0 (Windows NT 10.0; Win64; x64) AppleWebKit/537.36 (KHTML, like Gecko) Chrome/151.0.0.0 Safari/537.36"
216.73.216.28 - - [13/Sep/2026:00:28:17 +0300] "GET /robots.txt HTTP/1.1" 301 795 "-" "Mozilla/5.0 AppleWebKit/537.36 (KHTML, like Gecko; compatible; ClaudeBot/1.0; +claudebot@anthropic.com)"
216.73.216.28 - - [13/Sep/2026:00:28:17 +0300] "GET /location/molla-arap HTTP/1.1" 301 795 "-" "Mozilla/5.0 AppleWebKit/537.36 (KHTML, like Gecko; compatible; ClaudeBot/1.0; +claudebot@anthropic.com)"
163.220.152.26 - - [13/Sep/2026:00:45:11 +0300] "GET /wp-content/uploads/2015/09/DSC01169-110x96.jpg HTTP/1.1" 301 795 "-" "Mozilla/5.0 recap-datacomp-live-url-check"
114.119.133.12 - - [13/Sep/2026:00:45:58 +0300] "GET /odemis-evliyalari HTTP/1.1" 301 795 "http://www.evliyalar.net/good-collection-of-football-kits/" "Mozilla/5.0 (Linux; Android 7.0;) AppleWebKit/537.36 (HTML, like Gecko) Mobile Safari/537.36 (compatible; PetalBot;+https://webmaster.petalsearch.com/site/petalbot)"
167.114.139.113 - - [13/Sep/2026:01:07:50 +0300] "GET /robots.txt HTTP/1.1" 301 795 "-" "Mozilla/5.0 (compatible; AhrefsBot/7.0; +http://ahrefs.com/robot/)"
51.89.71.152 - - [13/Sep/2026:01:07:52 +0300] "GET /youth-soccer-and-ring-pops-2/ HTTP/1.1" 301 795 "-" "Mozilla/5.0 (compatible; AhrefsBot/7.0; +http://ahrefs.com/robot/)"
66.249.70.170 - - [12/Sep/2026:23:42:40 +0300] "GET /sari-hoca-camii-turbesi/?amp HTTP/1.1" 301 795 "-" "Mozilla/5.0 (Linux; Android 6.0.1; Nexus 5X Build/MMB29P) AppleWebKit/537.36 (KHTML, like Gecko) Chrome/152.0.7977.82 Mobile Safari/537.36 (compatible; Googlebot/2.1; +http://www.google.com/bot.html)"
85.17.47.87 - - [12/Sep/2026:23:42:59 +0300] "GET /ads.txt HTTP/1.1" 301 795 "-" "Centro Ads.txt Crawler/1.0"
92.204.248.55 - - [12/Sep/2026:23:43:00 +0300] "GET /antalya-evliyalari HTTP/1.1" 301 795 "-" "ias-ie/3.3 (former https://www.admantx.com + https://integralads.com/about-ias/)"
62.92.252.147 - - [12/Sep/2026:23:51:19 +0300] "GET /wp-content/uploads/2015/06/IMG_53831-640x336.jpg HTTP/1.1" 301 795 "-" "Mozilla/5.0 (X11; Linux x86_64) AppleWebKit/537.36 (KHTML, like Gecko) Chrome/120.0 Safari/537.36"
62.92.252.147 - - [12/Sep/2026:23:51:20 +0300] "GET /wp-content/uploads/2017/01/H%C3%BCseyin-Gazi-351x185.jpg HTTP/1.1" 301 795 "-" "Mozilla/5.0 (X11; Linux x86_64) AppleWebKit/537.36 (KHTML, like Gecko) Chrome/120.0 Safari/537.36"
216.73.216.28 - - [12/Sep/2026:23:57:13 +0300] "GET /etiket/bulut-dede-adana HTTP/1.1" 301 795 "-" "Mozilla/5.0 AppleWebKit/537.36 (KHTML, like Gecko; compatible; ClaudeBot/1.0; +claudebot@anthropic.com)"
31.145.253.116 - - [13/Sep/2026:00:10:26 +0300] "GET /rss HTTP/1.1" 301 795 "-" "Mozilla/4.0 (compatible; Like Firefox; SismicsReaderBot/1.0;+http://www.sismics.com/reader/)"
45.78.201.121 - - [13/Sep/2026:00:40:38 +0300] "GET / HTTP/1.1" 301 795 "-" "Mozilla/5.0 (Macintosh; Intel Mac OS X 10_15_7) AppleWebKit/537.36 (KHTML, like Gecko) Chrome/131.0.0.0 Safari/537.36"
114.119.136.184 - - [13/Sep/2026:00:47:21 +0300] "GET /kategori/dunya/turkmenistan-evliyalari?filter_by=featured HTTP/1.1" 301 795 "http://www.evliyalar.net/kategori/dunya/turkmenistan-evliyalari" "Mozilla/5.0 (Linux; Android 7.0;) AppleWebKit/537.36 (HTML, like Gecko) Mobile Safari/537.36 (compatible; PetalBot;+https://webmaster.petalsearch.com/site/petalbot)"
167.172.85.224 - - [13/Sep/2026:00:57:48 +0300] "GET /wp-login.php HTTP/1.1" 301 795 "-" "Mozilla/5.0 (Macintosh; Intel Mac OS X 10_15_7) AppleWebKit/605.1.15 (KHTML, like Gecko) Version/16.6 Safari/605.1.15"
216.73.216.28 - - [13/Sep/2026:01:00:03 +0300] "GET /map_location_categories/hindistan-evliyalari HTTP/1.1" 301 795 "-" "Mozilla/5.0 AppleWebKit/537.36 (KHTML, like Gecko; compatible; ClaudeBot/1.0; +claudebot@anthropic.com)"
101.47.55.40 - - [13/Sep/2026:01:11:36 +0300] "GET /wp-content/uploads/2015/10/DSC02213.jpg HTTP/1.1" 301 795 "http://www.evliyalar.net/" "Mozilla/5.0 (Windows NT 10.0; Win64; x64) AppleWebKit/537.36 (KHTML, like Gecko) Chrome/148.0.0.0 Safari/537.36"
183.80.203.207 - - [13/Sep/2026:01:22:26 +0300] "GET / HTTP/1.1" 301 795 "-" "Mozilla/5.0 (Windows NT 10.0; Win64; x64) AppleWebKit/537.36 (KHTML, like Gecko) Chrome/120.0.0.0 Safari/537.36"
183.80.203.207 - - [13/Sep/2026:01:22:28 +0300] "GET / HTTP/1.1" 301 795 "-" "Mozilla/5.0 (Windows NT 10.0; Win64; x64) AppleWebKit/537.36 (KHTML, like Gecko) Chrome/120.0.0.0 Safari/537.36"
183.80.203.207 - - [13/Sep/2026:01:22:31 +0300] "GET /contact HTTP/1.1" 301 795 "-" "Mozilla/5.0 (Windows NT 10.0; Win64; x64) AppleWebKit/537.36 (KHTML, like Gecko) Chrome/120.0.0.0 Safari/537.36"
183.80.203.207 - - [13/Sep/2026:01:22:33 +0300] "GET /pages/contact HTTP/1.1" 301 795 "-" "Mozilla/5.0 (Windows NT 10.0; Win64; x64) AppleWebKit/537.36 (KHTML, like Gecko) Chrome/120.0.0.0 Safari/537.36"
183.80.203.207 - - [13/Sep/2026:01:22:34 +0300] "GET /policies/contact-information HTTP/1.1" 301 795 "-" "Mozilla/5.0 (Windows NT 10.0; Win64; x64) AppleWebKit/537.36 (KHTML, like Gecko) Chrome/120.0.0.0 Safari/537.36"
216.73.216.28 - - [13/Sep/2026:01:44:06 +0300] "GET /robots.txt HTTP/1.1" 301 795 "-" "Mozilla/5.0 AppleWebKit/537.36 (KHTML, like Gecko; compatible; ClaudeBot/1.0; +claudebot@anthropic.com)"
216.73.216.28 - - [13/Sep/2026:01:44:08 +0300] "GET /location/lali-muhammed-efendi-k-s HTTP/1.1" 301 795 "-" "Mozilla/5.0 AppleWebKit/537.36 (KHTML, like Gecko; compatible; ClaudeBot/1.0; +claudebot@anthropic.com)"
47.128.43.15 - - [13/Sep/2026:01:45:22 +0300] "GET /blog/ HTTP/1.1" 301 795 "-" "Mozilla/5.0 (Linux; Android 5.0) AppleWebKit/537.36 (KHTML, like Gecko) Mobile Safari/537.36 (compatible; Bytespider; spider-feedback@bytedance.com)"
47.128.127.104 - - [13/Sep/2026:01:47:00 +0300] "GET /robots.txt HTTP/1.1" 301 795 "-" "Mozilla/5.0 (iPhone; CPU iPhone OS 7_1_2 like Mac OS X) AppleWebKit/537.36 (KHTML, like Gecko) Version/7.0 Mobile Safari/537.36 (compatible; Bytespider; https://bytedance.sg.larkoffice.com/docx/K5bxdypulop3IIxrJb0lOjLVgFe)"
163.220.152.26 - - [13/Sep/2026:02:00:28 +0300] "GET /wp-content/uploads/2017/09/Sad-Bin-Abu-Vakkas-Seydi-Vakkas--702x336.jpg HTTP/1.1" 301 795 "-" "Mozilla/5.0 recap-datacomp-live-url-check"
216.73.216.28 - - [13/Sep/2026:02:06:38 +0300] "GET /location/kirklar-sultan HTTP/1.1" 301 795 "-" "Mozilla/5.0 AppleWebKit/537.36 (KHTML, like Gecko; compatible; ClaudeBot/1.0; +claudebot@anthropic.com)"
66.249.64.76 - - [13/Sep/2026:01:40:29 +0300] "GET /ads.txt HTTP/1.1" 301 795 "-" "Google-adstxt"
43.159.145.149 - - [13/Sep/2026:01:52:47 +0300] "GET / HTTP/1.1" 301 795 "-" "Mozilla/5.0 (iPhone; CPU iPhone OS 13_2_3 like Mac OS X) AppleWebKit/605.1.15 (KHTML, like Gecko) Version/13.0.3 Mobile/15E148 Safari/604.1"
216.73.216.28 - - [13/Sep/2026:02:11:51 +0300] "GET /yahya-ve-yunus-hazretleri HTTP/1.1" 301 795 "-" "Mozilla/5.0 AppleWebKit/537.36 (KHTML, like Gecko; compatible; ClaudeBot/1.0; +claudebot@anthropic.com)"
216.73.216.28 - - [13/Sep/2026:02:17:42 +0300] "GET /location/hz-ukkase-r-a HTTP/1.1" 301 795 "-" "Mozilla/5.0 AppleWebKit/537.36 (KHTML, like Gecko; compatible; ClaudeBot/1.0; +claudebot@anthropic.com)"
85.119.149.127 - - [13/Sep/2026:02:25:20 +0300] "GET / HTTP/1.1" 301 795 "-" "Mozilla/5.0 (X11; Linux x86_64) AppleWebKit/537.36 (KHTML, like Gecko) Chrome/138.0.0.0 Safari/537.36"
103.131.71.137 - - [13/Sep/2026:02:30:40 +0300] "GET /robots.txt HTTP/1.1" 301 795 "-" "Mozilla/5.0 (compatible; coccocbot-web/1.0; +http://help.coccoc.com/searchengine)"
136.65.10.141 - - [13/Sep/2026:02:33:59 +0300] "GET /robots.txt HTTP/1.1" 301 795 "-" "Mozilla/5.0 AppleWebKit/537.36 (KHTML, like Gecko; compatible; Reflectionbot/1.0; +https://reflection.ai/bot) Chrome/151.0.0.0 Safari/537.36"
114.119.133.108 - - [13/Sep/2026:02:39:52 +0300] "GET /kategori/peygamberler/turkiye-peygamberleri/mersin-peygamberleri?filter_by=featured HTTP/1.1" 301 795 "http://www.evliyalar.net/kategori/peygamberler/turkiye-peygamberleri/mersin-peygamberleri/" "Mozilla/5.0 (Linux; Android 7.0;) AppleWebKit/537.36 (HTML, like Gecko) Mobile Safari/537.36 (compatible; PetalBot;+https://webmaster.petalsearch.com/site/petalbot)"
43.165.167.69 - - [13/Sep/2026:02:48:55 +0300] "GET / HTTP/1.1" 301 795 "-" "Mozilla/5.0 (iPhone; CPU iPhone OS 13_2_3 like Mac OS X) AppleWebKit/605.1.15 (KHTML, like Gecko) Version/13.0.3 Mobile/15E148 Safari/604.1"
45.8.19.134 - - [13/Sep/2026:02:54:29 +0300] "GET /000.php HTTP/1.1" 301 795 "-" "Go-http-client/1.1"
45.8.19.120 - - [13/Sep/2026:02:54:30 +0300] "GET /wp-content/about.php HTTP/1.1" 301 795 "-" "Go-http-client/1.1"
45.8.19.120 - - [13/Sep/2026:02:54:31 +0300] "GET /wp-admin/css/admin.php HTTP/1.1" 301 795 "-" "Go-http-client/1.1"
45.8.19.120 - - [13/Sep/2026:02:54:31 +0300] "GET //wp-admin/css/about.php HTTP/1.1" 301 795 "-" "Go-http-client/1.1"
45.8.19.120 - - [13/Sep/2026:02:54:31 +0300] "GET /wp-content/wp-setting.php HTTP/1.1" 301 795 "-" "Go-http-client/1.1"
45.8.19.120 - - [13/Sep/2026:02:54:32 +0300] "GET /wp-includes/hp2.php HTTP/1.1" 301 795 "-" "Go-http-client/1.1"
45.8.19.120 - - [13/Sep/2026:02:54:32 +0300] "GET /bless.php HTTP/1.1" 301 795 "-" "Go-http-client/1.1"
45.8.19.120 - - [13/Sep/2026:02:54:33 +0300] "GET /wp-content/goods.php HTTP/1.1" 301 795 "-" "Go-http-client/1.1"
45.8.19.120 - - [13/Sep/2026:02:54:33 +0300] "GET /blurbs.php HTTP/1.1" 301 795 "-" "Go-http-client/1.1"
45.8.19.120 - - [13/Sep/2026:02:54:34 +0300] "GET /wp-admin/css/goods.php HTTP/1.1" 301 795 "-" "Go-http-client/1.1"
45.8.19.120 - - [13/Sep/2026:02:54:34 +0300] "GET /abcd.php HTTP/1.1" 301 795 "-" "Go-http-client/1.1"
45.8.19.120 - - [13/Sep/2026:02:54:35 +0300] "GET /wp-admin/css/colors/wp-login.php HTTP/1.1" 301 795 "-" "Go-http-client/1.1"
45.8.19.120 - - [13/Sep/2026:02:54:35 +0300] "GET /dex.php HTTP/1.1" 301 795 "-" "Go-http-client/1.1"
45.8.19.120 - - [13/Sep/2026:02:54:36 +0300] "GET /wp-admin/admin-ajax.php HTTP/1.1" 301 795 "-" "Go-http-client/1.1"
45.8.19.120 - - [13/Sep/2026:02:54:36 +0300] "GET /wp-admin/css/index.php HTTP/1.1" 301 795 "-" "Go-http-client/1.1"
45.8.19.120 - - [13/Sep/2026:02:54:37 +0300] "GET /wp-admin/index.php HTTP/1.1" 301 795 "-" "Go-http-client/1.1"
45.8.19.120 - - [13/Sep/2026:02:54:37 +0300] "GET /wp-content/plugins/index.php HTTP/1.1" 301 795 "-" "Go-http-client/1.1"
45.8.19.120 - - [13/Sep/2026:02:54:38 +0300] "GET /wp-content/index.php HTTP/1.1" 301 795 "-" "Go-http-client/1.1"
45.8.19.120 - - [13/Sep/2026:02:54:38 +0300] "GET /wp-content/plugins/fix/000.php HTTP/1.1" 301 795 "-" "Go-http-client/1.1"
45.8.19.120 - - [13/Sep/2026:02:54:39 +0300] "GET /file.php HTTP/1.1" 301 795 "-" "Go-http-client/1.1"
45.8.19.120 - - [13/Sep/2026:02:54:39 +0300] "GET //wp-content/plugins/fix/up.php HTTP/1.1" 301 795 "-" "Go-http-client/1.1"
52.167.144.179 - - [13/Sep/2026:02:13:51 +0300] "GET /wp-content/uploads/2015/06/DSCF4286.jpg HTTP/1.1" 301 795 "-" "Mozilla/5.0 AppleWebKit/537.36 (KHTML, like Gecko; compatible; bingbot/2.0; +http://www.bing.com/bingbot.htm) Chrome/116.0.1938.76 Safari/537.36"
136.65.10.141 - - [13/Sep/2026:02:33:59 +0300] "GET /an-analysis-of-vital-factors-of-cheap-nfl-jerseys/ HTTP/1.1" 301 795 "-" "Mozilla/5.0 AppleWebKit/537.36 (KHTML, like Gecko; compatible; Reflectionbot/1.0; +https://reflection.ai/bot) Chrome/151.0.0.0 Safari/537.36"
114.119.155.54 - - [13/Sep/2026:02:45:27 +0300] "GET /kategori/anadolu-evliyalari/izmir-evliyalari/balcova-evliyalari?filter_by=popular HTTP/1.1" 301 795 "http://www.evliyalar.net/kategori/anadolu-evliyalari/izmir-evliyalari/balcova-evliyalari?filter_by=random_posts" "Mozilla/5.0 (Linux; Android 7.0;) AppleWebKit/537.36 (HTML, like Gecko) Mobile Safari/537.36 (compatible; PetalBot;+https://webmaster.petalsearch.com/site/petalbot)"
216.73.160.238 - - [13/Sep/2026:02:54:42 +0300] "GET /ioxi-o.php HTTP/1.1" 301 795 "-" "Go-http-client/1.1"
216.73.160.238 - - [13/Sep/2026:02:54:42 +0300] "GET /wp-content/ioxi-o.php HTTP/1.1" 301 795 "-" "Go-http-client/1.1"
216.73.160.238 - - [13/Sep/2026:02:54:43 +0300] "GET /style.php HTTP/1.1" 301 795 "-" "Go-http-client/1.1"
216.73.160.238 - - [13/Sep/2026:02:54:43 +0300] "GET /wp-content/style.php HTTP/1.1" 301 795 "-" "Go-http-client/1.1"
216.73.160.238 - - [13/Sep/2026:02:54:44 +0300] "GET /wp-editor.php HTTP/1.1" 301 795 "-" "Go-http-client/1.1"
216.73.160.238 - - [13/Sep/2026:02:54:44 +0300] "GET /lufix.php HTTP/1.1" 301 795 "-" "Go-http-client/1.1"
216.73.160.238 - - [13/Sep/2026:02:54:45 +0300] "GET /txets.php HTTP/1.1" 301 795 "-" "Go-http-client/1.1"
216.73.160.238 - - [13/Sep/2026:02:54:45 +0300] "GET /wp-content/themes/txets.php HTTP/1.1" 301 795 "-" "Go-http-client/1.1"
216.73.160.238 - - [13/Sep/2026:02:54:46 +0300] "GET /wp-admin/txets.php HTTP/1.1" 301 795 "-" "Go-http-client/1.1"
216.73.160.238 - - [13/Sep/2026:02:54:46 +0300] "GET /wp-includes/txets.php HTTP/1.1" 301 795 "-" "Go-http-client/1.1"
216.73.160.238 - - [13/Sep/2026:02:54:46 +0300] "GET /goods.php HTTP/1.1" 301 795 "-" "Go-http-client/1.1"
216.73.160.238 - - [13/Sep/2026:02:54:47 +0300] "GET /php8.php HTTP/1.1" 301 795 "-" "Go-http-client/1.1"
101.47.55.75 - - [13/Sep/2026:03:19:08 +0300] "GET /wp-content/uploads/2015/09/Ekran-Resmi-2015-09-26-12.07.28-150x150.jpg HTTP/1.1" 301 795 "http://www.evliyalar.net/" "Mozilla/5.0 (Windows NT 10.0; Win64; x64) AppleWebKit/537.36 (KHTML, like Gecko) Chrome/141.0.0.0 Safari/537.36"
31.145.253.116 - - [13/Sep/2026:03:25:08 +0300] "GET /rss HTTP/1.1" 301 795 "-" "Mozilla/4.0 (compatible; Like Firefox; SismicsReaderBot/1.0;+http://www.sismics.com/reader/)"
85.174.183.129 - - [13/Sep/2026:03:26:11 +0300] "GET /ebubekir-i-siddiki-corumi-ks/ HTTP/1.0" 301 795 "http://evliyalar.net/ebubekir-i-siddiki-corumi-ks/" "Mozilla/5.0 (Windows NT 10.0; Win64; x64) AppleWebKit/537.36 (KHTML, like Gecko) Chrome/130.0.0.0 Safari/537.36"
178.211.139.240 - - [13/Sep/2026:03:51:22 +0300] "GET /txets.php HTTP/1.1" 301 795 "-" "Mozilla/5.0 (Windows NT 10.0; Win64; x64) AppleWebKit/537.36 (KHTML, like Gecko) Chrome/90.0.4430.85 Safari/537.36"
107.149.159.96 - - [13/Sep/2026:03:59:41 +0300] "GET /baker.php/ HTTP/1.1" 301 795 "-" "Mozilla/5.0 (Windows NT 10.0; WOW64; rv:48.0) Gecko/20100101 Firefox/48.0"
66.249.70.172 - - [13/Sep/2026:04:00:18 +0300] "GET /wp-content/uploads/2018/07/%C5%9Eeyh-KAs%C4%B1m-Togari.jpg HTTP/1.1" 301 795 "-" "Googlebot-Image/1.0"
66.249.70.170 - - [13/Sep/2026:04:02:15 +0300] "GET /wp-content/uploads/2016/01/DSC02881.jpg HTTP/1.1" 301 795 "-" "Googlebot-Image/1.0"
141.94.194.132 - - [13/Sep/2026:04:09:13 +0300] "GET /feed/ HTTP/1.1" 301 795 "-" "Mozilla/5.0 (X11; Linux i686) AppleWebKit/537.36 (KHTML, like Gecko) Chrome/30.0.1599.66 Safari/537.36"
45.8.19.120 - - [13/Sep/2026:02:54:40 +0300] "GET /wp-mail.php HTTP/1.1" 301 795 "-" "Go-http-client/1.1"
107.149.159.96 - - [13/Sep/2026:03:04:29 +0300] "GET /1234.php HTTP/1.1" 301 795 "-" "Mozilla/5.0 (Windows NT 10.0; WOW64; rv:48.0) Gecko/20100101 Firefox/48.0"
66.249.70.172 - - [13/Sep/2026:03:08:28 +0300] "GET /ayni-dede/feed/ HTTP/1.1" 301 795 "-" "Mozilla/5.0 (Linux; Android 6.0.1; Nexus 5X Build/MMB29P) AppleWebKit/537.36 (KHTML, like Gecko) Chrome/152.0.7977.82 Mobile Safari/537.36 (compatible; Googlebot/2.1; +http://www.google.com/bot.html)"
137.131.43.163 - - [13/Sep/2026:03:17:20 +0300] "GET / HTTP/1.1" 301 795 "-" "Mozilla/5.0 (Windows NT 10.0; Win64; x64) AppleWebKit/537.36 (KHTML, like Gecko) Chrome/80.0.3987.149 Safari/537.36"
17.166.20.122 - - [13/Sep/2026:03:19:50 +0300] "GET /wp-content/uploads/2014/12/Haci-hafiz-Mustafa-Ozgur1.jpg HTTP/1.1" 301 795 "-" "Mozilla/5.0 (Macintosh; Intel Mac OS X 10_15_7) AppleWebKit/605.1.15 (KHTML, like Gecko) Version/17.4 Safari/605.1.15 (Applebot/0.1; +http://www.apple.com/go/applebot)"
31.145.253.116 - - [13/Sep/2026:03:25:08 +0300] "GET /rss HTTP/1.1" 301 795 "-" "Mozilla/4.0 (compatible; Like Firefox; SismicsReaderBot/1.0;+http://www.sismics.com/reader/)"
66.249.70.170 - - [13/Sep/2026:03:39:01 +0300] "GET /wp-content/uploads/2015/12/IMG_4972.jpg HTTP/1.1" 301 795 "-" "Googlebot-Image/1.0"
107.149.159.96 - - [13/Sep/2026:03:39:20 +0300] "GET /s.php HTTP/1.1" 301 795 "-" "Mozilla/5.0 (Windows NT 10.0; WOW64; rv:48.0) Gecko/20100101 Firefox/48.0"
66.249.70.170 - - [13/Sep/2026:03:46:06 +0300] "GET /wp-content/uploads/2016/10/IMG_3771.jpg HTTP/1.1" 301 795 "-" "Googlebot-Image/1.0"
95.108.213.197 - - [13/Sep/2026:03:46:46 +0300] "GET /robots.txt HTTP/1.1" 301 795 "-" "Mozilla/5.0 (compatible; YandexBot/3.0; +http://yandex.com/bots)"
87.250.224.126 - - [13/Sep/2026:03:46:47 +0300] "GET / HTTP/1.1" 301 795 "-" "Mozilla/5.0 (compatible; YandexBot/3.0; +http://yandex.com/bots)"
178.211.139.240 - - [13/Sep/2026:03:51:19 +0300] "GET /filefuns.php HTTP/1.1" 301 795 "-" "Mozilla/5.0 (Windows NT 10.0; Win64; x64) AppleWebKit/537.36 (KHTML, like Gecko) Chrome/90.0.4430.85 Safari/537.36"
178.211.139.240 - - [13/Sep/2026:03:51:24 +0300] "GET /postnews.php HTTP/1.1" 301 795 "-" "Mozilla/5.0 (Windows NT 10.0; Win64; x64) AppleWebKit/537.36 (KHTML, like Gecko) Chrome/90.0.4430.85 Safari/537.36"
66.249.70.170 - - [13/Sep/2026:03:51:43 +0300] "GET /wp-content/uploads/2015/10/DSC01975.jpg HTTP/1.1" 301 795 "-" "Googlebot-Image/1.0"
192.0.118.180 - - [13/Sep/2026:04:20:37 +0300] "GET /wp-content/uploads/2020/04/%C3%84%C2%B0hramc%C3%84%C2%B1zade-%C3%84%C2%B0smail-Hakk%C3%84%C2%B1-Toprak-.jpg HTTP/1.1" 301 795 "-" "Photon/1.0"
52.5.64.200 - - [13/Sep/2026:04:26:12 +0300] "GET /robots.txt HTTP/1.1" 301 795 "-" "Mozilla/5.0 (Macintosh; Intel Mac OS X 10_10_1) AppleWebKit/600.2.5 (KHTML, like Gecko) Version/8.0.2 Safari/600.2.5 (Gort)"
66.249.70.172 - - [13/Sep/2026:04:26:18 +0300] "GET /wp-content/uploads/2016/12/IMG_1374.jpg HTTP/1.1" 301 795 "-" "Googlebot-Image/1.0"
192.0.118.178 - - [13/Sep/2026:04:30:35 +0300] "GET /wp-content/uploads/2016/07/IMG_4170-1078x516.jpg HTTP/1.1" 301 795 "-" "Photon/1.0"
66.249.70.170 - - [13/Sep/2026:04:40:08 +0300] "GET /wp-content/uploads/2017/01/IMG_4467-1.jpg HTTP/1.1" 301 795 "-" "Googlebot-Image/1.0"
66.249.70.170 - - [13/Sep/2026:04:41:30 +0300] "GET /wp-content/uploads/2016/02/06_ALT_ANT_893-05.jpg HTTP/1.1" 301 795 "-" "Googlebot-Image/1.0"
192.0.116.50 - - [13/Sep/2026:04:42:29 +0300] "GET /wp-content/uploads/2014/09/elyesavezulkufas-7.jpg HTTP/1.1" 301 795 "-" "Photon/1.0"
35.94.202.133 - - [13/Sep/2026:04:46:27 +0300] "GET /wp-content/uploads/2015/05/Seyh-Bedir-Karahan5.jpg HTTP/1.1" 301 795 "-" "Mozilla/5.0 (Windows NT 10.0; Win64; x64) AppleWebKit/537.36 (KHTML, like Gecko) Chrome/144.0.0.0 Safari/537.36"
66.249.70.170 - - [13/Sep/2026:04:48:08 +0300] "GET /wp-content/uploads/2018/08/%C5%9Eeyh-Hasan-Ba%C4%9Fdadi.jpg HTTP/1.1" 301 795 "-" "Googlebot-Image/1.0"
47.128.42.95 - - [13/Sep/2026:04:17:15 +0300] "GET /ceocr/oaho3bs.php?bs=b25uaj01JmVkcXR1Y3M9MTc2JmJzNzQ0PWxpZ2h0LXBhY2thZ2luZy1qb2JzLXRvcm9udG8= HTTP/1.1" 301 795 "-" "Mozilla/5.0 (Linux; Android 5.0) AppleWebKit/537.36 (KHTML, like Gecko) Mobile Safari/537.36 (compatible; Bytespider; spider-feedback@bytedance.com)"
145.239.10.137 - - [13/Sep/2026:04:17:32 +0300] "GET /autoload_classmap.php HTTP/1.1" 301 795 "http://evliyalar.net/autoload_classmap.php" "Mozilla/5.0 (iPhone; CPU iPhone OS 17_5_1 like Mac OS X) AppleWebKit/605.1.15 (KHTML, like Gecko) Version/17.5 Mobile/15E148 Safari/604.1"
51.68.236.59 - - [13/Sep/2026:04:18:41 +0300] "GET /robots.txt HTTP/1.1" 301 795 "-" "Mozilla/5.0 (compatible; MJ12bot/v2.0.5; http://mj12bot.com/)"
51.68.236.59 - - [13/Sep/2026:04:18:41 +0300] "GET / HTTP/1.1" 301 795 "-" "Mozilla/5.0 (compatible; MJ12bot/v2.0.5; http://mj12bot.com/)"
192.0.113.52 - - [13/Sep/2026:04:28:38 +0300] "GET /wp-content/uploads/2016/07/IMG_4173-1078x516.jpg HTTP/1.1" 301 795 "-" "Photon/1.0"
216.73.216.28 - - [13/Sep/2026:04:39:49 +0300] "GET /robots.txt HTTP/1.1" 301 795 "-" "Mozilla/5.0 AppleWebKit/537.36 (KHTML, like Gecko; compatible; ClaudeBot/1.0; +claudebot@anthropic.com)"
216.73.216.28 - - [13/Sep/2026:04:39:49 +0300] "GET /turkmenistan-evliyalari HTTP/1.1" 301 795 "-" "Mozilla/5.0 AppleWebKit/537.36 (KHTML, like Gecko; compatible; ClaudeBot/1.0; +claudebot@anthropic.com)"
16.147.223.85 - - [13/Sep/2026:04:46:27 +0300] "GET /wp-content/uploads/2015/05/Seyh-Bedir-Karahan3.jpg HTTP/1.1" 301 795 "-" "Mozilla/5.0 (Windows NT 10.0; Win64; x64) AppleWebKit/537.36 (KHTML, like Gecko) Chrome/144.0.0.0 Safari/537.36"
44.244.127.199 - - [13/Sep/2026:04:46:27 +0300] "GET /wp-content/uploads/2015/05/Seyh-Bedir-Karahan2.jpg HTTP/1.1" 301 795 "-" "Mozilla/5.0 (Windows NT 10.0; Win64; x64) AppleWebKit/537.36 (KHTML, like Gecko) Chrome/144.0.0.0 Safari/537.36"
54.244.49.174 - - [13/Sep/2026:04:46:33 +0300] "GET /wp-content/uploads/2015/05/Seyh-Bedir-Karahan4.jpg HTTP/1.1" 301 795 "-" "Mozilla/5.0 (Windows NT 10.0; Win64; x64) AppleWebKit/537.36 (KHTML, like Gecko) Chrome/144.0.0.0 Safari/537.36"
52.88.65.88 - - [13/Sep/2026:04:46:33 +0300] "GET /wp-content/uploads/2015/06/Beyazid-Bistami8-scaled.jpg HTTP/1.1" 301 795 "-" "Mozilla/5.0 (Windows NT 10.0; Win64; x64) AppleWebKit/537.36 (KHTML, like Gecko) Chrome/144.0.0.0 Safari/537.36"
35.85.254.175 - - [13/Sep/2026:04:46:33 +0300] "GET /wp-content/uploads/2017/03/1932314_237741596396529_2963260913563083906_n-218x150.jpg HTTP/1.1" 301 795 "-" "Mozilla/5.0 (Windows NT 10.0; Win64; x64) AppleWebKit/537.36 (KHTML, like Gecko) Chrome/144.0.0.0 Safari/537.36"
66.132.172.128 - - [13/Sep/2026:04:50:39 +0300] "GET / HTTP/1.1" 301 795 "-" "Mozilla/5.0 (compatible; CensysInspect/1.1; +https://about.censys.io/)"
66.249.70.171 - - [13/Sep/2026:04:58:35 +0300] "GET /wp-content/uploads/2015/09/DSC01165.jpg HTTP/1.1" 301 795 "-" "Googlebot-Image/1.0"
100.29.164.178 - - [13/Sep/2026:05:03:40 +0300] "GET /wp-content/uploads/2020/10/Vahib-i-Ummi1.jpeg HTTP/1.1" 301 795 "-" "Mozilla/5.0 AppleWebKit/537.36 (KHTML, like Gecko; compatible; Amazonbot/0.1; +https://developer.amazon.com/support/amazonbot) Chrome/119.0.6045.214 Safari/537.36"
101.47.55.250 - - [13/Sep/2026:05:06:40 +0300] "GET /wp-content/uploads/2016/10/DSC01768-351x185.jpg HTTP/1.1" 301 795 "http://www.evliyalar.net/" "Mozilla/5.0 (Windows NT 10.0; Win64; x64) AppleWebKit/537.36 (KHTML, like Gecko) Chrome/142.0.0.0 Safari/537.36"
66.249.70.170 - - [13/Sep/2026:05:18:56 +0300] "GET /wp-content/uploads/2014/09/danyal-3-scaled.jpg HTTP/1.1" 301 795 "-" "Googlebot-Image/1.0"
114.119.136.184 - - [13/Sep/2026:05:29:31 +0300] "GET /kategori/sahabeler/guney-kibris-sahabeleri-sahabeler?filter_by=featured HTTP/1.1" 301 795 "http://www.evliyalar.net/kategori/sahabeler/guney-kibris-sahabeleri-sahabeler/" "Mozilla/5.0 (Linux; Android 7.0;) AppleWebKit/537.36 (HTML, like Gecko) Mobile Safari/537.36 (compatible; PetalBot;+https://webmaster.petalsearch.com/site/petalbot)"
66.249.70.170 - - [13/Sep/2026:04:55:22 +0300] "GET /wp-content/uploads/2018/09/Ekran-Resmi-2020-10-10-23.36.57.png HTTP/1.1" 301 795 "-" "Googlebot-Image/1.0"
101.47.55.249 - - [13/Sep/2026:04:59:31 +0300] "GET /wp-content/uploads/2018/09/Osman-Bedreddin-Erzurumi-2-150x210.jpg HTTP/1.1" 301 795 "http://www.evliyalar.net/" "Mozilla/5.0 (Windows NT 10.0; Win64; x64) AppleWebKit/537.36 (KHTML, like Gecko) Chrome/142.0.0.0 Safari/537.36"
101.47.55.74 - - [13/Sep/2026:05:02:05 +0300] "GET /wp-content/uploads/2015/10/DSC02061.jpg HTTP/1.1" 301 795 "http://www.evliyalar.net/" "Mozilla/5.0 (Windows NT 10.0; Win64; x64) AppleWebKit/537.36 (KHTML, like Gecko) Chrome/145.0.0.0 Safari/537.36"
34.34.225.239 - - [13/Sep/2026:05:04:02 +0300] "GET /ads.txt HTTP/1.1" 301 795 "-" "bidswitchbot/1.0"
66.249.70.172 - - [13/Sep/2026:05:25:12 +0300] "GET /seyh-yusuf-ibni-nebevi-el-iluhi-k-s/feed/ HTTP/1.1" 301 795 "-" "Mozilla/5.0 (Linux; Android 6.0.1; Nexus 5X Build/MMB29P) AppleWebKit/537.36 (KHTML, like Gecko) Chrome/152.0.7977.82 Mobile Safari/537.36 (compatible; Googlebot/2.1; +http://www.google.com/bot.html)"
114.119.155.235 - - [13/Sep/2026:05:26:44 +0300] "GET /rlwi/ifz.php?qm=b3Frej01JnVwbWhma2Y9MTc2JnFtNTUzPW1jcGUtYXV0by1jbGlja2Vy HTTP/1.1" 301 795 "http://www.evliyalar.net/rlwi/ifz.php?qm=b3Frej01JnVwbWhma2Y9MTc2JnFtNTUzPW1jcGUtYXV0by1jbGlja2Vy" "Mozilla/5.0 (Linux; Android 7.0;) AppleWebKit/537.36 (HTML, like Gecko) Mobile Safari/537.36 (compatible; PetalBot;+https://webmaster.petalsearch.com/site/petalbot)"
114.119.157.237 - - [13/Sep/2026:05:28:08 +0300] "GET /konya-evliyalari/page/3/?author=1 HTTP/1.1" 301 795 "http://www.evliyalar.net/konya-evliyalari/page/3/?author=1" "Mozilla/5.0 (Linux; Android 7.0;) AppleWebKit/537.36 (HTML, like Gecko) Mobile Safari/537.36 (compatible; PetalBot;+https://webmaster.petalsearch.com/site/petalbot)"
216.73.216.28 - - [13/Sep/2026:05:30:28 +0300] "GET /etiket/hace-hasan-attar HTTP/1.1" 301 795 "-" "Mozilla/5.0 AppleWebKit/537.36 (KHTML, like Gecko; compatible; ClaudeBot/1.0; +claudebot@anthropic.com)"
163.220.152.26 - - [13/Sep/2026:05:35:58 +0300] "GET /wp-content/uploads/2015/09/DSC01153-150x150.jpg HTTP/1.1" 301 795 "-" "Mozilla/5.0 recap-datacomp-live-url-check"
66.249.70.170 - - [13/Sep/2026:05:39:16 +0300] "GET /wp-content/uploads/2016/04/DSC02643.jpg HTTP/1.1" 301 795 "-" "Googlebot-Image/1.0"
66.249.70.170 - - [13/Sep/2026:05:43:49 +0300] "GET /wp-content/uploads/2017/01/IMG_9474.jpg HTTP/1.1" 301 795 "-" "Googlebot-Image/1.0"
66.249.70.170 - - [13/Sep/2026:05:45:51 +0300] "GET /wp-content/uploads/2016/12/IMG_6120.jpg HTTP/1.1" 301 795 "-" "Googlebot-Image/1.0"
149.88.28.129 - - [13/Sep/2026:05:46:05 +0300] "GET /ebubekir-i-siddiki-corumi-ks/ HTTP/1.0" 301 795 "http://evliyalar.net/ebubekir-i-siddiki-corumi-ks/" "Mozilla/5.0 (Windows NT 10.0; Win64; x64) AppleWebKit/537.36 (KHTML, like Gecko) Chrome/131.0.0.0 Safari/537.36"
66.249.70.170 - - [13/Sep/2026:05:47:30 +0300] "GET /seyh-sinan-turbesi-2/ HTTP/1.1" 301 795 "-" "Mozilla/5.0 (Linux; Android 6.0.1; Nexus 5X Build/MMB29P) AppleWebKit/537.36 (KHTML, like Gecko) Chrome/152.0.7977.82 Mobile Safari/537.36 (compatible; GoogleOther)"
66.249.70.170 - - [13/Sep/2026:05:47:37 +0300] "GET /ibrahim-ipek-efendi/?amp HTTP/1.1" 301 795 "-" "Mozilla/5.0 (Linux; Android 6.0.1; Nexus 5X Build/MMB29P) AppleWebKit/537.36 (KHTML, like Gecko) Chrome/152.0.7977.82 Mobile Safari/537.36 (compatible; Googlebot/2.1; +http://www.google.com/bot.html)"
66.249.70.170 - - [13/Sep/2026:06:01:43 +0300] "GET /?0bHVGd4027a37b3cb3BAVOf16 HTTP/1.1" 301 795 "-" "Mozilla/5.0 (Linux; Android 6.0.1; Nexus 5X Build/MMB29P) AppleWebKit/537.36 (KHTML, like Gecko) Chrome/152.0.7977.82 Mobile Safari/537.36 (compatible; Googlebot/2.1; +http://www.google.com/bot.html)"
5.102.169.29 - - [13/Sep/2026:06:23:22 +0300] "GET /evliyala_db.sql.jan24 HTTP/1.1" 301 795 "-" "Mozilla/5.0 (Windows NT 10.0) AppleWebKit/537.36 (KHTML, like Gecko) Chrome/117.0.0.0 Safari/537.36"
114.119.133.108 - - [13/Sep/2026:05:30:54 +0300] "GET /kategori/miscellaneous/?filter_by=popular HTTP/1.1" 301 795 "https://www.evliyalar.net/kategori/miscellaneous/?filter_by=review_high" "Mozilla/5.0 (Linux; Android 7.0;) AppleWebKit/537.36 (HTML, like Gecko) Mobile Safari/537.36 (compatible; PetalBot;+https://webmaster.petalsearch.com/site/petalbot)"
114.119.157.237 - - [13/Sep/2026:05:32:17 +0300] "GET /kategori/anadolu-evliyalari/samsun-evliyalari/page/10?filter_by=random_posts HTTP/1.1" 301 795 "http://www.evliyalar.net/kategori/anadolu-evliyalari/samsun-evliyalari/page/11?filter_by=random_posts" "Mozilla/5.0 (Linux; Android 7.0;) AppleWebKit/537.36 (HTML, like Gecko) Mobile Safari/537.36 (compatible; PetalBot;+https://webmaster.petalsearch.com/site/petalbot)"
66.249.70.171 - - [13/Sep/2026:05:34:09 +0300] "GET /wp-content/uploads/2014/09/movsar-hz.jpg HTTP/1.1" 301 795 "-" "Googlebot-Image/1.0"
66.249.64.65 - - [13/Sep/2026:05:40:30 +0300] "GET /ads.txt HTTP/1.1" 301 795 "-" "Google-adstxt"
66.249.70.171 - - [13/Sep/2026:05:45:09 +0300] "GET /wp-content/uploads/2016/05/IMG_9105.jpg HTTP/1.1" 301 795 "-" "Googlebot-Image/1.0"
66.249.70.170 - - [13/Sep/2026:05:48:42 +0300] "GET /seyh-sinan-turbesi-2/ HTTP/1.1" 301 795 "-" "Mozilla/5.0 (Linux; Android 6.0.1; Nexus 5X Build/MMB29P) AppleWebKit/537.36 (KHTML, like Gecko) Chrome/152.0.7977.82 Mobile Safari/537.36 (compatible; Googlebot/2.1; +http://www.google.com/bot.html)"
66.249.70.171 - - [13/Sep/2026:05:56:10 +0300] "GET /wp-content/uploads/2016/04/DSC02579.jpg HTTP/1.1" 301 795 "-" "Googlebot-Image/1.0"
66.249.70.170 - - [13/Sep/2026:05:57:30 +0300] "GET /wp-content/uploads/2015/10/DSC02213.jpg HTTP/1.1" 301 795 "-" "Googlebot-Image/1.0"
66.249.70.170 - - [13/Sep/2026:06:00:29 +0300] "GET /wp-content/uploads/2018/03/Ekran-Resmi-2018-03-25-18.58.25.jpg HTTP/1.1" 301 795 "-" "Googlebot-Image/1.0"
66.249.70.170 - - [13/Sep/2026:06:01:10 +0300] "GET /wp-content/uploads/2018/03/Hz.-Ebu-Bekir-6.jpg HTTP/1.1" 301 795 "-" "Googlebot-Image/1.0"
66.249.70.170 - - [13/Sep/2026:06:05:50 +0300] "GET /wp-content/uploads/2016/10/IMG_3866.jpg HTTP/1.1" 301 795 "-" "Googlebot-Image/1.0"
66.249.70.170 - - [13/Sep/2026:06:15:29 +0300] "GET /wp-content/uploads/2016/10/DSC03064.jpg HTTP/1.1" 301 795 "-" "Googlebot-Image/1.0"
64.185.225.2 - - [13/Sep/2026:06:16:37 +0300] "GET /app-ads.txt HTTP/1.1" 301 795 "-" "prebotv3/0.1 ads-supply-chain-analyzer"
66.249.70.170 - - [13/Sep/2026:06:18:32 +0300] "GET /wp-content/uploads/2017/01/IMG_2989.jpg HTTP/1.1" 301 795 "-" "Googlebot-Image/1.0"
5.102.169.29 - - [13/Sep/2026:06:23:17 +0300] "GET / HTTP/1.1" 301 795 "-" "Mozilla/5.0 (Windows NT 10.0) AppleWebKit/537.36 (KHTML, like Gecko) Chrome/117.0.0.0 Safari/537.36"
5.102.169.29 - - [13/Sep/2026:06:23:22 +0300] "GET /evliyala_ornek.sql HTTP/1.1" 301 795 "-" "Mozilla/5.0 (Windows NT 10.0) AppleWebKit/537.36 (KHTML, like Gecko) Chrome/117.0.0.0 Safari/537.36"
5.102.169.29 - - [13/Sep/2026:06:23:22 +0300] "GET /?MA HTTP/1.1" 301 795 "-" "Mozilla/5.0 (Windows NT 10.0) AppleWebKit/537.36 (KHTML, like Gecko) Chrome/117.0.0.0 Safari/537.36"
5.102.169.29 - - [13/Sep/2026:06:23:23 +0300] "GET /assets/ HTTP/1.1" 301 795 "-" "Mozilla/5.0 (Windows NT 10.0) AppleWebKit/537.36 (KHTML, like Gecko) Chrome/117.0.0.0 Safari/537.36"
5.102.169.29 - - [13/Sep/2026:06:23:24 +0300] "GET /evliyala_db.sql HTTP/1.1" 301 795 "-" "Mozilla/5.0 (Windows NT 10.0) AppleWebKit/537.36 (KHTML, like Gecko) Chrome/117.0.0.0 Safari/537.36"
5.102.169.29 - - [13/Sep/2026:06:23:24 +0300] "GET /logos.png HTTP/1.1" 301 795 "-" "Mozilla/5.0 (Windows NT 10.0) AppleWebKit/537.36 (KHTML, like Gecko) Chrome/117.0.0.0 Safari/537.36"
5.102.169.29 - - [13/Sep/2026:06:23:24 +0300] "GET /wp-links-opml.php HTTP/1.1" 301 795 "-" "Mozilla/5.0 (Windows NT 10.0) AppleWebKit/537.36 (KHTML, like Gecko) Chrome/117.0.0.0 Safari/537.36"
5.102.169.29 - - [13/Sep/2026:06:23:24 +0300] "GET /wp-comments-post.php HTTP/1.1" 301 795 "-" "Mozilla/5.0 (Windows NT 10.0) AppleWebKit/537.36 (KHTML, like Gecko) Chrome/117.0.0.0 Safari/537.36"
5.102.169.29 - - [13/Sep/2026:06:23:22 +0300] "GET /wp-config-sample.php HTTP/1.1" 301 795 "-" "Mozilla/5.0 (Windows NT 10.0) AppleWebKit/537.36 (KHTML, like Gecko) Chrome/117.0.0.0 Safari/537.36"
5.102.169.29 - - [13/Sep/2026:06:23:22 +0300] "GET /readme.html HTTP/1.1" 301 795 "-" "Mozilla/5.0 (Windows NT 10.0) AppleWebKit/537.36 (KHTML, like Gecko) Chrome/117.0.0.0 Safari/537.36"
5.102.169.29 - - [13/Sep/2026:06:23:22 +0300] "GET /?ND HTTP/1.1" 301 795 "-" "Mozilla/5.0 (Windows NT 10.0) AppleWebKit/537.36 (KHTML, like Gecko) Chrome/117.0.0.0 Safari/537.36"
5.102.169.29 - - [13/Sep/2026:06:23:22 +0300] "GET /wp-load.php HTTP/1.1" 301 795 "-" "Mozilla/5.0 (Windows NT 10.0) AppleWebKit/537.36 (KHTML, like Gecko) Chrome/117.0.0.0 Safari/537.36"
5.102.169.29 - - [13/Sep/2026:06:23:22 +0300] "GET /inc723823index.php HTTP/1.1" 301 795 "-" "Mozilla/5.0 (Windows NT 10.0) AppleWebKit/537.36 (KHTML, like Gecko) Chrome/117.0.0.0 Safari/537.36"
5.102.169.29 - - [13/Sep/2026:06:23:23 +0300] "GET /bcecb/ HTTP/1.1" 301 795 "-" "Mozilla/5.0 (Windows NT 10.0) AppleWebKit/537.36 (KHTML, like Gecko) Chrome/117.0.0.0 Safari/537.36"
5.102.169.29 - - [13/Sep/2026:06:23:23 +0300] "GET /?SA HTTP/1.1" 301 795 "-" "Mozilla/5.0 (Windows NT 10.0) AppleWebKit/537.36 (KHTML, like Gecko) Chrome/117.0.0.0 Safari/537.36"
5.102.169.29 - - [13/Sep/2026:06:23:23 +0300] "GET /lindex.php HTTP/1.1" 301 795 "-" "Mozilla/5.0 (Windows NT 10.0) AppleWebKit/537.36 (KHTML, like Gecko) Chrome/117.0.0.0 Safari/537.36"
5.102.169.29 - - [13/Sep/2026:06:23:23 +0300] "GET /accesson.php HTTP/1.1" 301 795 "-" "Mozilla/5.0 (Windows NT 10.0) AppleWebKit/537.36 (KHTML, like Gecko) Chrome/117.0.0.0 Safari/537.36"
5.102.169.29 - - [13/Sep/2026:06:23:23 +0300] "GET /wp-includes/ HTTP/1.1" 301 795 "-" "Mozilla/5.0 (Windows NT 10.0) AppleWebKit/537.36 (KHTML, like Gecko) Chrome/117.0.0.0 Safari/537.36"
5.102.169.29 - - [13/Sep/2026:06:23:24 +0300] "GET /index.php_sep12 HTTP/1.1" 301 795 "-" "Mozilla/5.0 (Windows NT 10.0) AppleWebKit/537.36 (KHTML, like Gecko) Chrome/117.0.0.0 Safari/537.36"
5.102.169.29 - - [13/Sep/2026:06:23:24 +0300] "GET /wp-admin/ HTTP/1.1" 301 795 "-" "Mozilla/5.0 (Windows NT 10.0) AppleWebKit/537.36 (KHTML, like Gecko) Chrome/117.0.0.0 Safari/537.36"
5.102.169.29 - - [13/Sep/2026:06:23:27 +0300] "GET /ads.txt HTTP/1.1" 301 795 "-" "Mozilla/5.0 (Windows NT 10.0) AppleWebKit/537.36 (KHTML, like Gecko) Chrome/117.0.0.0 Safari/537.36"
5.102.169.29 - - [13/Sep/2026:06:23:27 +0300] "GET /2cfb8c9caa9b.php HTTP/1.1" 301 795 "-" "Mozilla/5.0 (Windows NT 10.0) AppleWebKit/537.36 (KHTML, like Gecko) Chrome/117.0.0.0 Safari/537.36"
5.102.169.29 - - [13/Sep/2026:06:23:27 +0300] "GET /wp-mail.php HTTP/1.1" 301 795 "-" "Mozilla/5.0 (Windows NT 10.0) AppleWebKit/537.36 (KHTML, like Gecko) Chrome/117.0.0.0 Safari/537.36"
5.102.169.29 - - [13/Sep/2026:06:23:27 +0300] "GET /_autoindex/assets/icons/image.svg HTTP/1.1" 301 795 "-" "Mozilla/5.0 (Windows NT 10.0) AppleWebKit/537.36 (KHTML, like Gecko) Chrome/117.0.0.0 Safari/537.36"
5.102.169.29 - - [13/Sep/2026:06:23:27 +0300] "GET /_autoindex/assets/icons/file.svg HTTP/1.1" 301 795 "-" "Mozilla/5.0 (Windows NT 10.0) AppleWebKit/537.36 (KHTML, like Gecko) Chrome/117.0.0.0 Safari/537.36"
5.102.169.29 - - [13/Sep/2026:06:23:28 +0300] "GET /wp-signup.php HTTP/1.1" 301 795 "-" "Mozilla/5.0 (Windows NT 10.0) AppleWebKit/537.36 (KHTML, like Gecko) Chrome/117.0.0.0 Safari/537.36"
5.102.169.29 - - [13/Sep/2026:06:23:29 +0300] "GET /robots.txt HTTP/1.1" 301 795 "-" "Mozilla/5.0 (Windows NT 10.0) AppleWebKit/537.36 (KHTML, like Gecko) Chrome/117.0.0.0 Safari/537.36"
31.145.253.116 - - [13/Sep/2026:06:23:37 +0300] "GET /rss HTTP/1.1" 301 795 "-" "Mozilla/4.0 (compatible; Like Firefox; SismicsReaderBot/1.0;+http://www.sismics.com/reader/)"
34.82.17.33 - - [13/Sep/2026:06:24:10 +0300] "GET /ads.txt HTTP/1.1" 301 795 "-" "Mozilla/5.0 (Windows NT 10.0; Win64; x64; rv:109.0) Gecko/20100101 Firefox/118.0"
5.102.169.29 - - [13/Sep/2026:06:23:24 +0300] "GET /wp-content/ HTTP/1.1" 301 795 "-" "Mozilla/5.0 (Windows NT 10.0) AppleWebKit/537.36 (KHTML, like Gecko) Chrome/117.0.0.0 Safari/537.36"
5.102.169.29 - - [13/Sep/2026:06:23:24 +0300] "GET /wp-settings.php HTTP/1.1" 301 795 "-" "Mozilla/5.0 (Windows NT 10.0) AppleWebKit/537.36 (KHTML, like Gecko) Chrome/117.0.0.0 Safari/537.36"
5.102.169.29 - - [13/Sep/2026:06:23:25 +0300] "GET /license.txt HTTP/1.1" 301 795 "-" "Mozilla/5.0 (Windows NT 10.0) AppleWebKit/537.36 (KHTML, like Gecko) Chrome/117.0.0.0 Safari/537.36"
5.102.169.29 - - [13/Sep/2026:06:23:25 +0300] "GET /_autoindex/assets/icons/file-text.svg HTTP/1.1" 301 795 "-" "Mozilla/5.0 (Windows NT 10.0) AppleWebKit/537.36 (KHTML, like Gecko) Chrome/117.0.0.0 Safari/537.36"
5.102.169.29 - - [13/Sep/2026:06:23:26 +0300] "GET /wp-config.php HTTP/1.1" 301 795 "-" "Mozilla/5.0 (Windows NT 10.0) AppleWebKit/537.36 (KHTML, like Gecko) Chrome/117.0.0.0 Safari/537.36"
5.102.169.29 - - [13/Sep/2026:06:23:26 +0300] "GET /error_log HTTP/1.1" 301 795 "-" "Mozilla/5.0 (Windows NT 10.0) AppleWebKit/537.36 (KHTML, like Gecko) Chrome/117.0.0.0 Safari/537.36"
5.102.169.29 - - [13/Sep/2026:06:23:26 +0300] "GET /wp-blog-header.php HTTP/1.1" 301 795 "-" "Mozilla/5.0 (Windows NT 10.0) AppleWebKit/537.36 (KHTML, like Gecko) Chrome/117.0.0.0 Safari/537.36"
5.102.169.29 - - [13/Sep/2026:06:23:26 +0300] "GET /_autoindex/assets/js/tablesort.js HTTP/1.1" 301 795 "-" "Mozilla/5.0 (Windows NT 10.0) AppleWebKit/537.36 (KHTML, like Gecko) Chrome/117.0.0.0 Safari/537.36"
5.102.169.29 - - [13/Sep/2026:06:23:26 +0300] "GET /_autoindex/assets/js/tablesort.number.js HTTP/1.1" 301 795 "-" "Mozilla/5.0 (Windows NT 10.0) AppleWebKit/537.36 (KHTML, like Gecko) Chrome/117.0.0.0 Safari/537.36"
5.102.169.29 - - [13/Sep/2026:06:23:26 +0300] "GET /_autoindex/assets/css/autoindex.css HTTP/1.1" 301 795 "-" "Mozilla/5.0 (Windows NT 10.0) AppleWebKit/537.36 (KHTML, like Gecko) Chrome/117.0.0.0 Safari/537.36"
5.102.169.29 - - [13/Sep/2026:06:23:26 +0300] "GET /wp-trackback.php HTTP/1.1" 301 795 "-" "Mozilla/5.0 (Windows NT 10.0) AppleWebKit/537.36 (KHTML, like Gecko) Chrome/117.0.0.0 Safari/537.36"
5.102.169.29 - - [13/Sep/2026:06:23:27 +0300] "GET /wp-activate.php HTTP/1.1" 301 795 "-" "Mozilla/5.0 (Windows NT 10.0) AppleWebKit/537.36 (KHTML, like Gecko) Chrome/117.0.0.0 Safari/537.36"
5.102.169.29 - - [13/Sep/2026:06:23:27 +0300] "GET /_autoindex/assets/icons/folder-fill.svg HTTP/1.1" 301 795 "-" "Mozilla/5.0 (Windows NT 10.0) AppleWebKit/537.36 (KHTML, like Gecko) Chrome/117.0.0.0 Safari/537.36"
5.102.169.29 - - [13/Sep/2026:06:23:28 +0300] "GET /xmlrpc.php HTTP/1.1" 301 795 "-" "Mozilla/5.0 (Windows NT 10.0) AppleWebKit/537.36 (KHTML, like Gecko) Chrome/117.0.0.0 Safari/537.36"
5.102.169.29 - - [13/Sep/2026:06:23:29 +0300] "GET /wp-cron.php HTTP/1.1" 301 795 "-" "Mozilla/5.0 (Windows NT 10.0) AppleWebKit/537.36 (KHTML, like Gecko) Chrome/117.0.0.0 Safari/537.36"
5.102.169.29 - - [13/Sep/2026:06:23:29 +0300] "GET /wp-login.php HTTP/1.1" 301 795 "-" "Mozilla/5.0 (Windows NT 10.0) AppleWebKit/537.36 (KHTML, like Gecko) Chrome/117.0.0.0 Safari/537.36"
31.145.253.116 - - [13/Sep/2026:06:23:37 +0300] "GET /rss HTTP/1.1" 301 795 "-" "Mozilla/4.0 (compatible; Like Firefox; SismicsReaderBot/1.0;+http://www.sismics.com/reader/)"
34.82.17.33 - - [13/Sep/2026:06:24:10 +0300] "GET / HTTP/1.1" 301 795 "-" "Mozilla/5.0 (Windows NT 10.0; Win64; x64; rv:109.0) Gecko/20100101 Firefox/118.0"
34.82.17.33 - - [13/Sep/2026:06:24:11 +0300] "GET /.well-known/security.txt HTTP/1.1" 301 795 "-" "Mozilla/5.0 (Windows NT 10.0; Win64; x64; rv:109.0) Gecko/20100101 Firefox/118.0"
136.109.10.64 - - [13/Sep/2026:06:24:15 +0300] "GET /favicon.ico HTTP/1.1" 301 795 "-" "Mozilla/5.0 (Windows NT 10.0; Win64; x64; rv:109.0) Gecko/20100101 Firefox/118.0"
169.58.198.239 - - [13/Sep/2026:06:28:50 +0300] "GET /wp-content/uploads/2026/08/ HTTP/1.1" 301 795 "binance.com" "Mozilla/5.0 (Windows NT 10.0; Win64; x64) AppleWebKit/537.36 (KHTML, like Gecko) Chrome/90.0.4430.85 Safari/537.36"
169.58.198.239 - - [13/Sep/2026:06:28:50 +0300] "GET /wp-content/uploads/ HTTP/1.1" 301 795 "binance.com" "Mozilla/5.0 (Windows NT 10.0; Win64; x64) AppleWebKit/537.36 (KHTML, like Gecko) Chrome/90.0.4430.85 Safari/537.36"
169.58.198.239 - - [13/Sep/2026:06:28:51 +0300] "GET /wp-content/upgrade/ HTTP/1.1" 301 795 "binance.com" "Mozilla/5.0 (Windows NT 10.0; Win64; x64) AppleWebKit/537.36 (KHTML, like Gecko) Chrome/90.0.4430.85 Safari/537.36"
169.58.198.239 - - [13/Sep/2026:06:28:52 +0300] "GET /wp-content/languages/ HTTP/1.1" 301 795 "binance.com" "Mozilla/5.0 (Windows NT 10.0; Win64; x64) AppleWebKit/537.36 (KHTML, like Gecko) Chrome/90.0.4430.85 Safari/537.36"
169.58.198.239 - - [13/Sep/2026:06:28:53 +0300] "GET /wp-content/languages/ HTTP/1.1" 301 795 "binance.com" "Mozilla/5.0 (Windows NT 10.0; Win64; x64) AppleWebKit/537.36 (KHTML, like Gecko) Chrome/90.0.4430.85 Safari/537.36"
169.58.198.239 - - [13/Sep/2026:06:28:55 +0300] "GET /wp-content/languages/admin-tr_TR.l10n.php HTTP/1.1" 301 795 "binance.com" "Mozilla/5.0 (Windows NT 10.0; Win64; x64) AppleWebKit/537.36 (KHTML, like Gecko) Chrome/90.0.4430.85 Safari/537.36"
169.58.198.239 - - [13/Sep/2026:06:28:57 +0300] "GET /wp-content/languages/tr_TR.l10n.php HTTP/1.1" 301 795 "binance.com" "Mozilla/5.0 (Windows NT 10.0; Win64; x64) AppleWebKit/537.36 (KHTML, like Gecko) Chrome/90.0.4430.85 Safari/537.36"
169.58.198.239 - - [13/Sep/2026:06:28:57 +0300] "GET /wp-content/languages/tr_TR.php HTTP/1.1" 301 795 "binance.com" "Mozilla/5.0 (Windows NT 10.0; Win64; x64) AppleWebKit/537.36 (KHTML, like Gecko) Chrome/90.0.4430.85 Safari/537.36"
169.58.198.239 - - [13/Sep/2026:06:28:58 +0300] "GET /wp-admin/includes/ HTTP/1.1" 301 795 "binance.com" "Mozilla/5.0 (Windows NT 10.0; Win64; x64) AppleWebKit/537.36 (KHTML, like Gecko) Chrome/90.0.4430.85 Safari/537.36"
169.58.198.239 - - [13/Sep/2026:06:28:59 +0300] "GET /wp-admin/includes/ HTTP/1.1" 301 795 "binance.com" "Mozilla/5.0 (Windows NT 10.0; Win64; x64) AppleWebKit/537.36 (KHTML, like Gecko) Chrome/90.0.4430.85 Safari/537.36"
169.58.198.239 - - [13/Sep/2026:06:29:00 +0300] "GET /wp-admin/maint/ HTTP/1.1" 301 795 "binance.com" "Mozilla/5.0 (Windows NT 10.0; Win64; x64) AppleWebKit/537.36 (KHTML, like Gecko) Chrome/90.0.4430.85 Safari/537.36"
169.58.198.239 - - [13/Sep/2026:06:29:01 +0300] "GET /wp-admin/maint/ HTTP/1.1" 301 795 "binance.com" "Mozilla/5.0 (Windows NT 10.0; Win64; x64) AppleWebKit/537.36 (KHTML, like Gecko) Chrome/90.0.4430.85 Safari/537.36"
169.58.198.239 - - [13/Sep/2026:06:29:02 +0300] "GET /wp-admin/network/ HTTP/1.1" 301 795 "binance.com" "Mozilla/5.0 (Windows NT 10.0; Win64; x64) AppleWebKit/537.36 (KHTML, like Gecko) Chrome/90.0.4430.85 Safari/537.36"
169.58.198.239 - - [13/Sep/2026:06:29:02 +0300] "GET /wp-admin/user/ HTTP/1.1" 301 795 "binance.com" "Mozilla/5.0 (Windows NT 10.0; Win64; x64) AppleWebKit/537.36 (KHTML, like Gecko) Chrome/90.0.4430.85 Safari/537.36"
169.58.198.239 - - [13/Sep/2026:06:29:03 +0300] "GET /wp-admin/css/ HTTP/1.1" 301 795 "binance.com" "Mozilla/5.0 (Windows NT 10.0; Win64; x64) AppleWebKit/537.36 (KHTML, like Gecko) Chrome/90.0.4430.85 Safari/537.36"
169.58.198.239 - - [13/Sep/2026:06:29:04 +0300] "GET /wp-admin/css/colors/blue/ HTTP/1.1" 301 795 "binance.com" "Mozilla/5.0 (Windows NT 10.0; Win64; x64) AppleWebKit/537.36 (KHTML, like Gecko) Chrome/90.0.4430.85 Safari/537.36"
169.58.198.239 - - [13/Sep/2026:06:29:06 +0300] "GET /wp-admin/css/colors/light/ HTTP/1.1" 301 795 "binance.com" "Mozilla/5.0 (Windows NT 10.0; Win64; x64) AppleWebKit/537.36 (KHTML, like Gecko) Chrome/90.0.4430.85 Safari/537.36"
169.58.198.239 - - [13/Sep/2026:06:29:07 +0300] "GET /wp-admin/css/colors/midnight/ HTTP/1.1" 301 795 "binance.com" "Mozilla/5.0 (Windows NT 10.0; Win64; x64) AppleWebKit/537.36 (KHTML, like Gecko) Chrome/90.0.4430.85 Safari/537.36"
169.58.198.239 - - [13/Sep/2026:06:29:09 +0300] "GET /wp-admin/css/colors/modern/ HTTP/1.1" 301 795 "binance.com" "Mozilla/5.0 (Windows NT 10.0; Win64; x64) AppleWebKit/537.36 (KHTML, like Gecko) Chrome/90.0.4430.85 Safari/537.36"
34.82.17.33 - - [13/Sep/2026:06:24:11 +0300] "GET /security.txt HTTP/1.1" 301 795 "-" "Mozilla/5.0 (Windows NT 10.0; Win64; x64; rv:109.0) Gecko/20100101 Firefox/118.0"
136.109.10.64 - - [13/Sep/2026:06:24:15 +0300] "GET / HTTP/1.1" 301 795 "-" "Mozilla/5.0 (Windows NT 10.0; Win64; x64; rv:109.0) Gecko/20100101 Firefox/118.0"
136.109.10.64 - - [13/Sep/2026:06:24:15 +0300] "GET / HTTP/1.1" 301 795 "-" "Mozilla/5.0 (Windows NT 10.0; Win64; x64; rv:109.0) Gecko/20100101 Firefox/118.0"
136.109.10.64 - - [13/Sep/2026:06:24:15 +0300] "GET /favicon.ico HTTP/1.1" 301 795 "-" "Mozilla/5.0 (Windows NT 10.0; Win64; x64; rv:109.0) Gecko/20100101 Firefox/118.0"
169.58.198.239 - - [13/Sep/2026:06:28:48 +0300] "GET /wp-admin/css/ HTTP/1.1" 301 795 "binance.com" "Mozilla/5.0 (Windows NT 10.0; Win64; x64) AppleWebKit/537.36 (KHTML, like Gecko) Chrome/90.0.4430.85 Safari/537.36"
169.58.198.239 - - [13/Sep/2026:06:28:49 +0300] "GET /wp-content/uploads/2026/09/ HTTP/1.1" 301 795 "binance.com" "Mozilla/5.0 (Windows NT 10.0; Win64; x64) AppleWebKit/537.36 (KHTML, like Gecko) Chrome/90.0.4430.85 Safari/537.36"
169.58.198.239 - - [13/Sep/2026:06:28:54 +0300] "GET /wp-content/languages/admin-network-tr_TR.l10n.php HTTP/1.1" 301 795 "binance.com" "Mozilla/5.0 (Windows NT 10.0; Win64; x64) AppleWebKit/537.36 (KHTML, like Gecko) Chrome/90.0.4430.85 Safari/537.36"
169.58.198.239 - - [13/Sep/2026:06:28:55 +0300] "GET /wp-content/languages/cachef8d277index.php HTTP/1.1" 301 795 "binance.com" "Mozilla/5.0 (Windows NT 10.0; Win64; x64) AppleWebKit/537.36 (KHTML, like Gecko) Chrome/90.0.4430.85 Safari/537.36"
169.58.198.239 - - [13/Sep/2026:06:28:56 +0300] "GET /wp-content/languages/continents-cities-tr_TR.l10n.php HTTP/1.1" 301 795 "binance.com" "Mozilla/5.0 (Windows NT 10.0; Win64; x64) AppleWebKit/537.36 (KHTML, like Gecko) Chrome/90.0.4430.85 Safari/537.36"
169.58.198.239 - - [13/Sep/2026:06:29:04 +0300] "GET /wp-admin/css/colors/ HTTP/1.1" 301 795 "binance.com" "Mozilla/5.0 (Windows NT 10.0; Win64; x64) AppleWebKit/537.36 (KHTML, like Gecko) Chrome/90.0.4430.85 Safari/537.36"
169.58.198.239 - - [13/Sep/2026:06:29:05 +0300] "GET /wp-admin/css/colors/coffee/ HTTP/1.1" 301 795 "binance.com" "Mozilla/5.0 (Windows NT 10.0; Win64; x64) AppleWebKit/537.36 (KHTML, like Gecko) Chrome/90.0.4430.85 Safari/537.36"
169.58.198.239 - - [13/Sep/2026:06:29:05 +0300] "GET /wp-admin/css/colors/ectoplasm/ HTTP/1.1" 301 795 "binance.com" "Mozilla/5.0 (Windows NT 10.0; Win64; x64) AppleWebKit/537.36 (KHTML, like Gecko) Chrome/90.0.4430.85 Safari/537.36"
169.58.198.239 - - [13/Sep/2026:06:29:11 +0300] "GET /wp-admin/css/colors/sunrise/%20 HTTP/1.1" 301 795 "binance.com" "Mozilla/5.0 (Windows NT 10.0; Win64; x64) AppleWebKit/537.36 (KHTML, like Gecko) Chrome/90.0.4430.85 Safari/537.36"
169.58.198.239 - - [13/Sep/2026:06:29:12 +0300] "GET /wp-admin/js/ HTTP/1.1" 301 795 "binance.com" "Mozilla/5.0 (Windows NT 10.0; Win64; x64) AppleWebKit/537.36 (KHTML, like Gecko) Chrome/90.0.4430.85 Safari/537.36"
169.58.198.239 - - [13/Sep/2026:06:29:13 +0300] "GET /wp-admin/js/ HTTP/1.1" 301 795 "binance.com" "Mozilla/5.0 (Windows NT 10.0; Win64; x64) AppleWebKit/537.36 (KHTML, like Gecko) Chrome/90.0.4430.85 Safari/537.36"
169.58.198.239 - - [13/Sep/2026:06:29:17 +0300] "GET /wp-includes/ HTTP/1.1" 301 795 "binance.com" "Mozilla/5.0 (Windows NT 10.0; Win64; x64) AppleWebKit/537.36 (KHTML, like Gecko) Chrome/90.0.4430.85 Safari/537.36"
169.58.198.239 - - [13/Sep/2026:06:29:18 +0300] "GET /wp-includes/ HTTP/1.1" 301 795 "binance.com" "Mozilla/5.0 (Windows NT 10.0; Win64; x64) AppleWebKit/537.36 (KHTML, like Gecko) Chrome/90.0.4430.85 Safari/537.36"
169.58.198.239 - - [13/Sep/2026:06:29:21 +0300] "GET /wp-includes/block-editor.php HTTP/1.1" 301 795 "binance.com" "Mozilla/5.0 (Windows NT 10.0; Win64; x64) AppleWebKit/537.36 (KHTML, like Gecko) Chrome/90.0.4430.85 Safari/537.36"
169.58.198.239 - - [13/Sep/2026:06:29:10 +0300] "GET /wp-admin/css/colors/ocean/ HTTP/1.1" 301 795 "binance.com" "Mozilla/5.0 (Windows NT 10.0; Win64; x64) AppleWebKit/537.36 (KHTML, like Gecko) Chrome/90.0.4430.85 Safari/537.36"
169.58.198.239 - - [13/Sep/2026:06:29:11 +0300] "GET /wp-admin/images/ HTTP/1.1" 301 795 "binance.com" "Mozilla/5.0 (Windows NT 10.0; Win64; x64) AppleWebKit/537.36 (KHTML, like Gecko) Chrome/90.0.4430.85 Safari/537.36"
